CRAN Package Check Results for Package pensim

Last updated on 2015-08-28 08:47:06.

Flavor Version Tinstall Tcheck Ttotal Status Flags
r-devel-linux-x86_64-debian-clang 1.2.9 0.95 53.12 54.07 NOTE
r-devel-linux-x86_64-debian-gcc 1.2.9 1.06 49.62 50.68 NOTE
r-devel-linux-x86_64-fedora-clang 1.2.9 83.78 NOTE
r-devel-linux-x86_64-fedora-gcc 1.2.9 80.35 NOTE
r-devel-osx-x86_64-clang 1.2.9 88.03 OK
r-devel-windows-ix86+x86_64 1.2.9 6.00 125.00 131.00 NOTE
r-patched-linux-x86_64 1.2.9 0.98 53.24 54.22 OK
r-patched-solaris-sparc 1.2.9 727.80 OK
r-patched-solaris-x86 1.2.9 161.20 OK
r-release-linux-x86_64 1.2.9 0.96 53.10 54.05 OK
r-release-osx-x86_64-mavericks 1.2.9 OK
r-release-windows-ix86+x86_64 1.2.9 5.00 124.00 129.00 OK
r-oldrel-windows-ix86+x86_64 1.2.9 7.00 109.00 116.00 OK

Check Details

Version: 1.2.9
Check: R code for possible problems
Result: NOTE
    create.data: no visible global function definition for ‘rexp’
    create.data: no visible global function definition for ‘runif’
    create.data: no visible global function definition for ‘rbinom’
    opt.splitval: no visible global function definition for ‘na.omit’
    opt2D : opt.both: no visible global function definition for ‘optim’
    Undefined global functions or variables:
     na.omit optim rbinom rexp runif
    Consider adding
     importFrom("stats", "na.omit", "optim", "rbinom", "rexp", "runif")
    to your NAMESPACE.
Flavors: r-devel-linux-x86_64-debian-clang, r-devel-linux-x86_64-debian-gcc, r-devel-linux-x86_64-fedora-clang, r-devel-linux-x86_64-fedora-gcc, r-devel-windows-ix86+x86_64