CRAN Package Check Results for Package pensim

Last updated on 2016-09-28 21:48:22.

Flavor Version Tinstall Tcheck Ttotal Status Flags
r-devel-linux-x86_64-debian-clang 1.2.9 2.37 71.01 73.38 NOTE
r-devel-linux-x86_64-debian-gcc 1.2.9 2.42 67.84 70.27 NOTE
r-devel-linux-x86_64-fedora-clang 1.2.9 121.27 NOTE
r-devel-linux-x86_64-fedora-gcc 1.2.9 115.36 NOTE
r-devel-macos-x86_64-clang 1.2.9 88.56 NOTE
r-devel-windows-ix86+x86_64 1.2.9 9.00 158.00 167.00 NOTE
r-patched-linux-x86_64 1.2.9 2.36 67.85 70.21 NOTE
r-patched-solaris-sparc 1.2.9 1019.50 NOTE
r-patched-solaris-x86 1.2.9 210.70 NOTE
r-release-linux-x86_64 1.2.9 2.57 68.84 71.41 NOTE
r-release-osx-x86_64-mavericks 1.2.9 NOTE
r-release-windows-ix86+x86_64 1.2.9 9.00 109.00 118.00 NOTE
r-oldrel-windows-ix86+x86_64 1.2.9 12.00 179.00 191.00 OK

Check Details

Version: 1.2.9
Check: R code for possible problems
Result: NOTE
    create.data: no visible global function definition for ‘rexp’
    create.data: no visible global function definition for ‘runif’
    create.data: no visible global function definition for ‘rbinom’
    opt.splitval: no visible global function definition for ‘na.omit’
    opt2D : opt.both: no visible global function definition for ‘optim’
    Undefined global functions or variables:
     na.omit optim rbinom rexp runif
    Consider adding
     importFrom("stats", "na.omit", "optim", "rbinom", "rexp", "runif")
    to your NAMESPACE file.
Flavors: r-devel-linux-x86_64-debian-clang, r-devel-linux-x86_64-debian-gcc, r-devel-linux-x86_64-fedora-clang, r-devel-linux-x86_64-fedora-gcc, r-devel-macos-x86_64-clang, r-devel-windows-ix86+x86_64, r-patched-linux-x86_64, r-patched-solaris-sparc, r-patched-solaris-x86, r-release-linux-x86_64, r-release-osx-x86_64-mavericks, r-release-windows-ix86+x86_64