CRAN Package Check Results for Package pensim

Last updated on 2016-06-26 08:46:42.

Flavor Version Tinstall Tcheck Ttotal Status Flags
r-devel-linux-x86_64-debian-gcc 1.2.9 2.94 75.66 78.60 NOTE
r-devel-linux-x86_64-fedora-clang 1.2.9 123.54 NOTE
r-devel-linux-x86_64-fedora-gcc 1.2.9 112.55 NOTE
r-devel-osx-x86_64-clang 1.2.9 95.07 NOTE
r-devel-windows-ix86+x86_64 1.2.9 10.00 167.00 177.00 NOTE
r-patched-linux-x86_64 1.2.9 3.15 75.47 78.61 NOTE
r-patched-solaris-sparc 1.2.9 1019.50 NOTE
r-release-linux-x86_64 1.2.9 3.08 74.88 77.95 NOTE
r-release-osx-x86_64-mavericks 1.2.9 NOTE
r-release-windows-ix86+x86_64 1.2.9 10.00 119.00 129.00 NOTE
r-oldrel-windows-ix86+x86_64 1.2.9 10.00 181.00 191.00 OK

Check Details

Version: 1.2.9
Check: R code for possible problems
Result: NOTE
    create.data: no visible global function definition for ‘rexp’
    create.data: no visible global function definition for ‘runif’
    create.data: no visible global function definition for ‘rbinom’
    opt.splitval: no visible global function definition for ‘na.omit’
    opt2D : opt.both: no visible global function definition for ‘optim’
    Undefined global functions or variables:
     na.omit optim rbinom rexp runif
    Consider adding
     importFrom("stats", "na.omit", "optim", "rbinom", "rexp", "runif")
    to your NAMESPACE file.
Flavors: r-devel-linux-x86_64-debian-gcc, r-devel-linux-x86_64-fedora-clang, r-devel-linux-x86_64-fedora-gcc, r-devel-osx-x86_64-clang, r-devel-windows-ix86+x86_64, r-patched-linux-x86_64, r-patched-solaris-sparc, r-patched-solaris-x86, r-release-linux-x86_64, r-release-osx-x86_64-mavericks, r-release-windows-ix86+x86_64