CRAN Package Check Results for Package pensim

Last updated on 2016-08-23 22:47:45.

Flavor Version Tinstall Tcheck Ttotal Status Flags
r-devel-linux-x86_64-debian-clang 1.2.9 3.03 76.41 79.44 NOTE
r-devel-linux-x86_64-debian-gcc 1.2.9 2.79 74.95 77.74 NOTE
r-devel-linux-x86_64-fedora-clang 1.2.9 120.68 NOTE
r-devel-linux-x86_64-fedora-gcc 1.2.9 115.12 NOTE
r-devel-osx-x86_64-clang 1.2.9 94.54 NOTE
r-devel-windows-ix86+x86_64 1.2.9 11.00 167.00 178.00 NOTE
r-patched-linux-x86_64 1.2.9 2.79 73.13 75.91 NOTE
r-patched-solaris-sparc 1.2.9 1019.50 NOTE
r-patched-solaris-x86 1.2.9 212.20 NOTE
r-release-linux-x86_64 1.2.9 2.73 72.99 75.73 NOTE
r-release-osx-x86_64-mavericks 1.2.9 NOTE
r-release-windows-ix86+x86_64 1.2.9 11.00 160.00 171.00 NOTE
r-oldrel-windows-ix86+x86_64 1.2.9 12.00 134.00 146.00 OK

Check Details

Version: 1.2.9
Check: R code for possible problems
Result: NOTE
    create.data: no visible global function definition for ‘rexp’
    create.data: no visible global function definition for ‘runif’
    create.data: no visible global function definition for ‘rbinom’
    opt.splitval: no visible global function definition for ‘na.omit’
    opt2D : opt.both: no visible global function definition for ‘optim’
    Undefined global functions or variables:
     na.omit optim rbinom rexp runif
    Consider adding
     importFrom("stats", "na.omit", "optim", "rbinom", "rexp", "runif")
    to your NAMESPACE file.
Flavors: r-devel-linux-x86_64-debian-clang, r-devel-linux-x86_64-debian-gcc, r-devel-linux-x86_64-fedora-clang, r-devel-linux-x86_64-fedora-gcc, r-devel-osx-x86_64-clang, r-devel-windows-ix86+x86_64, r-patched-linux-x86_64, r-patched-solaris-sparc, r-patched-solaris-x86, r-release-linux-x86_64, r-release-osx-x86_64-mavericks, r-release-windows-ix86+x86_64