CRAN Package Check Results for Package pensim

Last updated on 2018-05-22 05:49:36 CEST.

Flavor Version Tinstall Tcheck Ttotal Status Flags
r-devel-linux-x86_64-debian-clang 1.2.9 5.21 92.19 97.40 NOTE
r-devel-linux-x86_64-debian-gcc 1.2.9 3.97 79.65 83.62 NOTE
r-devel-linux-x86_64-fedora-clang 1.2.9 133.37 NOTE
r-devel-linux-x86_64-fedora-gcc 1.2.9 128.26 NOTE
r-devel-windows-ix86+x86_64 1.2.9 9.00 136.00 145.00 NOTE
r-patched-linux-x86_64 1.2.9 4.55 90.68 95.23 NOTE
r-patched-solaris-x86 1.2.9 238.70 NOTE
r-release-linux-x86_64 1.2.9 4.94 89.99 94.93 NOTE
r-release-windows-ix86+x86_64 1.2.9 12.00 171.00 183.00 NOTE
r-release-osx-x86_64 1.2.9 NOTE
r-oldrel-windows-ix86+x86_64 1.2.9 12.00 130.00 142.00 NOTE
r-oldrel-osx-x86_64 1.2.9 NOTE

Check Details

Version: 1.2.9
Check: R code for possible problems
Result: NOTE
    create.data: no visible global function definition for ‘rexp’
    create.data: no visible global function definition for ‘runif’
    create.data: no visible global function definition for ‘rbinom’
    opt.splitval: no visible global function definition for ‘na.omit’
    opt2D : opt.both: no visible global function definition for ‘optim’
    Undefined global functions or variables:
     na.omit optim rbinom rexp runif
    Consider adding
     importFrom("stats", "na.omit", "optim", "rbinom", "rexp", "runif")
    to your NAMESPACE file.
Flavors: r-devel-linux-x86_64-debian-clang, r-devel-linux-x86_64-debian-gcc, r-devel-linux-x86_64-fedora-clang, r-devel-linux-x86_64-fedora-gcc, r-devel-windows-ix86+x86_64, r-patched-linux-x86_64, r-patched-solaris-x86, r-release-linux-x86_64, r-release-windows-ix86+x86_64, r-release-osx-x86_64, r-oldrel-windows-ix86+x86_64, r-oldrel-osx-x86_64