CRAN Package Check Results for Package pensim

Last updated on 2017-12-16 07:47:33 CET.

Flavor Version Tinstall Tcheck Ttotal Status Flags
r-devel-linux-x86_64-debian-clang 1.2.9 3.44 88.44 91.88 NOTE
r-devel-linux-x86_64-debian-gcc 1.2.9 2.96 69.77 72.73 NOTE
r-devel-linux-x86_64-fedora-clang 1.2.9 118.58 NOTE
r-devel-linux-x86_64-fedora-gcc 1.2.9 116.98 NOTE
r-devel-windows-ix86+x86_64 1.2.9 7.00 181.00 188.00 NOTE
r-patched-linux-x86_64 1.2.9 4.30 95.28 99.58 NOTE
r-patched-solaris-x86 1.2.9 241.50 NOTE
r-release-linux-x86_64 1.2.9 4.01 96.71 100.72 NOTE
r-release-windows-ix86+x86_64 1.2.9 8.00 190.00 198.00 NOTE
r-release-osx-x86_64 1.2.9 NOTE
r-oldrel-windows-ix86+x86_64 1.2.9 9.00 152.00 161.00 NOTE
r-oldrel-osx-x86_64 1.2.9 NOTE

Check Details

Version: 1.2.9
Check: R code for possible problems
Result: NOTE
    create.data: no visible global function definition for ‘rexp’
    create.data: no visible global function definition for ‘runif’
    create.data: no visible global function definition for ‘rbinom’
    opt.splitval: no visible global function definition for ‘na.omit’
    opt2D : opt.both: no visible global function definition for ‘optim’
    Undefined global functions or variables:
     na.omit optim rbinom rexp runif
    Consider adding
     importFrom("stats", "na.omit", "optim", "rbinom", "rexp", "runif")
    to your NAMESPACE file.
Flavors: r-devel-linux-x86_64-debian-clang, r-devel-linux-x86_64-debian-gcc, r-devel-linux-x86_64-fedora-clang, r-devel-linux-x86_64-fedora-gcc, r-devel-windows-ix86+x86_64, r-patched-linux-x86_64, r-patched-solaris-x86, r-release-linux-x86_64, r-release-windows-ix86+x86_64, r-release-osx-x86_64, r-oldrel-windows-ix86+x86_64, r-oldrel-osx-x86_64