CRAN Package Check Results for Package pensim

Last updated on 2015-07-31 18:48:28.

Flavor Version Tinstall Tcheck Ttotal Status Flags
r-devel-linux-x86_64-debian-clang 1.2.9 0.98 54.42 55.40 NOTE
r-devel-linux-x86_64-debian-gcc 1.2.9 1.29 52.74 54.02 NOTE
r-devel-linux-x86_64-fedora-clang 1.2.9 87.08 NOTE
r-devel-linux-x86_64-fedora-gcc 1.2.9 82.87 NOTE
r-devel-osx-x86_64-clang 1.2.9 92.87 OK
r-devel-windows-ix86+x86_64 1.2.9 5.00 101.00 106.00 NOTE
r-patched-linux-x86_64 1.2.9 0.98 52.98 53.95 OK
r-patched-solaris-sparc 1.2.9 727.80 OK
r-patched-solaris-x86 1.2.9 156.30 OK
r-release-linux-x86_64 1.2.9 0.96 53.31 54.26 OK
r-release-osx-x86_64-mavericks 1.2.9 OK
r-release-windows-ix86+x86_64 1.2.9 5.00 114.00 119.00 OK
r-oldrel-windows-ix86+x86_64 1.2.9 5.00 140.00 145.00 OK

Check Details

Version: 1.2.9
Check: R code for possible problems
Result: NOTE
    create.data: no visible global function definition for ‘rexp’
    create.data: no visible global function definition for ‘runif’
    create.data: no visible global function definition for ‘rbinom’
    opt.splitval: no visible global function definition for ‘na.omit’
    opt2D : opt.both: no visible global function definition for ‘optim’
    Undefined global functions or variables:
     na.omit optim rbinom rexp runif
    Consider adding
     importFrom("stats", "na.omit", "optim", "rbinom", "rexp", "runif")
    to your NAMESPACE.
Flavors: r-devel-linux-x86_64-debian-clang, r-devel-linux-x86_64-debian-gcc, r-devel-linux-x86_64-fedora-clang, r-devel-linux-x86_64-fedora-gcc, r-devel-windows-ix86+x86_64