CRAN Package Check Results for Package pensim

Last updated on 2017-06-25 16:52:11.

Flavor Version Tinstall Tcheck Ttotal Status Flags
r-devel-linux-x86_64-debian-clang 1.2.9 2.80 73.44 76.24 NOTE
r-devel-linux-x86_64-debian-gcc 1.2.9 2.90 72.91 75.81 NOTE
r-devel-linux-x86_64-fedora-clang 1.2.9 134.22 NOTE
r-devel-linux-x86_64-fedora-gcc 1.2.9 142.37 NOTE
r-devel-windows-ix86+x86_64 1.2.9 10.00 125.00 135.00 NOTE
r-patched-linux-x86_64 1.2.9 2.76 73.34 76.10 NOTE
r-patched-solaris-sparc 1.2.9 1123.30 NOTE
r-patched-solaris-x86 1.2.9 244.30 NOTE
r-release-linux-x86_64 1.2.9 2.77 73.69 76.47 NOTE
r-release-windows-ix86+x86_64 1.2.9 10.00 175.00 185.00 NOTE
r-release-osx-x86_64 1.2.9 NOTE
r-oldrel-windows-ix86+x86_64 1.2.9 7.00 148.00 155.00 NOTE
r-oldrel-osx-x86_64 1.2.9 NOTE

Check Details

Version: 1.2.9
Check: R code for possible problems
Result: NOTE
    create.data: no visible global function definition for ‘rexp’
    create.data: no visible global function definition for ‘runif’
    create.data: no visible global function definition for ‘rbinom’
    opt.splitval: no visible global function definition for ‘na.omit’
    opt2D : opt.both: no visible global function definition for ‘optim’
    Undefined global functions or variables:
     na.omit optim rbinom rexp runif
    Consider adding
     importFrom("stats", "na.omit", "optim", "rbinom", "rexp", "runif")
    to your NAMESPACE file.
Flavors: r-devel-linux-x86_64-debian-clang, r-devel-linux-x86_64-debian-gcc, r-devel-linux-x86_64-fedora-clang, r-devel-linux-x86_64-fedora-gcc, r-devel-windows-ix86+x86_64, r-patched-linux-x86_64, r-patched-solaris-sparc, r-patched-solaris-x86, r-release-linux-x86_64, r-release-windows-ix86+x86_64, r-release-osx-x86_64, r-oldrel-windows-ix86+x86_64, r-oldrel-osx-x86_64