CRAN Package Check Results for Package pensim

Last updated on 2016-12-04 08:47:07.

Flavor Version Tinstall Tcheck Ttotal Status Flags
r-devel-linux-x86_64-debian-clang 1.2.9 2.74 78.21 80.95 NOTE
r-devel-linux-x86_64-debian-gcc 1.2.9 2.50 75.35 77.85 NOTE
r-devel-linux-x86_64-fedora-clang 1.2.9 136.38 NOTE --no-stop-on-test-error
r-devel-linux-x86_64-fedora-gcc 1.2.9 134.17 NOTE
r-devel-macos-x86_64-clang 1.2.9 101.00 NOTE
r-devel-windows-ix86+x86_64 1.2.9 7.00 193.00 200.00 NOTE
r-patched-linux-x86_64 1.2.9 2.74 68.13 70.87 NOTE
r-patched-solaris-sparc 1.2.9 1019.50 NOTE
r-patched-solaris-x86 1.2.9 210.80 NOTE
r-release-linux-x86_64 1.2.9 2.72 66.91 69.63 NOTE
r-release-osx-x86_64-mavericks 1.2.9 NOTE
r-release-windows-ix86+x86_64 1.2.9 9.00 126.00 135.00 NOTE
r-oldrel-windows-ix86+x86_64 1.2.9 9.00 180.00 189.00 OK

Check Details

Version: 1.2.9
Check: R code for possible problems
Result: NOTE
    create.data: no visible global function definition for ‘rexp’
    create.data: no visible global function definition for ‘runif’
    create.data: no visible global function definition for ‘rbinom’
    opt.splitval: no visible global function definition for ‘na.omit’
    opt2D : opt.both: no visible global function definition for ‘optim’
    Undefined global functions or variables:
     na.omit optim rbinom rexp runif
    Consider adding
     importFrom("stats", "na.omit", "optim", "rbinom", "rexp", "runif")
    to your NAMESPACE file.
Flavors: r-devel-linux-x86_64-debian-clang, r-devel-linux-x86_64-debian-gcc, r-devel-linux-x86_64-fedora-gcc, r-devel-macos-x86_64-clang, r-devel-windows-ix86+x86_64, r-patched-linux-x86_64, r-patched-solaris-sparc, r-patched-solaris-x86, r-release-linux-x86_64, r-release-osx-x86_64-mavericks, r-release-windows-ix86+x86_64

Version: 1.2.9
Flags: --no-stop-on-test-error
Check: R code for possible problems
Result: NOTE
    create.data: no visible global function definition for ‘rexp’
    create.data: no visible global function definition for ‘runif’
    create.data: no visible global function definition for ‘rbinom’
    opt.splitval: no visible global function definition for ‘na.omit’
    opt2D : opt.both: no visible global function definition for ‘optim’
    Undefined global functions or variables:
     na.omit optim rbinom rexp runif
    Consider adding
     importFrom("stats", "na.omit", "optim", "rbinom", "rexp", "runif")
    to your NAMESPACE file.
Flavor: r-devel-linux-x86_64-fedora-clang