CRAN Package Check Results for Package pensim

Last updated on 2017-04-28 17:47:50.

Flavor Version Tinstall Tcheck Ttotal Status Flags
r-devel-linux-x86_64-debian-clang 1.2.9 2.69 74.61 77.31 NOTE
r-devel-linux-x86_64-debian-gcc 1.2.9 2.91 73.16 76.07 NOTE
r-devel-linux-x86_64-fedora-clang 1.2.9 150.96 NOTE --no-stop-on-test-error
r-devel-linux-x86_64-fedora-gcc 1.2.9 130.00 NOTE --no-stop-on-test-error
r-devel-windows-ix86+x86_64 1.2.9 9.00 177.00 186.00 NOTE
r-patched-linux-x86_64 1.2.9 2.74 73.30 76.04 NOTE
r-patched-solaris-sparc 1.2.9 1123.30 NOTE
r-patched-solaris-x86 1.2.9 236.10 NOTE
r-release-linux-x86_64 1.2.9 2.77 73.39 76.16 NOTE
r-release-windows-ix86+x86_64 1.2.9 10.00 171.00 181.00 NOTE
r-release-osx-x86_64 1.2.9 NOTE
r-oldrel-windows-ix86+x86_64 1.2.9 12.00 109.00 121.00 NOTE
r-oldrel-osx-x86_64 1.2.9 NOTE

Check Details

Version: 1.2.9
Check: R code for possible problems
Result: NOTE
    create.data: no visible global function definition for ‘rexp’
    create.data: no visible global function definition for ‘runif’
    create.data: no visible global function definition for ‘rbinom’
    opt.splitval: no visible global function definition for ‘na.omit’
    opt2D : opt.both: no visible global function definition for ‘optim’
    Undefined global functions or variables:
     na.omit optim rbinom rexp runif
    Consider adding
     importFrom("stats", "na.omit", "optim", "rbinom", "rexp", "runif")
    to your NAMESPACE file.
Flavors: r-devel-linux-x86_64-debian-clang, r-devel-linux-x86_64-debian-gcc, r-devel-windows-ix86+x86_64, r-patched-linux-x86_64, r-patched-solaris-sparc, r-patched-solaris-x86, r-release-linux-x86_64, r-release-windows-ix86+x86_64, r-release-osx-x86_64, r-oldrel-windows-ix86+x86_64, r-oldrel-osx-x86_64

Version: 1.2.9
Flags: --no-stop-on-test-error
Check: R code for possible problems
Result: NOTE
    create.data: no visible global function definition for ‘rexp’
    create.data: no visible global function definition for ‘runif’
    create.data: no visible global function definition for ‘rbinom’
    opt.splitval: no visible global function definition for ‘na.omit’
    opt2D : opt.both: no visible global function definition for ‘optim’
    Undefined global functions or variables:
     na.omit optim rbinom rexp runif
    Consider adding
     importFrom("stats", "na.omit", "optim", "rbinom", "rexp", "runif")
    to your NAMESPACE file.
Flavors: r-devel-linux-x86_64-fedora-clang, r-devel-linux-x86_64-fedora-gcc