CRAN Package Check Results for Package pensim

Last updated on 2016-05-24 07:47:20.

Flavor Version Tinstall Tcheck Ttotal Status Flags
r-devel-linux-x86_64-debian-gcc 1.2.9 2.70 72.70 75.40 NOTE
r-devel-linux-x86_64-fedora-clang 1.2.9 121.31 NOTE
r-devel-linux-x86_64-fedora-gcc 1.2.9 114.30 NOTE
r-devel-osx-x86_64-clang 1.2.9 160.24 NOTE
r-devel-windows-ix86+x86_64 1.2.9 7.00 178.00 185.00 NOTE
r-patched-linux-x86_64 1.2.9 3.10 71.66 74.76 NOTE
r-patched-solaris-sparc 1.2.9 1008.80 NOTE
r-patched-solaris-x86 1.2.9 212.90 NOTE
r-release-linux-x86_64 1.2.9 2.86 72.14 74.99 NOTE
r-release-osx-x86_64-mavericks 1.2.9 NOTE
r-release-windows-ix86+x86_64 1.2.9 7.00 178.00 185.00 NOTE
r-oldrel-windows-ix86+x86_64 1.2.9 11.00 144.00 155.00 OK

Check Details

Version: 1.2.9
Check: R code for possible problems
Result: NOTE
    create.data: no visible global function definition for ‘rexp’
    create.data: no visible global function definition for ‘runif’
    create.data: no visible global function definition for ‘rbinom’
    opt.splitval: no visible global function definition for ‘na.omit’
    opt2D : opt.both: no visible global function definition for ‘optim’
    Undefined global functions or variables:
     na.omit optim rbinom rexp runif
    Consider adding
     importFrom("stats", "na.omit", "optim", "rbinom", "rexp", "runif")
    to your NAMESPACE file.
Flavors: r-devel-linux-x86_64-debian-gcc, r-devel-linux-x86_64-fedora-clang, r-devel-linux-x86_64-fedora-gcc, r-devel-osx-x86_64-clang, r-devel-windows-ix86+x86_64, r-patched-linux-x86_64, r-patched-solaris-sparc, r-patched-solaris-x86, r-release-linux-x86_64, r-release-osx-x86_64-mavericks, r-release-windows-ix86+x86_64