CRAN Package Check Results for Package pensim

Last updated on 2017-08-18 02:49:11.

Flavor Version Tinstall Tcheck Ttotal Status Flags
r-devel-linux-x86_64-debian-clang 1.2.9 3.06 74.90 77.96 NOTE
r-devel-linux-x86_64-debian-gcc 1.2.9 2.99 73.51 76.51 NOTE
r-devel-linux-x86_64-fedora-clang 1.2.9 133.36 NOTE
r-devel-linux-x86_64-fedora-gcc 1.2.9 147.51 NOTE
r-devel-windows-ix86+x86_64 1.2.9 8.00 133.00 141.00 NOTE
r-patched-linux-x86_64 1.2.9 2.84 74.28 77.12 NOTE
r-patched-solaris-x86 1.2.9 250.40 NOTE
r-release-linux-x86_64 1.2.9 3.25 75.45 78.69 NOTE
r-release-windows-ix86+x86_64 1.2.9 8.00 120.00 128.00 NOTE
r-release-osx-x86_64 1.2.9 NOTE
r-oldrel-windows-ix86+x86_64 1.2.9 7.00 125.00 132.00 NOTE
r-oldrel-osx-x86_64 1.2.9 NOTE

Check Details

Version: 1.2.9
Check: R code for possible problems
Result: NOTE
    create.data: no visible global function definition for ‘rexp’
    create.data: no visible global function definition for ‘runif’
    create.data: no visible global function definition for ‘rbinom’
    opt.splitval: no visible global function definition for ‘na.omit’
    opt2D : opt.both: no visible global function definition for ‘optim’
    Undefined global functions or variables:
     na.omit optim rbinom rexp runif
    Consider adding
     importFrom("stats", "na.omit", "optim", "rbinom", "rexp", "runif")
    to your NAMESPACE file.
Flavors: r-devel-linux-x86_64-debian-clang, r-devel-linux-x86_64-debian-gcc, r-devel-linux-x86_64-fedora-clang, r-devel-linux-x86_64-fedora-gcc, r-devel-windows-ix86+x86_64, r-patched-linux-x86_64, r-patched-solaris-x86, r-release-linux-x86_64, r-release-windows-ix86+x86_64, r-release-osx-x86_64, r-oldrel-windows-ix86+x86_64, r-oldrel-osx-x86_64