CRAN Package Check Results for Package pensim

Last updated on 2014-04-24 07:52:33.

Flavor Version Tinstall Tcheck Ttotal Status Flags
r-devel-linux-x86_64-debian-clang 1.2.9 1.16 61.05 62.22 OK
r-devel-linux-x86_64-debian-gcc 1.2.9 1.15 63.92 65.07 OK
r-devel-linux-x86_64-fedora-clang 1.2.9 104.89 OK
r-devel-linux-x86_64-fedora-gcc 1.2.9 104.54 OK
r-devel-osx-x86_64-clang 1.2.9 106.83 OK
r-devel-osx-x86_64-gcc 1.2.9 OK
r-devel-windows-ix86+x86_64 1.2.9 4.00 87.00 91.00 OK
r-patched-linux-x86_64 1.2.9 1.14 62.07 63.21 OK
r-patched-solaris-sparc 1.2.9 723.50 OK
r-patched-solaris-x86 1.2.9 163.90 OK
r-release-linux-ix86 1.2.9 2.00 98.00 100.00 OK
r-release-linux-x86_64 1.2.9 1.28 61.52 62.80 OK
r-release-osx-x86_64-mavericks 1.2.9 WARN
r-release-osx-x86_64-snowleopard 1.2.9 OK
r-release-windows-ix86+x86_64 1.2.9 4.00 91.00 95.00 OK
r-oldrel-windows-ix86+x86_64 1.2.9 4.00 92.00 96.00 OK

Check Details

Version: 1.2.9
Check: PDF version of manual
Result: WARNING
    LaTeX errors when creating PDF version.
    This typically indicates Rd problems.
    LaTeX errors found:
    ! LaTeX Error: File `upquote.sty' not found.
    
    Type X to quit or <RETURN> to proceed,
    or enter new name. (Default extension: sty)
    
    4633263/Rd2.tex:8: ==> Fatal error occurred, no output PDF file produced!
Flavor: r-release-osx-x86_64-mavericks