CRAN Package Check Results for Package pensim

Last updated on 2016-02-13 11:54:30.

Flavor Version Tinstall Tcheck Ttotal Status Flags
r-devel-linux-x86_64-debian-gcc 1.2.9 0.90 45.52 46.42 NOTE
r-devel-linux-x86_64-fedora-clang 1.2.9 71.32 NOTE
r-devel-linux-x86_64-fedora-gcc 1.2.9 67.77 NOTE
r-devel-osx-x86_64-clang 1.2.9 94.30 NOTE
r-devel-windows-ix86+x86_64 1.2.9 6.00 99.00 105.00 NOTE
r-patched-linux-x86_64 1.2.9 1.03 53.92 54.95 OK
r-patched-solaris-sparc 1.2.9 705.40 OK
r-patched-solaris-x86 1.2.9 157.90 OK
r-release-linux-x86_64 1.2.9 1.07 53.96 55.03 OK
r-release-osx-x86_64-mavericks 1.2.9 OK
r-release-windows-ix86+x86_64 1.2.9 5.00 120.00 125.00 OK
r-oldrel-windows-ix86+x86_64 1.2.9 7.00 110.00 117.00 OK

Check Details

Version: 1.2.9
Check: R code for possible problems
Result: NOTE
    create.data: no visible global function definition for ‘rexp’
    create.data: no visible global function definition for ‘runif’
    create.data: no visible global function definition for ‘rbinom’
    opt.splitval: no visible global function definition for ‘na.omit’
    opt2D : opt.both: no visible global function definition for ‘optim’
    Undefined global functions or variables:
     na.omit optim rbinom rexp runif
    Consider adding
     importFrom("stats", "na.omit", "optim", "rbinom", "rexp", "runif")
    to your NAMESPACE file.
Flavors: r-devel-linux-x86_64-debian-gcc, r-devel-linux-x86_64-fedora-clang, r-devel-linux-x86_64-fedora-gcc, r-devel-osx-x86_64-clang, r-devel-windows-ix86+x86_64