CRAN Package Check Results for Package pensim

Last updated on 2017-01-22 17:47:28.

Flavor Version Tinstall Tcheck Ttotal Status Flags
r-devel-linux-x86_64-debian-clang 1.2.9 2.67 75.74 78.41 NOTE
r-devel-linux-x86_64-debian-gcc 1.2.9 2.66 76.54 79.20 NOTE
r-devel-linux-x86_64-fedora-clang 1.2.9 123.52 NOTE --no-stop-on-test-error
r-devel-linux-x86_64-fedora-gcc 1.2.9 128.95 NOTE --no-stop-on-test-error
r-devel-macos-x86_64-clang 1.2.9 100.10 NOTE --no-stop-on-test-error
r-devel-windows-ix86+x86_64 1.2.9 6.00 144.00 150.00 NOTE
r-patched-linux-x86_64 1.2.9 2.73 68.27 71.00 NOTE
r-patched-solaris-sparc 1.2.9 1004.60 NOTE
r-patched-solaris-x86 1.2.9 209.20 NOTE
r-release-linux-x86_64 1.2.9 2.83 66.90 69.73 NOTE
r-release-osx-x86_64-mavericks 1.2.9 NOTE
r-release-windows-ix86+x86_64 1.2.9 14.00 159.00 173.00 NOTE
r-oldrel-windows-ix86+x86_64 1.2.9 15.00 234.00 249.00 OK

Check Details

Version: 1.2.9
Check: R code for possible problems
Result: NOTE
    create.data: no visible global function definition for ‘rexp’
    create.data: no visible global function definition for ‘runif’
    create.data: no visible global function definition for ‘rbinom’
    opt.splitval: no visible global function definition for ‘na.omit’
    opt2D : opt.both: no visible global function definition for ‘optim’
    Undefined global functions or variables:
     na.omit optim rbinom rexp runif
    Consider adding
     importFrom("stats", "na.omit", "optim", "rbinom", "rexp", "runif")
    to your NAMESPACE file.
Flavors: r-devel-linux-x86_64-debian-clang, r-devel-linux-x86_64-debian-gcc, r-devel-windows-ix86+x86_64, r-patched-linux-x86_64, r-patched-solaris-sparc, r-patched-solaris-x86, r-release-linux-x86_64, r-release-osx-x86_64-mavericks, r-release-windows-ix86+x86_64

Version: 1.2.9
Flags: --no-stop-on-test-error
Check: R code for possible problems
Result: NOTE
    create.data: no visible global function definition for ‘rexp’
    create.data: no visible global function definition for ‘runif’
    create.data: no visible global function definition for ‘rbinom’
    opt.splitval: no visible global function definition for ‘na.omit’
    opt2D : opt.both: no visible global function definition for ‘optim’
    Undefined global functions or variables:
     na.omit optim rbinom rexp runif
    Consider adding
     importFrom("stats", "na.omit", "optim", "rbinom", "rexp", "runif")
    to your NAMESPACE file.
Flavors: r-devel-linux-x86_64-fedora-clang, r-devel-linux-x86_64-fedora-gcc, r-devel-macos-x86_64-clang