CRAN Package Check Results for Package pensim

Last updated on 2016-07-24 06:47:01.

Flavor Version Tinstall Tcheck Ttotal Status Flags
r-devel-linux-x86_64-debian-clang 1.2.9 3.88 87.34 91.22 NOTE
r-devel-linux-x86_64-debian-gcc 1.2.9 3.24 83.87 87.12 NOTE
r-devel-linux-x86_64-fedora-clang 1.2.9 121.40 NOTE
r-devel-linux-x86_64-fedora-gcc 1.2.9 115.96 NOTE
r-devel-osx-x86_64-clang 1.2.9 93.67 NOTE
r-devel-windows-ix86+x86_64 1.2.9 8.00 137.00 145.00 NOTE
r-patched-linux-x86_64 1.2.9 3.37 83.63 87.00 NOTE
r-patched-solaris-sparc 1.2.9 1019.50 NOTE
r-patched-solaris-x86 1.2.9 213.60 NOTE
r-release-linux-x86_64 1.2.9 3.34 83.95 87.29 NOTE
r-release-osx-x86_64-mavericks 1.2.9 NOTE
r-release-windows-ix86+x86_64 1.2.9 8.00 172.00 180.00 NOTE
r-oldrel-windows-ix86+x86_64 1.2.9 10.00 150.00 160.00 OK

Check Details

Version: 1.2.9
Check: R code for possible problems
Result: NOTE
    create.data: no visible global function definition for ‘rexp’
    create.data: no visible global function definition for ‘runif’
    create.data: no visible global function definition for ‘rbinom’
    opt.splitval: no visible global function definition for ‘na.omit’
    opt2D : opt.both: no visible global function definition for ‘optim’
    Undefined global functions or variables:
     na.omit optim rbinom rexp runif
    Consider adding
     importFrom("stats", "na.omit", "optim", "rbinom", "rexp", "runif")
    to your NAMESPACE file.
Flavors: r-devel-linux-x86_64-debian-clang, r-devel-linux-x86_64-debian-gcc, r-devel-linux-x86_64-fedora-clang, r-devel-linux-x86_64-fedora-gcc, r-devel-osx-x86_64-clang, r-devel-windows-ix86+x86_64, r-patched-linux-x86_64, r-patched-solaris-sparc, r-patched-solaris-x86, r-release-linux-x86_64, r-release-osx-x86_64-mavericks, r-release-windows-ix86+x86_64