CRAN Package Check Results for Package peperr

Last updated on 2014-08-02 03:50:58.

Flavor Version Tinstall Tcheck Ttotal Status Flags
r-devel-linux-x86_64-debian-clang 1.1-7 1.15 16.93 18.08 NOTE
r-devel-linux-x86_64-debian-gcc 1.1-7 1.13 17.17 18.30 NOTE
r-devel-linux-x86_64-fedora-clang 1.1-7 40.03 NOTE
r-devel-linux-x86_64-fedora-gcc 1.1-7 35.45 NOTE
r-devel-osx-x86_64-clang 1.1-7 37.54 NOTE
r-devel-windows-ix86+x86_64 1.1-7 6.00 36.00 42.00 NOTE
r-patched-linux-x86_64 1.1-7 1.16 16.94 18.10 NOTE
r-patched-solaris-sparc 1.1-7 219.50 NOTE
r-patched-solaris-x86 1.1-7 47.90 NOTE
r-release-linux-ix86 1.1-7 1.66 23.90 25.56 NOTE
r-release-linux-x86_64 1.1-7 1.23 18.21 19.44 NOTE
r-release-osx-x86_64-mavericks 1.1-7 NOTE
r-release-windows-ix86+x86_64 1.1-7 10.00 41.00 51.00 NOTE
r-oldrel-windows-ix86+x86_64 1.1-7 11.00 46.00 57.00 NOTE

Check Details

Version: 1.1-7
Check: dependencies in R code
Result: NOTE
    'library' or 'require' call to survival which was already attached by Depends.
     Please remove these calls from your code.
    See the information on DESCRIPTION files in the chapter Creating R
    packages of the Writing R Extensions manual.
Flavors: r-devel-linux-x86_64-debian-clang, r-devel-linux-x86_64-debian-gcc, r-devel-linux-x86_64-fedora-clang, r-devel-linux-x86_64-fedora-gcc, r-devel-osx-x86_64-clang, r-devel-windows-ix86+x86_64, r-patched-linux-x86_64, r-patched-solaris-sparc, r-patched-solaris-x86, r-release-linux-ix86, r-release-linux-x86_64, r-release-osx-x86_64-mavericks, r-release-windows-ix86+x86_64, r-oldrel-windows-ix86+x86_64

Version: 1.1-7
Check: top-level files
Result: NOTE
    Non-standard file/directory found at top level:
     changeLog
Flavors: r-devel-linux-x86_64-fedora-clang, r-devel-linux-x86_64-fedora-gcc

Version: 1.1-7
Check: Rd line widths
Result: NOTE
    Rd file 'aggregation.brier.Rd':
     \usage lines wider than 90 characters:
     aggregation.brier(full.data=NULL, response, x, model, cplx=NULL, type=c("apparent", "noinf"),
    
    Rd file 'aggregation.misclass.Rd':
     \usage lines wider than 90 characters:
     aggregation.misclass(full.data=NULL, response, x, model, cplx=NULL, type=c("apparent", "noinf"),
    
    These lines will be truncated in the PDF manual.
Flavors: r-devel-linux-x86_64-fedora-clang, r-devel-linux-x86_64-fedora-gcc