CRAN Package Check Results for Package peperr

Last updated on 2014-09-17 18:46:58.

Flavor Version Tinstall Tcheck Ttotal Status Flags
r-devel-linux-x86_64-debian-clang 1.1-7 1.14 15.34 16.48 NOTE
r-devel-linux-x86_64-debian-gcc 1.1-7 1.14 15.28 16.42 NOTE
r-devel-linux-x86_64-fedora-clang 1.1-7 31.17 NOTE
r-devel-linux-x86_64-fedora-gcc 1.1-7 29.85 NOTE
r-devel-osx-x86_64-clang 1.1-7 32.43 NOTE
r-devel-windows-ix86+x86_64 1.1-7 7.00 30.00 37.00 NOTE
r-patched-linux-x86_64 1.1-7 1.18 17.29 18.47 NOTE
r-patched-solaris-sparc 1.1-7 219.50 NOTE
r-patched-solaris-x86 1.1-7 46.60 NOTE
r-release-linux-ix86 1.1-7 1.68 24.40 26.08 NOTE
r-release-linux-x86_64 1.1-7 1.17 19.02 20.19 NOTE
r-release-osx-x86_64-mavericks 1.1-7 NOTE
r-release-windows-ix86+x86_64 1.1-7 7.00 33.00 40.00 NOTE
r-oldrel-windows-ix86+x86_64 1.1-7 7.00 35.00 42.00 NOTE

Check Details

Version: 1.1-7
Check: top-level files
Result: NOTE
    Non-standard file/directory found at top level:
     ‘changeLog’
Flavors: r-devel-linux-x86_64-debian-clang, r-devel-linux-x86_64-debian-gcc, r-devel-linux-x86_64-fedora-clang, r-devel-linux-x86_64-fedora-gcc, r-release-linux-x86_64

Version: 1.1-7
Check: dependencies in R code
Result: NOTE
    'library' or 'require' call to ‘survival’ which was already attached by Depends.
     Please remove these calls from your code.
    See the information on DESCRIPTION files in the chapter ‘Creating R
    packages’ of the ‘Writing R Extensions’ manual.
Flavors: r-devel-linux-x86_64-debian-clang, r-devel-linux-x86_64-debian-gcc, r-devel-linux-x86_64-fedora-clang, r-devel-linux-x86_64-fedora-gcc, r-devel-osx-x86_64-clang, r-devel-windows-ix86+x86_64, r-patched-linux-x86_64, r-patched-solaris-sparc, r-patched-solaris-x86, r-release-linux-ix86, r-release-linux-x86_64, r-release-osx-x86_64-mavericks, r-release-windows-ix86+x86_64, r-oldrel-windows-ix86+x86_64

Version: 1.1-7
Check: R code for possible problems
Result: NOTE
    complexity.LASSO: no visible global function definition for ‘profL1’
    complexity.ipec.CoxBoost: no visible global function definition for
     ‘CoxBoost’
    complexity.ipec.CoxBoost: no visible global function definition for
     ‘locfit’
    complexity.mincv.CoxBoost: no visible global function definition for
     ‘cv.CoxBoost’
    complexity.ripec.CoxBoost: no visible global function definition for
     ‘CoxBoost’
    complexity.ripec.CoxBoost: no visible global function definition for
     ‘locfit’
    extract: no visible global function definition for ‘findGlobals’
    fit.CoxBoost: no visible global function definition for ‘CoxBoost’
    fit.LASSO: no visible global function definition for ‘penalized’
Flavors: r-devel-linux-x86_64-debian-clang, r-devel-linux-x86_64-debian-gcc, r-devel-linux-x86_64-fedora-clang, r-devel-linux-x86_64-fedora-gcc, r-devel-osx-x86_64-clang, r-devel-windows-ix86+x86_64

Version: 1.1-7
Check: Rd line widths
Result: NOTE
    Rd file 'aggregation.brier.Rd':
     \usage lines wider than 90 characters:
     aggregation.brier(full.data=NULL, response, x, model, cplx=NULL, type=c("apparent", "noinf"),
    
    Rd file 'aggregation.misclass.Rd':
     \usage lines wider than 90 characters:
     aggregation.misclass(full.data=NULL, response, x, model, cplx=NULL, type=c("apparent", "noinf"),
    
    These lines will be truncated in the PDF manual.
Flavors: r-devel-linux-x86_64-debian-clang, r-devel-linux-x86_64-debian-gcc, r-devel-linux-x86_64-fedora-clang, r-devel-linux-x86_64-fedora-gcc, r-release-linux-x86_64