CRAN Package Check Results for Package peperr

Last updated on 2014-07-24 19:49:07.

Flavor Version Tinstall Tcheck Ttotal Status Flags
r-devel-linux-x86_64-debian-clang 1.1-7 1.14 16.98 18.13 NOTE
r-devel-linux-x86_64-debian-gcc 1.1-7 1.14 17.02 18.16 NOTE
r-devel-linux-x86_64-fedora-clang 1.1-7 39.43 NOTE
r-devel-linux-x86_64-fedora-gcc 1.1-7 35.72 NOTE
r-devel-osx-x86_64-clang 1.1-7 37.09 NOTE
r-devel-windows-ix86+x86_64 1.1-7 6.00 31.00 37.00 NOTE
r-patched-linux-x86_64 1.1-7 1.20 17.30 18.51 NOTE
r-patched-solaris-sparc 1.1-7 224.00 NOTE
r-patched-solaris-x86 1.1-7 47.10 NOTE
r-release-linux-ix86 1.1-7 1.66 24.46 26.13 NOTE
r-release-linux-x86_64 1.1-7 1.19 17.28 18.46 NOTE
r-release-osx-x86_64-mavericks 1.1-7 NOTE
r-release-windows-ix86+x86_64 1.1-7 6.00 36.00 42.00 NOTE
r-oldrel-windows-ix86+x86_64 1.1-7 6.00 35.00 41.00 NOTE

Check Details

Version: 1.1-7
Check: dependencies in R code
Result: NOTE
    'library' or 'require' call to ‘survival’ which was already attached by Depends.
     Please remove these calls from your code.
    See the information on DESCRIPTION files in the chapter ‘Creating R
    packages’ of the ‘Writing R Extensions’ manual.
Flavors: r-devel-linux-x86_64-debian-clang, r-devel-linux-x86_64-debian-gcc, r-devel-linux-x86_64-fedora-clang, r-devel-linux-x86_64-fedora-gcc, r-devel-osx-x86_64-clang, r-devel-windows-ix86+x86_64, r-patched-linux-x86_64, r-patched-solaris-sparc, r-patched-solaris-x86, r-release-linux-ix86, r-release-linux-x86_64, r-release-osx-x86_64-mavericks, r-release-windows-ix86+x86_64, r-oldrel-windows-ix86+x86_64

Version: 1.1-7
Check: top-level files
Result: NOTE
    Non-standard file/directory found at top level:
     ‘changeLog’
Flavors: r-devel-linux-x86_64-fedora-clang, r-devel-linux-x86_64-fedora-gcc

Version: 1.1-7
Check: Rd line widths
Result: NOTE
    Rd file 'aggregation.brier.Rd':
     \usage lines wider than 90 characters:
     aggregation.brier(full.data=NULL, response, x, model, cplx=NULL, type=c("apparent", "noinf"),
    
    Rd file 'aggregation.misclass.Rd':
     \usage lines wider than 90 characters:
     aggregation.misclass(full.data=NULL, response, x, model, cplx=NULL, type=c("apparent", "noinf"),
    
    These lines will be truncated in the PDF manual.
Flavors: r-devel-linux-x86_64-fedora-clang, r-devel-linux-x86_64-fedora-gcc