CRAN Package Check Results for Package peperr

Last updated on 2014-04-19 11:48:55.

Flavor Version Tinstall Tcheck Ttotal Status Flags
r-devel-linux-x86_64-debian-clang 1.1-7 1.20 18.01 19.22 NOTE
r-devel-linux-x86_64-debian-gcc 1.1-7 1.26 18.39 19.64 NOTE
r-devel-linux-x86_64-fedora-clang 1.1-7 37.99 NOTE
r-devel-linux-x86_64-fedora-gcc 1.1-7 35.99 NOTE
r-devel-macosx-x86_64-clang 1.1-7 38.54 NOTE
r-devel-macosx-x86_64-gcc 1.1-7 NOTE
r-devel-windows-ix86+x86_64 1.1-7 5.00 30.00 35.00 NOTE
r-patched-linux-x86_64 1.1-7 1.24 18.03 19.28 NOTE
r-patched-solaris-sparc 1.1-7 224.00 NOTE
r-patched-solaris-x86 1.1-7 50.00 NOTE
r-release-linux-ix86 1.1-7 3.00 35.00 38.00 NOTE
r-release-linux-x86_64 1.1-7 1.19 18.18 19.38 NOTE
r-release-windows-ix86+x86_64 1.1-7 8.00 33.00 41.00 NOTE
r-oldrel-windows-ix86+x86_64 1.1-7 6.00 32.00 38.00 NOTE

Check Details

Version: 1.1-7
Check: dependencies in R code
Result: NOTE
    'library' or 'require' call to ‘survival’ which was already attached by Depends.
     Please remove these calls from your code.
    See the information on DESCRIPTION files in the chapter ‘Creating R
    packages’ of the ‘Writing R Extensions’ manual.
Flavors: r-devel-linux-x86_64-debian-clang, r-devel-linux-x86_64-debian-gcc, r-devel-linux-x86_64-fedora-clang, r-devel-linux-x86_64-fedora-gcc, r-devel-macosx-x86_64-clang, r-devel-macosx-x86_64-gcc, r-devel-windows-ix86+x86_64, r-patched-linux-x86_64, r-patched-solaris-sparc, r-patched-solaris-x86, r-release-linux-ix86, r-release-linux-x86_64, r-release-windows-ix86+x86_64, r-oldrel-windows-ix86+x86_64

Version: 1.1-7
Check: top-level files
Result: NOTE
    Non-standard file/directory found at top level:
     ‘changeLog’
Flavors: r-devel-linux-x86_64-fedora-clang, r-devel-linux-x86_64-fedora-gcc

Version: 1.1-7
Check: Rd line widths
Result: NOTE
    Rd file 'aggregation.brier.Rd':
     \usage lines wider than 90 characters:
     aggregation.brier(full.data=NULL, response, x, model, cplx=NULL, type=c("apparent", "noinf"),
    
    Rd file 'aggregation.misclass.Rd':
     \usage lines wider than 90 characters:
     aggregation.misclass(full.data=NULL, response, x, model, cplx=NULL, type=c("apparent", "noinf"),
    
    These lines will be truncated in the PDF manual.
Flavors: r-devel-linux-x86_64-fedora-clang, r-devel-linux-x86_64-fedora-gcc