CRAN Package Check Results for Package peptider

Last updated on 2014-04-24 07:52:33.

Flavor Version Tinstall Tcheck Ttotal Status Flags
r-devel-linux-x86_64-debian-clang 0.1.2 1.22 17.82 19.04 OK
r-devel-linux-x86_64-debian-gcc 0.1.2 1.29 18.69 19.98 OK
r-devel-linux-x86_64-fedora-clang 0.1.2 36.99 OK
r-devel-linux-x86_64-fedora-gcc 0.1.2 36.34 OK
r-devel-osx-x86_64-clang 0.1.2 39.86 OK
r-devel-osx-x86_64-gcc 0.1.2 ERROR
r-devel-windows-ix86+x86_64 0.1.2 4.00 26.00 30.00 OK
r-patched-linux-x86_64 0.1.2 1.24 17.98 19.23 OK
r-patched-solaris-sparc 0.1.2 215.00 OK
r-patched-solaris-x86 0.1.2 50.80 OK
r-release-linux-ix86 0.1.2 2.00 34.00 36.00 OK
r-release-linux-x86_64 0.1.2 1.23 17.49 18.72 OK
r-release-osx-x86_64-mavericks 0.1.2 WARN
r-release-osx-x86_64-snowleopard 0.1.2 OK
r-release-windows-ix86+x86_64 0.1.2 4.00 29.00 33.00 OK
r-oldrel-windows-ix86+x86_64 0.1.2 4.00 28.00 32.00 OK

Check Details

Version: 0.1.2
Check: package dependencies
Result: NOTE
    Package suggested but not available for checking: ‘ggplot2’
Flavor: r-devel-osx-x86_64-gcc

Version: 0.1.2
Check: examples
Result: ERROR
    Running examples in ‘peptider-Ex.R’ failed
    The error most likely occurred in:
    
    > ### Name: detect
    > ### Title: Detection probability in a single library of size N
    > ### Aliases: detect
    >
    > ### ** Examples
    >
    > summary(detect())
     Min. 1st Qu. Median Mean 3rd Qu. Max.
    0.003628 0.093480 0.230300 0.291500 0.426300 0.999600
    >
    > require(ggplot2)
    Loading required package: ggplot2
    Warning in library(package, lib.loc = lib.loc, character.only = TRUE, logical.return = TRUE, :
     there is no package called ‘ggplot2’
    > lib <- libscheme("NNK", 7)
    > qplot(detect(lib, size=10^8), weight=di, geom="histogram", data=lib$data)
    Error: could not find function "qplot"
    Execution halted
Flavor: r-devel-osx-x86_64-gcc

Version: 0.1.2
Check: PDF version of manual
Result: WARNING
    LaTeX errors when creating PDF version.
    This typically indicates Rd problems.
    LaTeX errors found:
    ! LaTeX Error: File `upquote.sty' not found.
    
    Type X to quit or <RETURN> to proceed,
    or enter new name. (Default extension: sty)
    
    /private/tmp/RtmpYwJZLr/Rd2pdf6cc859e887e5/Rd2.tex:8: ==> Fatal error occurred
    , no output PDF file produced!
Flavor: r-release-osx-x86_64-mavericks