CRAN Package Check Results for Package peptider

Last updated on 2015-05-30 15:47:57.

Flavor Version Tinstall Tcheck Ttotal Status Flags
r-devel-linux-x86_64-debian-clang 0.2 1.24 19.93 21.17 OK
r-devel-linux-x86_64-debian-gcc 0.2 1.36 19.02 20.38 OK
r-devel-linux-x86_64-fedora-clang 0.2 42.60 OK
r-devel-linux-x86_64-fedora-gcc 0.2 39.27 OK
r-devel-osx-x86_64-clang 0.2 43.33 OK
r-devel-windows-ix86+x86_64 0.2 4.00 34.00 38.00 OK
r-patched-linux-x86_64 0.2 1.38 19.45 20.83 OK
r-patched-solaris-sparc 0.2 259.30 OK
r-patched-solaris-x86 0.2 60.00 OK
r-release-linux-x86_64 0.2 1.23 19.34 20.57 OK
r-release-osx-x86_64-mavericks 0.2 OK
r-release-osx-x86_64-snowleopard 0.2 ERROR
r-release-windows-ix86+x86_64 0.2 5.00 30.00 35.00 OK
r-oldrel-windows-ix86+x86_64 0.2 8.00 43.00 51.00 OK

Check Details

Version: 0.2
Check: package dependencies
Result: ERROR
    Package required but not available: ‘dplyr’
    
    Package suggested but not available for checking: ‘ggplot2’
    
    See section ‘The DESCRIPTION file’ in the ‘Writing R Extensions’
    manual.
Flavor: r-release-osx-x86_64-snowleopard