CRAN Package Check Results for Package peptider

Last updated on 2015-08-29 00:48:21.

Flavor Version Tinstall Tcheck Ttotal Status Flags
r-devel-linux-x86_64-debian-clang 0.2 1.16 19.08 20.24 NOTE
r-devel-linux-x86_64-debian-gcc 0.2 1.13 18.24 19.37 NOTE
r-devel-linux-x86_64-fedora-clang 0.2 40.13 NOTE
r-devel-linux-x86_64-fedora-gcc 0.2 38.26 NOTE
r-devel-osx-x86_64-clang 0.2 37.21 OK
r-devel-windows-ix86+x86_64 0.2 6.00 38.00 44.00 NOTE
r-patched-linux-x86_64 0.2 1.25 19.42 20.67 OK
r-patched-solaris-sparc 0.2 257.70 OK
r-patched-solaris-x86 0.2 60.50 OK
r-release-linux-x86_64 0.2 1.27 19.44 20.71 OK
r-release-osx-x86_64-mavericks 0.2 OK
r-release-windows-ix86+x86_64 0.2 5.00 33.00 38.00 OK
r-oldrel-windows-ix86+x86_64 0.2 10.00 49.00 59.00 OK

Check Details

Version: 0.2
Check: R code for possible problems
Result: NOTE
    genNeighbors : ctabs: no visible global function definition for ‘xtabs’
    genNeighbors_reduced : ctabs: no visible global function definition for
     ‘xtabs’
    generateCustom: no visible global function definition for ‘read.csv’
    getNeighborOne: no visible global function definition for ‘data’
    getNofNeighbors: no visible global function definition for ‘data’
    getNofNeighbors: no visible binding for global variable ‘BLOSUM80’
    getNofNeighborsOne: no visible global function definition for ‘data’
    scheme: no visible global function definition for ‘data’
    scheme: no visible global function definition for ‘read.csv’
    Undefined global functions or variables:
     BLOSUM80 data read.csv xtabs
    Consider adding
     importFrom("stats", "xtabs")
     importFrom("utils", "data", "read.csv")
    to your NAMESPACE.
Flavors: r-devel-linux-x86_64-debian-clang, r-devel-linux-x86_64-debian-gcc, r-devel-linux-x86_64-fedora-clang, r-devel-linux-x86_64-fedora-gcc, r-devel-windows-ix86+x86_64