CRAN Package Check Results for Package pequod

Last updated on 2014-12-20 17:51:12.

Flavor Version Tinstall Tcheck Ttotal Status Flags
r-devel-linux-x86_64-debian-clang 0.0-3 1.42 23.07 24.49 NOTE
r-devel-linux-x86_64-debian-gcc 0.0-3 1.42 22.67 24.10 NOTE
r-devel-linux-x86_64-fedora-clang 0.0-3 53.11 NOTE
r-devel-linux-x86_64-fedora-gcc 0.0-3 47.80 NOTE
r-devel-osx-x86_64-clang 0.0-3 49.41 NOTE
r-devel-windows-ix86+x86_64 0.0-3 8.00 38.00 46.00 NOTE
r-patched-linux-x86_64 0.0-3 1.55 23.54 25.09 NOTE
r-patched-solaris-sparc 0.0-3 307.10 NOTE
r-patched-solaris-x86 0.0-3 65.00 NOTE
r-release-linux-ix86 0.0-3 1.85 29.15 31.00 NOTE
r-release-linux-x86_64 0.0-3 1.50 24.75 26.26 NOTE
r-release-osx-x86_64-mavericks 0.0-3 NOTE
r-release-osx-x86_64-snowleopard 0.0-3 NOTE
r-release-windows-ix86+x86_64 0.0-3 9.00 41.00 50.00 NOTE
r-oldrel-windows-ix86+x86_64 0.0-3 8.00 40.00 48.00 NOTE

Check Details

Version: 0.0-3
Check: dependencies in R code
Result: NOTE
    Packages in Depends field not imported from:
     ‘car’ ‘ggplot2’
     These packages need to be imported from (in the NAMESPACE file)
     for when this namespace is loaded but not attached.
    See the information on DESCRIPTION files in the chapter ‘Creating R
    packages’ of the ‘Writing R Extensions’ manual.
Flavors: r-devel-linux-x86_64-debian-clang, r-devel-linux-x86_64-debian-gcc, r-devel-linux-x86_64-fedora-clang, r-devel-linux-x86_64-fedora-gcc, r-devel-osx-x86_64-clang, r-devel-windows-ix86+x86_64, r-patched-linux-x86_64, r-patched-solaris-sparc, r-patched-solaris-x86, r-release-linux-ix86, r-release-linux-x86_64, r-release-osx-x86_64-mavericks, r-release-windows-ix86+x86_64, r-oldrel-windows-ix86+x86_64

Version: 0.0-3
Check: R code for possible problems
Result: NOTE
    PlotSlope: no visible global function definition for ‘ggplot’
    PlotSlope: no visible global function definition for ‘aes’
    PlotSlope: no visible binding for global variable ‘yini’
    PlotSlope: no visible global function definition for ‘geom_segment’
    PlotSlope: no visible binding for global variable ‘yend’
    PlotSlope: no visible global function definition for
     ‘scale_x_continuous’
    PlotSlope: no visible global function definition for
     ‘scale_y_continuous’
    PlotSlope: no visible global function definition for ‘geom_point’
    PlotSlope: no visible global function definition for ‘scale_shape’
    summary.lmres: no visible global function definition for ‘vif’
Flavors: r-devel-linux-x86_64-debian-clang, r-devel-linux-x86_64-debian-gcc, r-devel-linux-x86_64-fedora-clang, r-devel-linux-x86_64-fedora-gcc, r-devel-osx-x86_64-clang, r-devel-windows-ix86+x86_64, r-patched-linux-x86_64, r-patched-solaris-sparc, r-patched-solaris-x86, r-release-linux-ix86, r-release-linux-x86_64, r-release-windows-ix86+x86_64

Version: 0.0-3
Check: Rd line widths
Result: NOTE
    Rd file 'PlotSlope.Rd':
     \usage lines wider than 90 characters:
     PlotSlope(object, namemod = "default", namex = "default", namey = "default", limitx = "default", limity = "default")
     \examples lines wider than 100 characters:
     Plot<-PlotSlope(S_slopes, namemod=c("Low truck volume (-1SD), Low number of signals per mile (-1 SD)","Low truck volume (-1SD), ... [TRUNCATED]
    
    Rd file 'lmres.Rd':
     \examples lines wider than 100 characters:
     model2<-lmres(adjdep~adjsimp*adjfatal,residual_centering=TRUE, centered=c("adjsimp", "adjfatal"), data=Ginzberg)
    
    These lines will be truncated in the PDF manual.
Flavors: r-devel-linux-x86_64-debian-clang, r-devel-linux-x86_64-debian-gcc, r-devel-linux-x86_64-fedora-clang, r-devel-linux-x86_64-fedora-gcc, r-patched-linux-x86_64, r-release-linux-x86_64

Version: 0.0-3
Check: Rd \usage sections
Result: NOTE
    S3 methods shown with full name in documentation object 'summary.lmres':
     ‘summary.lmres’
    
    S3 methods shown with full name in documentation object 'summary.simpleSlope':
     ‘summary.simpleSlope’
    
    The \usage entries for S3 methods should use the \method markup and not
    their full name.
    See the chapter ‘Writing R documentation files’ in the ‘Writing R
    Extensions’ manual.
Flavors: r-devel-linux-x86_64-debian-clang, r-devel-linux-x86_64-debian-gcc, r-devel-linux-x86_64-fedora-clang, r-devel-linux-x86_64-fedora-gcc, r-devel-osx-x86_64-clang, r-devel-windows-ix86+x86_64, r-patched-linux-x86_64, r-patched-solaris-sparc, r-patched-solaris-x86, r-release-linux-ix86, r-release-linux-x86_64, r-release-osx-x86_64-mavericks, r-release-osx-x86_64-snowleopard, r-release-windows-ix86+x86_64, r-oldrel-windows-ix86+x86_64

Version: 0.0-3
Check: R code for possible problems
Result: NOTE
    PlotSlope: no visible binding for global variable ‘yini’
    PlotSlope: no visible binding for global variable ‘yend’
Flavors: r-release-osx-x86_64-mavericks, r-release-osx-x86_64-snowleopard, r-oldrel-windows-ix86+x86_64