CRAN Package Check Results for Package pequod

Last updated on 2014-04-20 03:47:33.

Flavor Version Tinstall Tcheck Ttotal Status Flags
r-devel-linux-x86_64-debian-clang 0.0-3 1.65 25.13 26.78 NOTE
r-devel-linux-x86_64-debian-gcc 0.0-3 1.66 25.48 27.13 NOTE
r-devel-linux-x86_64-fedora-clang 0.0-3 55.58 NOTE
r-devel-linux-x86_64-fedora-gcc 0.0-3 50.46 NOTE
r-devel-macosx-x86_64-clang 0.0-3 56.84 NOTE
r-devel-macosx-x86_64-gcc 0.0-3 ERROR
r-devel-windows-ix86+x86_64 0.0-3 7.00 39.00 46.00 NOTE
r-patched-linux-x86_64 0.0-3 1.82 25.09 26.90 NOTE
r-patched-solaris-sparc 0.0-3 293.60 NOTE
r-patched-solaris-x86 0.0-3 67.30 NOTE
r-release-linux-ix86 NOTE
r-release-linux-x86_64 0.0-3 1.63 25.43 27.06 NOTE
r-release-macosx-x86_64 0.0-3 NOTE
r-release-windows-ix86+x86_64 0.0-3 10.00 42.00 52.00 NOTE
r-oldrel-windows-ix86+x86_64 0.0-3 7.00 43.00 50.00 NOTE

Check Details

Version: 0.0-3
Check: dependencies in R code
Result: NOTE
    Packages in Depends field not imported from:
     ‘car’ ‘ggplot2’
     These packages need to be imported from (in the NAMESPACE file)
     for when this namespace is loaded but not attached.
    See the information on DESCRIPTION files in the chapter ‘Creating R
    packages’ of the ‘Writing R Extensions’ manual.
Flavors: r-devel-linux-x86_64-debian-clang, r-devel-linux-x86_64-debian-gcc, r-devel-linux-x86_64-fedora-clang, r-devel-linux-x86_64-fedora-gcc, r-devel-macosx-x86_64-clang, r-devel-windows-ix86+x86_64, r-patched-linux-x86_64, r-patched-solaris-sparc, r-patched-solaris-x86, r-release-linux-ix86, r-release-linux-x86_64, r-release-windows-ix86+x86_64, r-oldrel-windows-ix86+x86_64

Version: 0.0-3
Check: R code for possible problems
Result: NOTE
    PlotSlope: no visible binding for global variable ‘yini’
    PlotSlope: no visible binding for global variable ‘yend’
Flavors: r-devel-linux-x86_64-debian-clang, r-devel-linux-x86_64-debian-gcc, r-devel-linux-x86_64-fedora-clang, r-devel-linux-x86_64-fedora-gcc, r-devel-macosx-x86_64-clang, r-devel-windows-ix86+x86_64, r-patched-linux-x86_64, r-patched-solaris-sparc, r-patched-solaris-x86, r-release-linux-ix86, r-release-linux-x86_64, r-release-macosx-x86_64, r-release-windows-ix86+x86_64, r-oldrel-windows-ix86+x86_64

Version: 0.0-3
Check: Rd \usage sections
Result: NOTE
    S3 methods shown with full name in documentation object 'summary.lmres':
     ‘summary.lmres’
    
    S3 methods shown with full name in documentation object 'summary.simpleSlope':
     ‘summary.simpleSlope’
    
    The \usage entries for S3 methods should use the \method markup and not
    their full name.
    See the chapter ‘Writing R documentation files’ in the ‘Writing R
    Extensions’ manual.
Flavors: r-devel-linux-x86_64-debian-clang, r-devel-linux-x86_64-debian-gcc, r-devel-linux-x86_64-fedora-clang, r-devel-linux-x86_64-fedora-gcc, r-devel-macosx-x86_64-clang, r-devel-windows-ix86+x86_64, r-patched-linux-x86_64, r-patched-solaris-sparc, r-patched-solaris-x86, r-release-linux-ix86, r-release-linux-x86_64, r-release-macosx-x86_64, r-release-windows-ix86+x86_64, r-oldrel-windows-ix86+x86_64

Version: 0.0-3
Check: Rd line widths
Result: NOTE
    Rd file 'PlotSlope.Rd':
     \usage lines wider than 90 characters:
     PlotSlope(object, namemod = "default", namex = "default", namey = "default", limitx = "default", limity = "default")
     \examples lines wider than 100 characters:
     Plot<-PlotSlope(S_slopes, namemod=c("Low truck volume (-1SD), Low number of signals per mile (-1 SD)","Low truck volume (-1SD), ... [TRUNCATED]
    
    Rd file 'lmres.Rd':
     \examples lines wider than 100 characters:
     model2<-lmres(adjdep~adjsimp*adjfatal,residual_centering=TRUE, centered=c("adjsimp", "adjfatal"), data=Ginzberg)
    
    These lines will be truncated in the PDF manual.
Flavors: r-devel-linux-x86_64-fedora-clang, r-devel-linux-x86_64-fedora-gcc

Version: 0.0-3
Check: package dependencies
Result: ERROR
    Packages required but not available: ‘ggplot2’ ‘car’
    
    See the information on DESCRIPTION files in the chapter ‘Creating R
    packages’ of the ‘Writing R Extensions’ manual.
Flavor: r-devel-macosx-x86_64-gcc