CRAN Package Check Results for Package pequod

Last updated on 2015-04-28 03:47:27.

Flavor Version Tinstall Tcheck Ttotal Status Flags
r-devel-linux-x86_64-debian-clang 0.0-3 5.76 38.19 43.94 NOTE
r-devel-linux-x86_64-debian-gcc 0.0-3 4.12 38.09 42.22 NOTE
r-devel-linux-x86_64-fedora-clang 0.0-3 90.84 NOTE
r-devel-linux-x86_64-fedora-gcc 0.0-3 83.62 NOTE
r-devel-osx-x86_64-clang 0.0-3 76.90 NOTE
r-devel-windows-ix86+x86_64 0.0-3 11.00 59.00 70.00 NOTE
r-patched-linux-x86_64 0.0-3 3.66 37.46 41.12 NOTE
r-patched-solaris-sparc 0.0-3 588.60 NOTE
r-patched-solaris-x86 0.0-3 115.10 NOTE
r-release-linux-x86_64 0.0-3 3.63 37.52 41.15 NOTE
r-release-osx-x86_64-mavericks 0.0-3 NOTE
r-release-osx-x86_64-snowleopard 0.0-3 ERROR
r-release-windows-ix86+x86_64 0.0-3 14.00 76.00 90.00 NOTE
r-oldrel-windows-ix86+x86_64 0.0-3 20.00 86.00 106.00 NOTE

Check Details

Version: 0.0-3
Check: DESCRIPTION meta-information
Result: NOTE
    Malformed Description field: should contain one or more complete sentences.
Flavors: r-devel-linux-x86_64-debian-clang, r-devel-linux-x86_64-debian-gcc, r-devel-linux-x86_64-fedora-clang, r-devel-linux-x86_64-fedora-gcc, r-devel-osx-x86_64-clang, r-devel-windows-ix86+x86_64, r-patched-solaris-sparc, r-patched-solaris-x86, r-release-linux-x86_64, r-release-osx-x86_64-mavericks, r-release-windows-ix86+x86_64

Version: 0.0-3
Check: dependencies in R code
Result: NOTE
    Packages in Depends field not imported from:
     ‘car’ ‘ggplot2’
     These packages need to be imported from (in the NAMESPACE file)
     for when this namespace is loaded but not attached.
Flavors: r-devel-linux-x86_64-debian-clang, r-devel-linux-x86_64-debian-gcc, r-devel-linux-x86_64-fedora-clang, r-devel-linux-x86_64-fedora-gcc, r-devel-osx-x86_64-clang, r-devel-windows-ix86+x86_64, r-patched-solaris-sparc, r-patched-solaris-x86, r-release-linux-x86_64, r-release-osx-x86_64-mavericks, r-release-windows-ix86+x86_64, r-oldrel-windows-ix86+x86_64

Version: 0.0-3
Check: S3 generic/method consistency
Result: NOTE
    Found the following apparent S3 methods exported but not registered:
     summary.lmres summary.simpleSlope
    See section ‘Registering S3 methods’ in the ‘Writing R Extensions’
    manual.
Flavors: r-devel-linux-x86_64-debian-clang, r-devel-linux-x86_64-debian-gcc, r-devel-linux-x86_64-fedora-clang, r-devel-linux-x86_64-fedora-gcc, r-devel-osx-x86_64-clang, r-patched-solaris-x86, r-release-linux-x86_64

Version: 0.0-3
Check: R code for possible problems
Result: NOTE
    PlotSlope: no visible global function definition for ‘ggplot’
    PlotSlope: no visible global function definition for ‘aes’
    PlotSlope: no visible binding for global variable ‘yini’
    PlotSlope: no visible global function definition for ‘geom_segment’
    PlotSlope: no visible binding for global variable ‘yend’
    PlotSlope: no visible global function definition for
     ‘scale_x_continuous’
    PlotSlope: no visible global function definition for
     ‘scale_y_continuous’
    PlotSlope: no visible global function definition for ‘geom_point’
    PlotSlope: no visible global function definition for ‘scale_shape’
    summary.lmres: no visible global function definition for ‘vif’
Flavors: r-devel-linux-x86_64-debian-clang, r-devel-linux-x86_64-debian-gcc, r-devel-linux-x86_64-fedora-clang, r-devel-linux-x86_64-fedora-gcc, r-devel-osx-x86_64-clang, r-devel-windows-ix86+x86_64, r-patched-solaris-sparc, r-patched-solaris-x86, r-release-linux-x86_64, r-release-osx-x86_64-mavericks, r-release-windows-ix86+x86_64, r-oldrel-windows-ix86+x86_64

Version: 0.0-3
Check: Rd line widths
Result: NOTE
    Rd file 'PlotSlope.Rd':
     \usage lines wider than 90 characters:
     PlotSlope(object, namemod = "default", namex = "default", namey = "default", limitx = "default", limity = "default")
     \examples lines wider than 100 characters:
     Plot<-PlotSlope(S_slopes, namemod=c("Low truck volume (-1SD), Low number of signals per mile (-1 SD)","Low truck volume (-1SD), ... [TRUNCATED]
    
    Rd file 'lmres.Rd':
     \examples lines wider than 100 characters:
     model2<-lmres(adjdep~adjsimp*adjfatal,residual_centering=TRUE, centered=c("adjsimp", "adjfatal"), data=Ginzberg)
    
    These lines will be truncated in the PDF manual.
Flavors: r-devel-linux-x86_64-debian-clang, r-devel-linux-x86_64-debian-gcc, r-devel-linux-x86_64-fedora-clang, r-devel-linux-x86_64-fedora-gcc, r-release-linux-x86_64

Version: 0.0-3
Check: Rd \usage sections
Result: NOTE
    S3 methods shown with full name in documentation object 'summary.lmres':
     ‘summary.lmres’
    
    S3 methods shown with full name in documentation object 'summary.simpleSlope':
     ‘summary.simpleSlope’
    
    The \usage entries for S3 methods should use the \method markup and not
    their full name.
    See chapter ‘Writing R documentation files’ in the ‘Writing R
    Extensions’ manual.
Flavors: r-devel-linux-x86_64-debian-clang, r-devel-linux-x86_64-debian-gcc, r-devel-linux-x86_64-fedora-clang, r-devel-linux-x86_64-fedora-gcc, r-devel-osx-x86_64-clang, r-devel-windows-ix86+x86_64, r-patched-solaris-sparc, r-patched-solaris-x86, r-release-linux-x86_64, r-release-osx-x86_64-mavericks, r-release-windows-ix86+x86_64, r-oldrel-windows-ix86+x86_64

Version: 0.0-3
Check: package dependencies
Result: ERROR
    Packages required but not available: ‘ggplot2’ ‘car’
    
    See section ‘The DESCRIPTION file’ in the ‘Writing R Extensions’
    manual.
Flavor: r-release-osx-x86_64-snowleopard