CRAN Package Check Results for Package perARMA

Last updated on 2015-07-07 23:47:57.

Flavor Version Tinstall Tcheck Ttotal Status Flags
r-devel-linux-x86_64-debian-clang 1.5 0.94 20.09 21.02 NOTE
r-devel-linux-x86_64-debian-gcc 1.5 0.76 20.36 21.12 NOTE
r-devel-linux-x86_64-fedora-clang 1.5 39.62 NOTE
r-devel-linux-x86_64-fedora-gcc 1.5 37.00 NOTE
r-devel-osx-x86_64-clang 1.5 38.78 OK
r-devel-windows-ix86+x86_64 1.5 4.00 33.00 37.00 NOTE
r-patched-linux-x86_64 1.5 0.80 20.25 21.05 OK
r-patched-solaris-sparc 1.5 261.40 OK
r-patched-solaris-x86 1.5 54.60 OK
r-release-linux-x86_64 1.5 1.08 20.42 21.50 OK
r-release-osx-x86_64-mavericks 1.5 OK
r-release-windows-ix86+x86_64 1.5 4.00 33.00 37.00 OK
r-oldrel-windows-ix86+x86_64 1.5 4.00 34.00 38.00 OK

Check Details

Version: 1.5
Check: R code for possible problems
Result: NOTE
    Bcoeff : Bcoeff_full: no visible global function definition for ‘fft’
    Bcoeff : Bcoeff_full: no visible global function definition for ‘pf’
    Bcoeff: no visible global function definition for ‘modifyList’
    Bcoeffa : Bcoeffa_full: no visible global function definition for ‘fft’
    Bcoeffa : Bcoeffa_full: no visible global function definition for ‘pf’
    Bcoeffa: no visible global function definition for ‘modifyList’
    ab2phth: no visible global function definition for ‘fft’
    acfpacf : acfpacf_full: no visible global function definition for
     ‘qnorm’
    acfpacf : acfpacf_full: no visible global function definition for ‘par’
    acfpacf : acfpacf_full: no visible global function definition for
     ‘plot’
    acfpacf : acfpacf_full: no visible global function definition for
     ‘abline’
    acfpacf : acfpacf_full: no visible global function definition for
     ‘lines’
    acfpacf : acfpacf_full: no visible global function definition for
     ‘title’
    acfpacf: no visible global function definition for ‘modifyList’
    acfpacf.pacf: no visible global function definition for ‘toeplitz’
    makepar: no visible global function definition for ‘rnorm’
    makeparma: no visible global function definition for ‘rnorm’
    nancorr: no visible global function definition for ‘cov’
    parma_ident : parma_ident: no visible global function definition for
     ‘dev.set’
    parma_ident: no visible global function definition for ‘modifyList’
    parmaf : parmaf_full: no visible global function definition for ‘optim’
    parmaf: no visible global function definition for ‘modifyList’
    parmaresid: no visible global function definition for ‘modifyList’
    peracf : peracf_full: no visible global function definition for
     ‘na.omit’
    peracf : peracf_full: no visible global function definition for ‘fix’
    peracf : peracf_full: no visible global function definition for
     ‘dev.set’
    peracf : peracf_full: no visible global function definition for
     ‘matplot’
    peracf : peracf_full: no visible global function definition for
     ‘points’
    peracf : peracf_full: no visible global function definition for
     ‘legend’
    peracf : peracf_full: no visible global function definition for ‘title’
    peracf: no visible global function definition for ‘modifyList’
    permest : permest_full: no visible global function definition for ‘sd’
    permest : permest_full: no visible global function definition for ‘qt’
    permest : permest_full: no visible global function definition for ‘aov’
    permest : permest_full: no visible global function definition for
     ‘matplot’
    permest : permest_full: no visible global function definition for
     ‘points’
    permest : permest_full: no visible global function definition for
     ‘title’
    permest : permest_full: no visible global function definition for
     ‘legend’
    permest: no visible global function definition for ‘modifyList’
    perpacf: no visible global function definition for ‘na.omit’
    persigest : persigest_full: no visible global function definition for
     ‘sd’
    persigest : persigest_full: no visible global function definition for
     ‘qchisq’
    persigest : persigest_full: no visible global function definition for
     ‘bartlett.test’
    persigest : persigest_full: no visible global function definition for
     ‘matplot’
    persigest : persigest_full: no visible global function definition for
     ‘points’
    persigest : persigest_full: no visible global function definition for
     ‘title’
    persigest : persigest_full: no visible global function definition for
     ‘legend’
    persigest: no visible global function definition for ‘modifyList’
    pgram : pgram_full: no visible global function definition for ‘fft’
    pgram : pgram_full: no visible global function definition for ‘qchisq’
    pgram : pgram_full: no visible global function definition for ‘median’
    pgram : pgram_full: no visible global function definition for ‘qf’
    pgram : pgram_full: no visible global function definition for ‘matplot’
    pgram : pgram_full: no visible global function definition for ‘lines’
    pgram : pgram_full: no visible global function definition for ‘title’
    pgram : pgram_full: no visible global function definition for ‘plot’
    pgram : pgram_full: no visible global function definition for ‘pf’
    pgram: no visible global function definition for ‘modifyList’
    phth2ab: no visible global function definition for ‘fft’
    ppfcoeffab: no visible global function definition for ‘pnorm’
    ppfplot: no visible global function definition for ‘qnorm’
    ppfplot: no visible global function definition for ‘dev.set’
    ppfplot: no visible global function definition for ‘matplot’
    ppfplot: no visible global function definition for ‘lines’
    ppfplot: no visible global function definition for ‘par’
    ppfplot: no visible global function definition for ‘legend’
    ppfplot: no visible global function definition for ‘title’
    ppfplot: no visible global function definition for ‘plot’
    ppfplot: no visible global function definition for ‘abline’
    ppfplot: no visible global function definition for ‘pnorm’
    predictperYW : predictperYW_full: no visible global function definition
     for ‘plot’
    predictperYW : predictperYW_full: no visible global function definition
     for ‘lines’
    predictperYW : predictperYW_full: no visible global function definition
     for ‘legend’
    predictperYW : predictperYW_full: no visible global function definition
     for ‘title’
    predictperYW: no visible global function definition for ‘modifyList’
    predictperYW: no visible binding for global variable ‘end’
    predseries : predseries_full: no visible global function definition for
     ‘plot’
    predseries : predseries_full: no visible global function definition for
     ‘lines’
    predseries : predseries_full: no visible global function definition for
     ‘title’
    predseries : predseries_full: no visible global function definition for
     ‘legend’
    predseries: no visible global function definition for ‘modifyList’
    rho.constant.test: no visible global function definition for ‘pchisq’
    rho.zero.test: no visible global function definition for ‘pnorm’
    rhoci: no visible global function definition for ‘qnorm’
    scoh : scoh_full: no visible global function definition for ‘fft’
    scoh : scoh_full: no visible global function definition for ‘image’
    scoh : scoh_full: no visible global function definition for ‘gray’
    scoh : scoh_full: no visible global function definition for ‘axis’
    scoh : scoh_full: no visible global function definition for ‘box’
    scoh : scoh_full: no visible global function definition for ‘title’
    scoh: no visible global function definition for ‘modifyList’
    Undefined global functions or variables:
     abline aov axis bartlett.test box cov dev.set end fft fix gray image
     legend lines matplot median modifyList na.omit optim par pchisq pf
     plot pnorm points qchisq qf qnorm qt rnorm sd title toeplitz
Flavors: r-devel-linux-x86_64-debian-clang, r-devel-linux-x86_64-debian-gcc, r-devel-linux-x86_64-fedora-clang, r-devel-linux-x86_64-fedora-gcc, r-devel-windows-ix86+x86_64