CRAN Package Check Results for Package perARMA

Last updated on 2021-12-03 08:50:30 CET.

Flavor Version Tinstall Tcheck Ttotal Status Flags
r-devel-linux-x86_64-debian-clang 1.6 6.23 49.12 55.35 NOTE
r-devel-linux-x86_64-debian-gcc 1.6 5.63 37.39 43.02 NOTE
r-devel-linux-x86_64-fedora-clang 1.6 78.97 NOTE
r-devel-linux-x86_64-fedora-gcc 1.6 67.24 NOTE
r-devel-windows-x86_64-new-UL 1.6 15.00 83.00 98.00 OK
r-devel-windows-x86_64-new-TK 1.6 OK
r-devel-windows-x86_64-old 1.6 11.00 50.00 61.00 OK
r-patched-linux-x86_64 1.6 6.26 47.97 54.23 NOTE
r-patched-solaris-x86 1.6 90.60 NOTE
r-release-linux-x86_64 1.6 6.51 47.68 54.19 NOTE
r-release-macos-arm64 1.6 OK
r-release-macos-x86_64 1.6 OK
r-release-windows-ix86+x86_64 1.6 12.00 67.00 79.00 OK
r-oldrel-macos-x86_64 1.6 OK
r-oldrel-windows-ix86+x86_64 1.6 12.00 72.00 84.00 OK

Check Details

Version: 1.6
Check: for non-standard things in the check directory
Result: NOTE
    Found the following files/directories:
     'PARMA21del1_ident'
Flavors: r-devel-linux-x86_64-debian-clang, r-devel-linux-x86_64-debian-gcc, r-devel-linux-x86_64-fedora-clang, r-devel-linux-x86_64-fedora-gcc, r-patched-linux-x86_64, r-patched-solaris-x86, r-release-linux-x86_64