CRAN Package Check Results for Package perccalc

Last updated on 2020-08-12 20:47:07 CEST.

Flavor Version Tinstall Tcheck Ttotal Status Flags
r-devel-linux-x86_64-debian-clang 1.0.5 2.93 45.92 48.85 WARN
r-devel-linux-x86_64-debian-gcc 1.0.5 2.19 43.82 46.01 OK
r-devel-linux-x86_64-fedora-clang 1.0.5 79.15 OK
r-devel-linux-x86_64-fedora-gcc 1.0.5 70.11 OK
r-devel-windows-ix86+x86_64 1.0.5 8.00 95.00 103.00 OK
r-patched-linux-x86_64 1.0.5 2.52 55.77 58.29 OK
r-patched-solaris-x86 1.0.5 101.80 OK
r-release-linux-x86_64 1.0.5 2.59 44.84 47.43 WARN
r-release-macos-x86_64 1.0.5 OK
r-release-windows-ix86+x86_64 1.0.5 12.00 87.00 99.00 OK
r-oldrel-macos-x86_64 1.0.5 OK
r-oldrel-windows-ix86+x86_64 1.0.5 5.00 64.00 69.00 OK

Check Details

Version: 1.0.5
Check: package dependencies
Result: NOTE
    Package suggested but not available for checking: 'tidyr'
Flavors: r-devel-linux-x86_64-debian-clang, r-release-linux-x86_64

Version: 1.0.5
Check: re-building of vignette outputs
Result: WARN
    Error(s) in re-building vignettes:
     ...
    --- re-building 'perc_calculator_example.Rmd' using rmarkdown
    
    Attaching package: 'dplyr'
    
    The following objects are masked from 'package:stats':
    
     filter, lag
    
    The following objects are masked from 'package:base':
    
     intersect, setdiff, setequal, union
    
    
    Please cite as:
    
    Cimentada, (2019). perccalc: An R package for estimating percentiles from categorical variables. Journal of Open Source Software, 4(44), 1796, https://doi.org/10.21105/joss.01796
    --- finished re-building 'perc_calculator_example.Rmd'
    
    --- re-building 'perc_warning_example.Rmd' using rmarkdown
    
    Please cite as:
    
    Cimentada, (2019). perccalc: An R package for estimating percentiles from categorical variables. Journal of Open Source Software, 4(44), 1796, https://doi.org/10.21105/joss.01796
    
    Attaching package: 'dplyr'
    
    The following objects are masked from 'package:stats':
    
     filter, lag
    
    The following objects are masked from 'package:base':
    
     intersect, setdiff, setequal, union
    
    --- finished re-building 'perc_warning_example.Rmd'
    
    --- re-building 'pisa_example.Rmd' using rmarkdown
    
    Please cite as:
    
    Cimentada, (2019). perccalc: An R package for estimating percentiles from categorical variables. Journal of Open Source Software, 4(44), 1796, https://doi.org/10.21105/joss.01796
    Quitting from lines 25-29 (pisa_example.Rmd)
    Error: processing vignette 'pisa_example.Rmd' failed with diagnostics:
    there is no package called 'tidyr'
    --- failed re-building 'pisa_example.Rmd'
    
    SUMMARY: processing the following file failed:
     'pisa_example.Rmd'
    
    Error: Vignette re-building failed.
    Execution halted
Flavors: r-devel-linux-x86_64-debian-clang, r-release-linux-x86_64