CRAN Package Check Results for Package percentiles

Last updated on 2021-04-12 23:48:10 CEST.

Flavor Version Tinstall Tcheck Ttotal Status Flags
r-devel-linux-x86_64-debian-clang 0.2.1 4.75 39.80 44.55 ERROR
r-devel-linux-x86_64-debian-gcc 0.2.2 4.07 30.23 34.30 OK
r-devel-linux-x86_64-fedora-clang 0.2.2 62.34 OK
r-devel-linux-x86_64-fedora-gcc 0.2.2 53.69 OK
r-devel-windows-ix86+x86_64 0.2.2 13.00 58.00 71.00 OK
r-devel-windows-x86_64-gcc10-UCRT 0.2.2 OK
r-patched-linux-x86_64 0.2.1 5.37 37.08 42.45 ERROR
r-patched-solaris-x86 0.2.2 76.70 OK
r-release-linux-x86_64 0.2.2 5.25 36.82 42.07 OK
r-release-macos-x86_64 0.2.2 OK
r-release-windows-ix86+x86_64 0.2.2 12.00 50.00 62.00 OK
r-oldrel-macos-x86_64 0.2.2 ERROR

Check Details

Version: 0.2.1
Check: LazyData
Result: NOTE
     'LazyData' is specified without a 'data' directory
Flavor: r-devel-linux-x86_64-debian-clang

Version: 0.2.1
Check: examples
Result: ERROR
    Running examples in 'percentiles-Ex.R' failed
    The error most likely occurred in:
    
    > base::assign(".ptime", proc.time(), pos = "CheckExEnv")
    > ### Name: calculate_stratified_percentiles
    > ### Title: Calculate stratified percentiles
    > ### Aliases: calculate_stratified_percentiles
    >
    > ### ** Examples
    >
    > data <- data.frame('values' = 100:1, 'group' = rep(c('A', 'B', NA, 'D'), 25))
    > calculate_stratified_percentiles(data, 'values', 'group')
    Warning in calculate_stratified_percentiles(data, "values", "group") :
     Some stratification characteristics contain NA values, leading to rows being dropped.
     [1] 100 100 NA 100 96 96 NA 96 92 92 NA 92 88 88 NA 88 84 84
     [19] NA 84 80 80 NA 80 76 76 NA 76 72 72 NA 72 68 68 NA 68
     [37] 64 64 NA 64 60 60 NA 60 56 56 NA 56 52 52 NA 52 48 48
     [55] NA 48 44 44 NA 44 40 40 NA 40 36 36 NA 36 32 32 NA 32
     [73] 28 28 NA 28 24 24 NA 24 20 20 NA 20 16 16 NA 16 12 12
     [91] NA 12 8 8 NA 8 4 4 NA 4
    > calculate_stratified_percentiles(data, 'values', list(group = c('A', 'B', 'D')))
     [1] 100 100 NA 100 96 96 NA 96 92 92 NA 92 88 88 NA 88 84 84
     [19] NA 84 80 80 NA 80 76 76 NA 76 72 72 NA 72 68 68 NA 68
     [37] 64 64 NA 64 60 60 NA 60 56 56 NA 56 52 52 NA 52 48 48
     [55] NA 48 44 44 NA 44 40 40 NA 40 36 36 NA 36 32 32 NA 32
     [73] 28 28 NA 28 24 24 NA 24 20 20 NA 20 16 16 NA 16 12 12
     [91] NA 12 8 8 NA 8 4 4 NA 4
    > calculate_stratified_percentiles(data, 'values', c('group'), use.na = TRUE)
    Error in loadNamespace(x) : there is no package called 'assertthat'
    Calls: calculate_stratified_percentiles ... loadNamespace -> withRestarts -> withOneRestart -> doWithOneRestart
    Execution halted
Flavor: r-devel-linux-x86_64-debian-clang

Version: 0.2.1
Check: examples
Result: ERROR
    Running examples in ‘percentiles-Ex.R’ failed
    The error most likely occurred in:
    
    > base::assign(".ptime", proc.time(), pos = "CheckExEnv")
    > ### Name: calculate_stratified_percentiles
    > ### Title: Calculate stratified percentiles
    > ### Aliases: calculate_stratified_percentiles
    >
    > ### ** Examples
    >
    > data <- data.frame('values' = 100:1, 'group' = rep(c('A', 'B', NA, 'D'), 25))
    > calculate_stratified_percentiles(data, 'values', 'group')
    Warning in calculate_stratified_percentiles(data, "values", "group") :
     Some stratification characteristics contain NA values, leading to rows being dropped.
     [1] 100 100 NA 100 96 96 NA 96 92 92 NA 92 88 88 NA 88 84 84
     [19] NA 84 80 80 NA 80 76 76 NA 76 72 72 NA 72 68 68 NA 68
     [37] 64 64 NA 64 60 60 NA 60 56 56 NA 56 52 52 NA 52 48 48
     [55] NA 48 44 44 NA 44 40 40 NA 40 36 36 NA 36 32 32 NA 32
     [73] 28 28 NA 28 24 24 NA 24 20 20 NA 20 16 16 NA 16 12 12
     [91] NA 12 8 8 NA 8 4 4 NA 4
    > calculate_stratified_percentiles(data, 'values', list(group = c('A', 'B', 'D')))
     [1] 100 100 NA 100 96 96 NA 96 92 92 NA 92 88 88 NA 88 84 84
     [19] NA 84 80 80 NA 80 76 76 NA 76 72 72 NA 72 68 68 NA 68
     [37] 64 64 NA 64 60 60 NA 60 56 56 NA 56 52 52 NA 52 48 48
     [55] NA 48 44 44 NA 44 40 40 NA 40 36 36 NA 36 32 32 NA 32
     [73] 28 28 NA 28 24 24 NA 24 20 20 NA 20 16 16 NA 16 12 12
     [91] NA 12 8 8 NA 8 4 4 NA 4
    > calculate_stratified_percentiles(data, 'values', c('group'), use.na = TRUE)
    Error in loadNamespace(name) : there is no package called ‘assertthat’
    Calls: calculate_stratified_percentiles ... loadNamespace -> withRestarts -> withOneRestart -> doWithOneRestart
    Execution halted
Flavor: r-patched-linux-x86_64

Version: 0.2.2
Check: whether package can be installed
Result: ERROR
    Installation failed.
Flavor: r-oldrel-macos-x86_64