Last updated on 2023-05-28 22:00:18 CEST.
Flavor | Version | Tinstall | Tcheck | Ttotal | Status | Flags |
---|---|---|---|---|---|---|
r-devel-linux-x86_64-debian-clang | 1.1.0 | 7.03 | 53.96 | 60.99 | NOTE | |
r-devel-linux-x86_64-debian-gcc | 1.1.0 | 6.87 | 41.68 | 48.55 | NOTE | |
r-devel-linux-x86_64-fedora-clang | 1.1.0 | 79.96 | NOTE | |||
r-devel-linux-x86_64-fedora-gcc | 1.1.0 | 76.15 | NOTE | |||
r-devel-windows-x86_64 | 1.1.0 | 8.00 | 67.00 | 75.00 | NOTE | |
r-patched-linux-x86_64 | 1.1.0 | 7.12 | 51.75 | 58.87 | NOTE | |
r-release-linux-x86_64 | 1.1.0 | 5.02 | 53.05 | 58.07 | NOTE | |
r-release-macos-arm64 | 1.1.0 | 25.00 | NOTE | |||
r-release-macos-x86_64 | 1.1.0 | 39.00 | NOTE | |||
r-release-windows-x86_64 | 1.1.0 | 10.00 | 78.00 | 88.00 | NOTE | |
r-oldrel-macos-arm64 | 1.1.0 | 22.00 | NOTE | |||
r-oldrel-macos-x86_64 | 1.1.0 | 52.00 | NOTE | |||
r-oldrel-windows-x86_64 | 1.1.0 | 12.00 | 81.00 | 93.00 | NOTE |
Version: 1.1.0
Check: package dependencies
Result: NOTE
Package suggested but not available for checking: ‘DMwR’
Flavors: r-devel-linux-x86_64-debian-clang, r-devel-linux-x86_64-debian-gcc, r-devel-linux-x86_64-fedora-clang, r-devel-linux-x86_64-fedora-gcc, r-devel-windows-x86_64, r-patched-linux-x86_64, r-release-linux-x86_64, r-release-macos-arm64, r-release-macos-x86_64, r-release-windows-x86_64, r-oldrel-macos-arm64, r-oldrel-macos-x86_64, r-oldrel-windows-x86_64
Version: 1.1.0
Check: LazyData
Result: NOTE
'LazyData' is specified without a 'data' directory
Flavors: r-devel-linux-x86_64-debian-clang, r-devel-linux-x86_64-debian-gcc, r-devel-linux-x86_64-fedora-clang, r-devel-linux-x86_64-fedora-gcc, r-devel-windows-x86_64, r-patched-linux-x86_64, r-release-linux-x86_64, r-release-macos-arm64, r-release-macos-x86_64, r-release-windows-x86_64, r-oldrel-macos-arm64, r-oldrel-macos-x86_64, r-oldrel-windows-x86_64