CRAN Package Check Results for Package perm

Last updated on 2015-03-04 00:47:15.

Flavor Version Tinstall Tcheck Ttotal Status Flags
r-devel-linux-x86_64-debian-clang 1.0-0.0 0.67 12.78 13.44 NOTE
r-devel-linux-x86_64-debian-gcc 1.0-0.0 0.58 12.87 13.44 NOTE
r-devel-linux-x86_64-fedora-clang 1.0-0.0 27.16 NOTE
r-devel-linux-x86_64-fedora-gcc 1.0-0.0 24.54 NOTE
r-devel-osx-x86_64-clang 1.0-0.0 28.39 NOTE
r-devel-windows-ix86+x86_64 1.0-0.0 2.00 22.00 24.00 NOTE
r-patched-linux-x86_64 1.0-0.0 0.62 13.98 14.60 NOTE
r-patched-solaris-sparc 1.0-0.0 174.10 OK
r-patched-solaris-x86 1.0-0.0 40.80 OK
r-release-linux-ix86 1.0-0.0 0.92 21.84 22.76 NOTE
r-release-linux-x86_64 1.0-0.0 0.66 13.80 14.46 NOTE
r-release-osx-x86_64-mavericks 1.0-0.0 OK
r-release-windows-ix86+x86_64 1.0-0.0 5.00 35.00 40.00 OK
r-oldrel-windows-ix86+x86_64 1.0-0.0 3.00 25.00 28.00 OK

Check Details

Version: 1.0-0.0
Check: DESCRIPTION meta-information
Result: NOTE
    Malformed Description field: should contain one or more complete sentences.
Flavors: r-devel-linux-x86_64-debian-clang, r-devel-linux-x86_64-debian-gcc, r-devel-linux-x86_64-fedora-clang, r-devel-linux-x86_64-fedora-gcc, r-devel-osx-x86_64-clang, r-devel-windows-ix86+x86_64

Version: 1.0-0.0
Check: Rd line widths
Result: NOTE
    Rd file 'perm-internal.Rd':
     \usage lines wider than 90 characters:
     ksample.exact.mc(scores, group, nmc = 10^4 - 1, seed = 1234321, digits = 12, p.conf.level = 0.99, setSEED = TRUE)
     trend.exact.mc(scores, group, alternative = "two.sided", nmc = 10^3 - 1, seed = 1234321, digits = 12, p.conf.level = 0.99, setSEED = TR ... [TRUNCATED]
     twosample.exact.mc(scores, group, alternative = "two.sided", nmc = 10^4 - 1, seed = 1234321, digits = 12, p.conf.level = 0.99, setSEED ... [TRUNCATED]
    
    Rd file 'perm.Rd':
     \usage lines wider than 90 characters:
     permKS(x, g, exact = NULL, method = NULL, methodRule = methodRuleKS1, control=permControl(), ...)
     permTREND(x, y, alternative = c("two.sided", "less", "greater"), exact = NULL, method = NULL, methodRule = methodRuleTREND1, control=pe ... [TRUNCATED]
    
    These lines will be truncated in the PDF manual.
Flavors: r-devel-linux-x86_64-debian-clang, r-devel-linux-x86_64-debian-gcc, r-devel-linux-x86_64-fedora-clang, r-devel-linux-x86_64-fedora-gcc, r-patched-linux-x86_64, r-release-linux-ix86, r-release-linux-x86_64