CRAN Package Check Results for Package perm

Last updated on 2017-02-24 19:48:26.

Flavor Version Tinstall Tcheck Ttotal Status Flags
r-devel-linux-x86_64-debian-clang 1.0-0.0 0.68 19.66 20.34 NOTE
r-devel-linux-x86_64-debian-gcc 1.0-0.0 0.62 19.07 19.70 NOTE
r-devel-linux-x86_64-fedora-clang 1.0-0.0 42.37 NOTE --no-stop-on-test-error
r-devel-linux-x86_64-fedora-gcc 1.0-0.0 36.49 NOTE --no-stop-on-test-error
r-devel-macos-x86_64-clang 1.0-0.0 31.66 NOTE --no-stop-on-test-error
r-devel-windows-ix86+x86_64 1.0-0.0 6.00 51.00 57.00 NOTE
r-patched-linux-x86_64 1.0-0.0 0.66 16.21 16.86 NOTE
r-patched-solaris-sparc 1.0-0.0 185.80 NOTE
r-patched-solaris-x86 1.0-0.0 41.00 NOTE
r-release-linux-x86_64 1.0-0.0 0.54 16.42 16.97 NOTE
r-release-osx-x86_64-mavericks 1.0-0.0 NOTE
r-release-windows-ix86+x86_64 1.0-0.0 6.00 47.00 53.00 NOTE
r-oldrel-windows-ix86+x86_64 1.0-0.0 7.00 69.00 76.00 NOTE

Check Details

Version: 1.0-0.0
Check: DESCRIPTION meta-information
Result: NOTE
    Malformed Description field: should contain one or more complete sentences.
Flavors: r-devel-linux-x86_64-debian-clang, r-devel-linux-x86_64-debian-gcc, r-devel-windows-ix86+x86_64, r-patched-linux-x86_64, r-patched-solaris-sparc, r-patched-solaris-x86, r-release-linux-x86_64, r-release-osx-x86_64-mavericks, r-release-windows-ix86+x86_64, r-oldrel-windows-ix86+x86_64

Version: 1.0-0.0
Check: R code for possible problems
Result: NOTE
    ksample.pclt: no visible global function definition for ‘pchisq’
    pCI: no visible global function definition for ‘qbeta’
    permKS.formula: no visible global function definition for ‘terms’
    permTREND.default: no visible global function definition for ‘cor’
    permTREND.formula: no visible global function definition for ‘terms’
    permTS.formula: no visible global function definition for ‘terms’
    trend.pclt: no visible global function definition for ‘pnorm’
    twosample.pclt: no visible global function definition for ‘pnorm’
    twosample.pclt: no visible global function definition for ‘pchisq’
    Undefined global functions or variables:
     cor pchisq pnorm qbeta terms
    Consider adding
     importFrom("stats", "cor", "pchisq", "pnorm", "qbeta", "terms")
    to your NAMESPACE file.
Flavors: r-devel-linux-x86_64-debian-clang, r-devel-linux-x86_64-debian-gcc, r-devel-windows-ix86+x86_64, r-patched-linux-x86_64, r-patched-solaris-sparc, r-patched-solaris-x86, r-release-linux-x86_64, r-release-osx-x86_64-mavericks, r-release-windows-ix86+x86_64

Version: 1.0-0.0
Check: Rd line widths
Result: NOTE
    Rd file 'perm-internal.Rd':
     \usage lines wider than 90 characters:
     ksample.exact.mc(scores, group, nmc = 10^4 - 1, seed = 1234321, digits = 12, p.conf.level = 0.99, setSEED = TRUE)
     trend.exact.mc(scores, group, alternative = "two.sided", nmc = 10^3 - 1, seed = 1234321, digits = 12, p.conf.level = 0.99, setSEED = TR ... [TRUNCATED]
     twosample.exact.mc(scores, group, alternative = "two.sided", nmc = 10^4 - 1, seed = 1234321, digits = 12, p.conf.level = 0.99, setSEED ... [TRUNCATED]
    
    Rd file 'perm.Rd':
     \usage lines wider than 90 characters:
     permKS(x, g, exact = NULL, method = NULL, methodRule = methodRuleKS1, control=permControl(), ...)
     permTREND(x, y, alternative = c("two.sided", "less", "greater"), exact = NULL, method = NULL, methodRule = methodRuleTREND1, control=pe ... [TRUNCATED]
    
    These lines will be truncated in the PDF manual.
Flavors: r-devel-linux-x86_64-debian-clang, r-devel-linux-x86_64-debian-gcc, r-patched-linux-x86_64, r-release-linux-x86_64

Version: 1.0-0.0
Flags: --no-stop-on-test-error
Check: DESCRIPTION meta-information
Result: NOTE
    Malformed Description field: should contain one or more complete sentences.
Flavors: r-devel-linux-x86_64-fedora-clang, r-devel-linux-x86_64-fedora-gcc, r-devel-macos-x86_64-clang

Version: 1.0-0.0
Flags: --no-stop-on-test-error
Check: R code for possible problems
Result: NOTE
    ksample.pclt: no visible global function definition for ‘pchisq’
    pCI: no visible global function definition for ‘qbeta’
    permKS.formula: no visible global function definition for ‘terms’
    permTREND.default: no visible global function definition for ‘cor’
    permTREND.formula: no visible global function definition for ‘terms’
    permTS.formula: no visible global function definition for ‘terms’
    trend.pclt: no visible global function definition for ‘pnorm’
    twosample.pclt: no visible global function definition for ‘pnorm’
    twosample.pclt: no visible global function definition for ‘pchisq’
    Undefined global functions or variables:
     cor pchisq pnorm qbeta terms
    Consider adding
     importFrom("stats", "cor", "pchisq", "pnorm", "qbeta", "terms")
    to your NAMESPACE file.
Flavors: r-devel-linux-x86_64-fedora-clang, r-devel-linux-x86_64-fedora-gcc, r-devel-macos-x86_64-clang

Version: 1.0-0.0
Flags: --no-stop-on-test-error
Check: Rd line widths
Result: NOTE
    Rd file 'perm-internal.Rd':
     \usage lines wider than 90 characters:
     ksample.exact.mc(scores, group, nmc = 10^4 - 1, seed = 1234321, digits = 12, p.conf.level = 0.99, setSEED = TRUE)
     trend.exact.mc(scores, group, alternative = "two.sided", nmc = 10^3 - 1, seed = 1234321, digits = 12, p.conf.level = 0.99, setSEED = TR ... [TRUNCATED]
     twosample.exact.mc(scores, group, alternative = "two.sided", nmc = 10^4 - 1, seed = 1234321, digits = 12, p.conf.level = 0.99, setSEED ... [TRUNCATED]
    
    Rd file 'perm.Rd':
     \usage lines wider than 90 characters:
     permKS(x, g, exact = NULL, method = NULL, methodRule = methodRuleKS1, control=permControl(), ...)
     permTREND(x, y, alternative = c("two.sided", "less", "greater"), exact = NULL, method = NULL, methodRule = methodRuleTREND1, control=pe ... [TRUNCATED]
    
    These lines will be truncated in the PDF manual.
Flavors: r-devel-linux-x86_64-fedora-clang, r-devel-linux-x86_64-fedora-gcc