CRAN Package Check Results for Package perm

Last updated on 2015-04-25 12:46:19.

Flavor Version Tinstall Tcheck Ttotal Status Flags
r-devel-linux-x86_64-debian-clang 1.0-0.0 0.59 12.62 13.21 NOTE
r-devel-linux-x86_64-debian-gcc 1.0-0.0 0.61 12.75 13.36 NOTE
r-devel-linux-x86_64-fedora-clang 1.0-0.0 27.12 NOTE
r-devel-linux-x86_64-fedora-gcc 1.0-0.0 24.47 NOTE
r-devel-osx-x86_64-clang 1.0-0.0 28.37 NOTE
r-devel-windows-ix86+x86_64 1.0-0.0 3.00 20.00 23.00 NOTE
r-patched-linux-x86_64 1.0-0.0 0.61 12.60 13.22 NOTE
r-patched-solaris-sparc 1.0-0.0 180.50 NOTE
r-patched-solaris-x86 1.0-0.0 34.70 NOTE
r-release-linux-x86_64 1.0-0.0 0.56 12.52 13.08 NOTE
r-release-osx-x86_64-mavericks 1.0-0.0 NOTE
r-release-osx-x86_64-snowleopard 1.0-0.0 NOTE
r-release-windows-ix86+x86_64 1.0-0.0 2.00 21.00 23.00 NOTE
r-oldrel-windows-ix86+x86_64 1.0-0.0 2.00 19.00 21.00 OK

Check Details

Version: 1.0-0.0
Check: DESCRIPTION meta-information
Result: NOTE
    Malformed Description field: should contain one or more complete sentences.
Flavors: r-devel-windows-ix86+x86_64, r-release-windows-ix86+x86_64