CRAN Package Check Results for Package perm

Last updated on 2014-11-24 00:47:50.

Flavor Version Tinstall Tcheck Ttotal Status Flags
r-devel-linux-x86_64-debian-clang 1.0-0.0 0.60 13.34 13.94 NOTE
r-devel-linux-x86_64-debian-gcc 1.0-0.0 0.60 13.52 14.13 NOTE
r-devel-linux-x86_64-fedora-clang 1.0-0.0 30.05 NOTE
r-devel-linux-x86_64-fedora-gcc 1.0-0.0 27.40 NOTE
r-devel-osx-x86_64-clang 1.0-0.0 29.78 OK
r-devel-windows-ix86+x86_64 1.0-0.0 2.00 21.00 23.00 OK
r-patched-linux-x86_64 1.0-0.0 0.62 13.54 14.16 NOTE
r-patched-solaris-sparc 1.0-0.0 170.00 OK
r-patched-solaris-x86 1.0-0.0 40.60 OK
r-release-linux-ix86 1.0-0.0 0.91 19.41 20.32 OK
r-release-linux-x86_64 1.0-0.0 0.66 13.63 14.29 NOTE
r-release-osx-x86_64-mavericks 1.0-0.0 OK
r-release-windows-ix86+x86_64 1.0-0.0 2.00 22.00 24.00 OK
r-oldrel-windows-ix86+x86_64 1.0-0.0 2.00 24.00 26.00 OK

Check Details

Version: 1.0-0.0
Check: Rd line widths
Result: NOTE
    Rd file 'perm-internal.Rd':
     \usage lines wider than 90 characters:
     ksample.exact.mc(scores, group, nmc = 10^4 - 1, seed = 1234321, digits = 12, p.conf.level = 0.99, setSEED = TRUE)
     trend.exact.mc(scores, group, alternative = "two.sided", nmc = 10^3 - 1, seed = 1234321, digits = 12, p.conf.level = 0.99, setSEED = TR ... [TRUNCATED]
     twosample.exact.mc(scores, group, alternative = "two.sided", nmc = 10^4 - 1, seed = 1234321, digits = 12, p.conf.level = 0.99, setSEED ... [TRUNCATED]
    
    Rd file 'perm.Rd':
     \usage lines wider than 90 characters:
     permKS(x, g, exact = NULL, method = NULL, methodRule = methodRuleKS1, control=permControl(), ...)
     permTREND(x, y, alternative = c("two.sided", "less", "greater"), exact = NULL, method = NULL, methodRule = methodRuleTREND1, control=pe ... [TRUNCATED]
    
    These lines will be truncated in the PDF manual.
Flavors: r-devel-linux-x86_64-debian-clang, r-devel-linux-x86_64-debian-gcc, r-devel-linux-x86_64-fedora-clang, r-devel-linux-x86_64-fedora-gcc, r-patched-linux-x86_64, r-release-linux-x86_64