CRAN Package Check Results for Package perm

Last updated on 2014-08-29 13:48:11.

Flavor Version Tinstall Tcheck Ttotal Status Flags
r-devel-linux-x86_64-debian-clang 1.0-0.0 0.74 13.00 13.74 OK
r-devel-linux-x86_64-debian-gcc 1.0-0.0 0.72 12.48 13.21 OK
r-devel-linux-x86_64-fedora-clang 1.0-0.0 26.89 NOTE
r-devel-linux-x86_64-fedora-gcc 1.0-0.0 25.57 NOTE
r-devel-osx-x86_64-clang 1.0-0.0 27.13 OK
r-devel-windows-ix86+x86_64 1.0-0.0 2.00 21.00 23.00 OK
r-patched-linux-x86_64 1.0-0.0 0.62 13.61 14.23 OK
r-patched-solaris-sparc 1.0-0.0 170.00 OK
r-patched-solaris-x86 1.0-0.0 38.80 OK
r-release-linux-ix86 1.0-0.0 0.87 19.80 20.66 OK
r-release-linux-x86_64 1.0-0.0 0.72 14.33 15.04 OK
r-release-osx-x86_64-mavericks 1.0-0.0 OK
r-release-windows-ix86+x86_64 1.0-0.0 2.00 21.00 23.00 OK
r-oldrel-windows-ix86+x86_64 1.0-0.0 2.00 21.00 23.00 OK

Check Details

Version: 1.0-0.0
Check: Rd line widths
Result: NOTE
    Rd file 'perm-internal.Rd':
     \usage lines wider than 90 characters:
     ksample.exact.mc(scores, group, nmc = 10^4 - 1, seed = 1234321, digits = 12, p.conf.level = 0.99, setSEED = TRUE)
     trend.exact.mc(scores, group, alternative = "two.sided", nmc = 10^3 - 1, seed = 1234321, digits = 12, p.conf.level = 0.99, setSEED = TR ... [TRUNCATED]
     twosample.exact.mc(scores, group, alternative = "two.sided", nmc = 10^4 - 1, seed = 1234321, digits = 12, p.conf.level = 0.99, setSEED ... [TRUNCATED]
    
    Rd file 'perm.Rd':
     \usage lines wider than 90 characters:
     permKS(x, g, exact = NULL, method = NULL, methodRule = methodRuleKS1, control=permControl(), ...)
     permTREND(x, y, alternative = c("two.sided", "less", "greater"), exact = NULL, method = NULL, methodRule = methodRuleTREND1, control=pe ... [TRUNCATED]
    
    These lines will be truncated in the PDF manual.
Flavors: r-devel-linux-x86_64-fedora-clang, r-devel-linux-x86_64-fedora-gcc