CRAN Package Check Results for Package perm

Last updated on 2014-04-16 15:49:32.

Flavor Version Tinstall Tcheck Ttotal Status Flags
r-devel-linux-x86_64-debian-clang 1.0-0.0 0.60 13.89 14.48 OK
r-devel-linux-x86_64-debian-gcc 1.0-0.0 0.66 13.89 14.54 OK
r-devel-linux-x86_64-fedora-clang 1.0-0.0 28.65 NOTE
r-devel-linux-x86_64-fedora-gcc 1.0-0.0 27.09 NOTE
r-devel-macosx-x86_64-clang 1.0-0.0 29.84 OK
r-devel-macosx-x86_64-gcc 1.0-0.0 OK
r-devel-windows-ix86+x86_64 1.0-0.0 2.00 22.00 24.00 OK
r-patched-linux-x86_64 1.0-0.0 0.64 13.82 14.46 OK
r-patched-solaris-sparc 1.0-0.0 171.60 OK
r-patched-solaris-x86 1.0-0.0 39.40 OK
r-release-linux-ix86 1.0-0.0 2.00 28.00 30.00 OK
r-release-linux-x86_64 1.0-0.0 0.65 13.57 14.22 OK
r-release-windows-ix86+x86_64 1.0-0.0 2.00 21.00 23.00 OK
r-oldrel-windows-ix86+x86_64 1.0-0.0 2.00 23.00 25.00 OK

Check Details

Version: 1.0-0.0
Check: Rd line widths
Result: NOTE
    Rd file 'perm-internal.Rd':
     \usage lines wider than 90 characters:
     ksample.exact.mc(scores, group, nmc = 10^4 - 1, seed = 1234321, digits = 12, p.conf.level = 0.99, setSEED = TRUE)
     trend.exact.mc(scores, group, alternative = "two.sided", nmc = 10^3 - 1, seed = 1234321, digits = 12, p.conf.level = 0.99, setSEED = TR ... [TRUNCATED]
     twosample.exact.mc(scores, group, alternative = "two.sided", nmc = 10^4 - 1, seed = 1234321, digits = 12, p.conf.level = 0.99, setSEED ... [TRUNCATED]
    
    Rd file 'perm.Rd':
     \usage lines wider than 90 characters:
     permKS(x, g, exact = NULL, method = NULL, methodRule = methodRuleKS1, control=permControl(), ...)
     permTREND(x, y, alternative = c("two.sided", "less", "greater"), exact = NULL, method = NULL, methodRule = methodRuleTREND1, control=pe ... [TRUNCATED]
    
    These lines will be truncated in the PDF manual.
Flavors: r-devel-linux-x86_64-fedora-clang, r-devel-linux-x86_64-fedora-gcc