CRAN Package Check Results for Package permGPU

Last updated on 2016-07-29 15:47:35.

Flavor Version Tinstall Tcheck Ttotal Status Flags
r-devel-linux-x86_64-debian-clang 0.14.9 3.19 38.41 41.60 OK --install=fake
r-devel-linux-x86_64-debian-gcc 0.14.9 3.97 38.33 42.30 OK --install=fake
r-devel-linux-x86_64-fedora-clang 0.14.9 75.33 OK --install=fake
r-devel-linux-x86_64-fedora-gcc 0.14.9 74.48 OK --install=fake
r-patched-linux-x86_64 0.14.9 3.88 43.10 46.97 OK --install=fake
r-release-linux-x86_64 0.14.9 4.26 43.13 47.39 OK --install=fake
r-release-osx-x86_64-mavericks 0.14.9 ERROR

Check Details

Version: 0.14.9
Check: whether package can be installed
Result: ERROR
    Installation failed.
Flavor: r-release-osx-x86_64-mavericks