CRAN Package Check Results for Package permGPU

Last updated on 2016-02-14 13:47:16.

Flavor Version Tinstall Tcheck Ttotal Status Flags
r-devel-linux-x86_64-fedora-clang 0.14.8 34.27 OK --install=fake
r-devel-linux-x86_64-fedora-gcc 0.14.8 32.92 OK --install=fake
r-release-osx-x86_64-mavericks 0.14.8 ERROR

Check Details

Version: 0.14.8
Check: whether package can be installed
Result: ERROR
    Installation failed.
Flavor: r-release-osx-x86_64-mavericks