CRAN Package Check Results for Package permGPU

Last updated on 2014-07-23 15:47:49.

Flavor Version Tinstall Tcheck Ttotal Status Flags
r-devel-linux-x86_64-debian-clang 0.14.6 1.83 24.33 26.16 OK --install=fake
r-devel-linux-x86_64-debian-gcc 0.14.6 1.88 23.79 25.67 OK --install=fake
r-devel-linux-x86_64-fedora-clang 0.14.6 40.73 OK --install=fake
r-devel-linux-x86_64-fedora-gcc 0.14.6 26.16 OK --install=fake
r-patched-linux-x86_64 0.14.6 2.42 23.62 26.04 OK --install=fake
r-release-linux-ix86 0.14.6 2.29 31.72 34.01 OK --install=fake
r-release-linux-x86_64 0.14.6 2.00 24.29 26.30 OK --install=fake
r-release-osx-x86_64-mavericks 0.14.6 ERROR
r-release-osx-x86_64-snowleopard 0.14.6 ERROR
r-oldrel-windows-ix86+x86_64 0.14.3 1.00 1.00 2.00 ERROR

Check Details

Version: 0.14.6
Check: whether package can be installed
Result: ERROR
    Installation failed.
    See ‘/Builds/CRAN-QA-Simon/packages/mavericks-x86_64/results/3.1/permGPU.Rcheck/00install.out’ for details.
Flavor: r-release-osx-x86_64-mavericks

Version: 0.14.6
Check: whether package can be installed
Result: ERROR
    Installation failed.
    See ‘/Volumes/XT3/Builds/R-dev-web/QA/Simon/packages/snowleopard-x86_64/results/3.1/permGPU.Rcheck/00install.out’ for details.
Flavor: r-release-osx-x86_64-snowleopard

Version: 0.14.3
Check: whether package can be installed
Result: ERROR
    Installation failed.
    See 'd:/Rcompile/CRANpkg/local/3.0/permGPU.Rcheck/00install.out' for details.
Flavor: r-oldrel-windows-ix86+x86_64