CRAN Package Check Results for Package permGPU

Last updated on 2014-12-19 12:48:23.

Flavor Version Tinstall Tcheck Ttotal Status Flags
r-devel-linux-x86_64-debian-clang 0.14.6 1.72 24.00 25.72 OK --install=fake
r-devel-linux-x86_64-debian-gcc 0.14.6 1.68 23.69 25.36 OK --install=fake
r-devel-linux-x86_64-fedora-clang 0.14.6 52.45 OK --install=fake
r-devel-linux-x86_64-fedora-gcc 0.14.6 48.26 OK --install=fake
r-patched-linux-x86_64 0.14.6 1.90 24.30 26.20 OK --install=fake
r-release-linux-ix86 0.14.6 2.20 30.75 32.95 OK --install=fake
r-release-linux-x86_64 0.14.6 1.76 25.82 27.57 OK --install=fake
r-release-osx-x86_64-mavericks 0.14.6 ERROR
r-release-osx-x86_64-snowleopard 0.14.6 ERROR
r-oldrel-windows-ix86+x86_64 0.14.3 1.00 1.00 2.00 ERROR

Check Details

Version: 0.14.6
Check: whether package can be installed
Result: ERROR
    Installation failed.
Flavors: r-release-osx-x86_64-mavericks, r-release-osx-x86_64-snowleopard

Version: 0.14.3
Check: whether package can be installed
Result: ERROR
    Installation failed.
Flavor: r-oldrel-windows-ix86+x86_64