CRAN Package Check Results for Package permGPU

Last updated on 2015-03-05 23:48:23.

Flavor Version Tinstall Tcheck Ttotal Status Flags
r-devel-linux-x86_64-debian-clang 0.14.6 1.40 19.66 21.07 WARN --install=fake
r-devel-linux-x86_64-debian-gcc 0.14.6 1.37 19.58 20.95 WARN --install=fake
r-devel-linux-x86_64-fedora-clang 0.14.6 39.00 WARN --install=fake
r-devel-linux-x86_64-fedora-gcc 0.14.6 36.47 WARN --install=fake
r-patched-linux-x86_64 0.14.6 1.94 25.39 27.33 WARN --install=fake
r-release-linux-ix86 0.14.6 2.38 33.56 35.94 OK --install=fake
r-release-linux-x86_64 0.14.6 2.05 25.12 27.17 OK --install=fake
r-release-osx-x86_64-mavericks 0.14.6 ERROR
r-release-osx-x86_64-snowleopard 0.14.6 ERROR
r-oldrel-windows-ix86+x86_64 0.14.3 1.00 1.00 2.00 ERROR

Check Details

Version: 0.14.6
Flags: --install=fake
Check: DESCRIPTION meta-information
Result: NOTE
    Malformed Description field: should contain one or more complete sentences.
Flavors: r-devel-linux-x86_64-debian-clang, r-devel-linux-x86_64-debian-gcc, r-devel-linux-x86_64-fedora-clang, r-devel-linux-x86_64-fedora-gcc

Version: 0.14.6
Flags: --install=fake
Check: for GNU extensions in Makefiles
Result: WARN
    Found the following file(s) containing GNU extensions:
     src/Makefile.in
    Portable Makefiles do not use GNU extensions such as +=, :=, $(shell),
    $(wildcard), ifeq ... endif. See section ‘Writing portable packages’ in
    the ‘Writing R Extensions’ manual.
Flavors: r-devel-linux-x86_64-debian-clang, r-devel-linux-x86_64-debian-gcc, r-devel-linux-x86_64-fedora-clang, r-devel-linux-x86_64-fedora-gcc, r-patched-linux-x86_64

Version: 0.14.6
Check: whether package can be installed
Result: ERROR
    Installation failed.
Flavors: r-release-osx-x86_64-mavericks, r-release-osx-x86_64-snowleopard

Version: 0.14.3
Check: whether package can be installed
Result: ERROR
    Installation failed.
Flavor: r-oldrel-windows-ix86+x86_64