CRAN Package Check Results for Package permGPU

Last updated on 2016-05-26 05:47:47.

Flavor Version Tinstall Tcheck Ttotal Status Flags
r-devel-linux-x86_64-debian-gcc 0.14.9 3.32 39.05 42.38 OK --install=fake
r-devel-linux-x86_64-fedora-clang 0.14.9 75.57 OK --install=fake
r-devel-linux-x86_64-fedora-gcc 0.14.9 71.21 OK --install=fake
r-patched-linux-x86_64 0.14.9 3.09 38.70 41.79 OK --install=fake
r-release-linux-x86_64 0.14.9 3.15 37.93 41.08 OK --install=fake
r-release-osx-x86_64-mavericks 0.14.9 ERROR

Check Details

Version: 0.14.9
Check: whether package can be installed
Result: ERROR
    Installation failed.
    See ‘/Builds/CRAN-QA-Simon/packages/mavericks-x86_64/results/3.3/permGPU.Rcheck/00install.out’ for details.
    * DONE
    Status: 1 ERROR
Flavor: r-release-osx-x86_64-mavericks