CRAN Package Check Results for Package permGPU

Last updated on 2014-10-31 03:47:54.

Flavor Version Tinstall Tcheck Ttotal Status Flags
r-devel-linux-x86_64-debian-clang 0.14.6 1.86 24.32 26.18 OK --install=fake
r-devel-linux-x86_64-debian-gcc 0.14.6 1.70 24.08 25.78 OK --install=fake
r-devel-linux-x86_64-fedora-clang 0.14.6 49.82 OK --install=fake
r-devel-linux-x86_64-fedora-gcc 0.14.6 47.24 OK --install=fake
r-patched-linux-x86_64 0.14.6 2.27 23.94 26.21 OK --install=fake
r-release-linux-ix86 0.14.6 2.32 32.24 34.56 OK --install=fake
r-release-linux-x86_64 0.14.6 1.83 24.29 26.12 OK --install=fake
r-release-osx-x86_64-mavericks 0.14.6 ERROR
r-release-osx-x86_64-snowleopard 0.14.6 ERROR
r-oldrel-windows-ix86+x86_64 0.14.3 1.00 1.00 2.00 ERROR

Check Details

Version: 0.14.6
Check: whether package can be installed
Result: ERROR
    Installation failed.
Flavors: r-release-osx-x86_64-mavericks, r-release-osx-x86_64-snowleopard

Version: 0.14.3
Check: whether package can be installed
Result: ERROR
    Installation failed.
Flavor: r-oldrel-windows-ix86+x86_64