CRAN Package Check Results for Package permGPU

Last updated on 2017-05-24 09:48:11.

Flavor Version Tinstall Tcheck Ttotal Status Flags
r-devel-linux-x86_64-debian-clang 0.14.9 3.14 38.80 41.94 OK --install=fake
r-devel-linux-x86_64-debian-gcc 0.14.9 3.18 38.59 41.77 OK --install=fake
r-devel-linux-x86_64-fedora-clang 0.14.9 87.83 OK --install=fake --no-stop-on-test-error
r-devel-linux-x86_64-fedora-gcc 0.14.9 84.19 OK --install=fake --no-stop-on-test-error
r-patched-linux-x86_64 0.14.9 3.00 38.36 41.37 OK --install=fake
r-release-linux-x86_64 0.14.9 3.01 38.77 41.78 OK --install=fake
r-release-osx-x86_64 0.14.9 ERROR
r-oldrel-osx-x86_64 0.14.9 ERROR

Check Details

Version: 0.14.9
Check: whether package can be installed
Result: ERROR
    Installation failed.
Flavors: r-release-osx-x86_64, r-oldrel-osx-x86_64