CRAN Package Check Results for Package permGPU

Last updated on 2014-08-21 10:13:27.

Flavor Version Tinstall Tcheck Ttotal Status Flags
r-devel-linux-x86_64-debian-clang 0.14.6 1.76 23.90 25.66 OK --install=fake
r-devel-linux-x86_64-debian-gcc 0.14.6 1.73 23.30 25.03 OK --install=fake
r-devel-linux-x86_64-fedora-clang 0.14.6 50.47 OK --install=fake
r-devel-linux-x86_64-fedora-gcc 0.14.6 52.32 OK --install=fake
r-patched-linux-x86_64 0.14.6 1.92 24.04 25.96 OK --install=fake
r-release-linux-ix86 0.14.6 2.33 31.85 34.18 OK --install=fake
r-release-linux-x86_64 0.14.6 1.82 24.21 26.04 OK --install=fake
r-release-osx-x86_64-mavericks 0.14.6 ERROR
r-release-osx-x86_64-snowleopard 0.14.6 ERROR
r-oldrel-windows-ix86+x86_64 0.14.3 1.00 1.00 2.00 ERROR

Check Details

Version: 0.14.6
Check: whether package can be installed
Result: ERROR
    Installation failed.
Flavors: r-release-osx-x86_64-mavericks, r-release-osx-x86_64-snowleopard

Version: 0.14.3
Check: whether package can be installed
Result: ERROR
    Installation failed.
Flavor: r-oldrel-windows-ix86+x86_64