CRAN Package Check Results for Package permGPU

Last updated on 2017-10-17 14:46:43.

Flavor Version Tinstall Tcheck Ttotal Status Flags
r-devel-linux-x86_64-debian-clang 0.14.9 3.04 39.44 42.48 OK --install=fake
r-devel-linux-x86_64-debian-gcc 0.14.9 4.23 45.35 49.58 OK --install=fake
r-devel-linux-x86_64-fedora-clang 0.14.9 88.60 OK --install=fake
r-devel-linux-x86_64-fedora-gcc 0.14.9 88.93 OK --install=fake
r-patched-linux-x86_64 0.14.9 3.06 39.51 42.57 OK --install=fake
r-release-linux-x86_64 0.14.9 3.05 39.39 42.44 OK --install=fake
r-release-osx-x86_64 0.14.9 ERROR
r-oldrel-osx-x86_64 0.14.9 ERROR

Check Details

Version: 0.14.9
Check: whether package can be installed
Result: ERROR
    Installation failed.
Flavors: r-release-osx-x86_64, r-oldrel-osx-x86_64