CRAN Package Check Results for Package permGPU

Last updated on 2018-05-28 04:49:33 CEST.

Flavor Version Tinstall Tcheck Ttotal Status Flags
r-devel-linux-x86_64-debian-clang 0.14.9 5.88 63.27 69.15 OK --no-examples --no-tests --no-vignettes
r-devel-linux-x86_64-debian-gcc 0.14.9 4.93 53.53 58.46 OK --no-examples --no-tests --no-vignettes
r-patched-linux-x86_64 0.14.9 4.93 56.10 61.03 OK --no-examples --no-tests --no-vignettes
r-release-linux-x86_64 0.14.9 5.01 56.12 61.13 OK --no-examples --no-tests --no-vignettes
r-release-osx-x86_64 0.14.9 ERROR
r-oldrel-osx-x86_64 0.14.9 ERROR

Check Details

Version: 0.14.9
Check: whether package can be installed
Result: ERROR
    Installation failed.
Flavors: r-release-osx-x86_64, r-oldrel-osx-x86_64