CRAN Package Check Results for Package permGPU

Last updated on 2015-09-04 23:56:20.

Flavor Version Tinstall Tcheck Ttotal Status Flags
r-devel-linux-x86_64-debian-clang 0.14.6 1.34 18.67 20.02 WARN --install=fake
r-devel-linux-x86_64-debian-gcc 0.14.6 1.26 18.28 19.54 WARN --install=fake
r-devel-linux-x86_64-fedora-clang 0.14.6 35.81 WARN --install=fake
r-devel-linux-x86_64-fedora-gcc 0.14.6 34.02 WARN --install=fake
r-patched-linux-x86_64 0.14.6 1.39 19.24 20.64 WARN --install=fake
r-release-linux-x86_64 0.14.6 1.41 19.92 21.33 WARN --install=fake
r-release-osx-x86_64-mavericks 0.14.6 ERROR

Check Details

Version: 0.14.6
Flags: --install=fake
Check: DESCRIPTION meta-information
Result: NOTE
    Malformed Description field: should contain one or more complete sentences.
Flavors: r-devel-linux-x86_64-debian-clang, r-devel-linux-x86_64-debian-gcc, r-devel-linux-x86_64-fedora-clang, r-devel-linux-x86_64-fedora-gcc, r-patched-linux-x86_64, r-release-linux-x86_64

Version: 0.14.6
Flags: --install=fake
Check: R code for possible problems
Result: NOTE
    makeExprSet: no visible global function definition for ‘new’
    test.permgpu : <anonymous>: no visible global function definition for
     ‘t.test’
    Undefined global functions or variables:
     new t.test
    Consider adding
     importFrom("methods", "new")
     importFrom("stats", "t.test")
    to your NAMESPACE (and ensure that your DESCRIPTION Imports field
    contains 'methods').
Flavors: r-devel-linux-x86_64-debian-clang, r-devel-linux-x86_64-debian-gcc, r-devel-linux-x86_64-fedora-clang, r-devel-linux-x86_64-fedora-gcc

Version: 0.14.6
Flags: --install=fake
Check: for GNU extensions in Makefiles
Result: WARN
    Found the following file(s) containing GNU extensions:
     src/Makefile.in
    Portable Makefiles do not use GNU extensions such as +=, :=, $(shell),
    $(wildcard), ifeq ... endif. See section ‘Writing portable packages’ in
    the ‘Writing R Extensions’ manual.
Flavors: r-devel-linux-x86_64-debian-clang, r-devel-linux-x86_64-debian-gcc, r-devel-linux-x86_64-fedora-clang, r-devel-linux-x86_64-fedora-gcc, r-patched-linux-x86_64, r-release-linux-x86_64

Version: 0.14.6
Check: whether package can be installed
Result: ERROR
    Installation failed.
Flavor: r-release-osx-x86_64-mavericks