CRAN Package Check Results for Package permGPU

Last updated on 2016-08-28 03:47:17.

Flavor Version Tinstall Tcheck Ttotal Status Flags
r-devel-linux-x86_64-debian-clang 0.14.9 3.20 38.79 41.99 OK --install=fake
r-devel-linux-x86_64-debian-gcc 0.14.9 3.08 38.16 41.24 OK --install=fake
r-devel-linux-x86_64-fedora-clang 0.14.9 76.09 OK --install=fake
r-devel-linux-x86_64-fedora-gcc 0.14.9 72.26 OK --install=fake
r-patched-linux-x86_64 0.14.9 3.07 37.57 40.64 OK --install=fake
r-release-linux-x86_64 0.14.9 3.24 38.53 41.77 OK --install=fake
r-release-osx-x86_64-mavericks 0.14.9 ERROR

Check Details

Version: 0.14.9
Check: whether package can be installed
Result: ERROR
    Installation failed.
Flavor: r-release-osx-x86_64-mavericks