CRAN Package Check Results for Package permGPU

Last updated on 2016-06-26 00:47:14.

Flavor Version Tinstall Tcheck Ttotal Status Flags
r-devel-linux-x86_64-debian-gcc 0.14.9 3.02 37.91 40.93 OK --install=fake
r-devel-linux-x86_64-fedora-clang 0.14.9 76.24 OK --install=fake
r-devel-linux-x86_64-fedora-gcc 0.14.9 70.94 OK --install=fake
r-patched-linux-x86_64 0.14.9 3.24 39.25 42.49 OK --install=fake
r-release-linux-x86_64 0.14.9 3.20 40.11 43.31 OK --install=fake
r-release-osx-x86_64-mavericks 0.14.9 ERROR

Check Details

Version: 0.14.9
Check: whether package can be installed
Result: ERROR
    Installation failed.
Flavor: r-release-osx-x86_64-mavericks