CRAN Package Check Results for Package permGPU

Last updated on 2017-08-20 14:47:04.

Flavor Version Tinstall Tcheck Ttotal Status Flags
r-devel-linux-x86_64-debian-clang 0.14.9 3.20 39.48 42.69 OK --install=fake
r-devel-linux-x86_64-debian-gcc 0.14.9 3.14 38.11 41.25 OK --install=fake
r-devel-linux-x86_64-fedora-clang 0.14.9 86.12 OK --install=fake
r-devel-linux-x86_64-fedora-gcc 0.14.9 95.46 OK --install=fake
r-patched-linux-x86_64 0.14.9 3.12 38.91 42.03 OK --install=fake
r-release-linux-x86_64 0.14.9 3.21 38.79 42.01 OK --install=fake
r-release-osx-x86_64 0.14.9 ERROR
r-oldrel-osx-x86_64 0.14.9 ERROR

Check Details

Version: 0.14.9
Check: whether package can be installed
Result: ERROR
    Installation failed.
Flavors: r-release-osx-x86_64, r-oldrel-osx-x86_64