CRAN Package Check Results for Package permGPU

Last updated on 2015-05-23 15:47:23.

Flavor Version Tinstall Tcheck Ttotal Status Flags
r-devel-linux-x86_64-debian-clang 0.14.6 1.40 19.67 21.07 WARN --install=fake
r-devel-linux-x86_64-debian-gcc 0.14.6 1.45 19.22 20.67 WARN --install=fake
r-devel-linux-x86_64-fedora-clang 0.14.6 38.57 WARN --install=fake
r-devel-linux-x86_64-fedora-gcc 0.14.6 36.39 WARN --install=fake
r-patched-linux-x86_64 0.14.6 1.39 19.06 20.44 WARN --install=fake
r-release-linux-x86_64 0.14.6 1.39 19.60 20.98 WARN --install=fake
r-release-osx-x86_64-mavericks 0.14.6 ERROR
r-release-osx-x86_64-snowleopard 0.14.6 ERROR

Check Details

Version: 0.14.6
Flags: --install=fake
Check: DESCRIPTION meta-information
Result: NOTE
    Malformed Description field: should contain one or more complete sentences.
Flavors: r-devel-linux-x86_64-debian-clang, r-devel-linux-x86_64-debian-gcc, r-devel-linux-x86_64-fedora-clang, r-devel-linux-x86_64-fedora-gcc, r-patched-linux-x86_64, r-release-linux-x86_64

Version: 0.14.6
Flags: --install=fake
Check: for GNU extensions in Makefiles
Result: WARN
    Found the following file(s) containing GNU extensions:
     src/Makefile.in
    Portable Makefiles do not use GNU extensions such as +=, :=, $(shell),
    $(wildcard), ifeq ... endif. See section ‘Writing portable packages’ in
    the ‘Writing R Extensions’ manual.
Flavors: r-devel-linux-x86_64-debian-clang, r-devel-linux-x86_64-debian-gcc, r-devel-linux-x86_64-fedora-clang, r-devel-linux-x86_64-fedora-gcc, r-patched-linux-x86_64, r-release-linux-x86_64

Version: 0.14.6
Check: whether package can be installed
Result: ERROR
    Installation failed.
Flavor: r-release-osx-x86_64-mavericks

Version: 0.14.6
Check: package dependencies
Result: ERROR
    Package required but not available: ‘Biobase’
    
    See section ‘The DESCRIPTION file’ in the ‘Writing R Extensions’
    manual.
Flavor: r-release-osx-x86_64-snowleopard