CRAN Package Check Results for Package permGPU

Last updated on 2017-06-22 15:48:37.

Flavor Version Tinstall Tcheck Ttotal Status Flags
r-devel-linux-x86_64-debian-clang 0.14.9 3.06 40.39 43.45 OK --install=fake
r-devel-linux-x86_64-debian-gcc 0.14.9 3.49 38.98 42.47 OK --install=fake
r-devel-linux-x86_64-fedora-clang 0.14.9 88.28 OK --install=fake
r-devel-linux-x86_64-fedora-gcc 0.14.9 84.91 OK --install=fake
r-patched-linux-x86_64 0.14.9 3.27 39.17 42.43 OK --install=fake
r-release-linux-x86_64 0.14.9 3.28 38.93 42.20 OK --install=fake
r-release-osx-x86_64 0.14.9 ERROR
r-oldrel-osx-x86_64 0.14.9 ERROR

Check Details

Version: 0.14.9
Check: whether package can be installed
Result: ERROR
    Installation failed.
Flavors: r-release-osx-x86_64, r-oldrel-osx-x86_64