CRAN Package Check Results for Package permGPU

Last updated on 2017-04-26 09:47:50.

Flavor Version Tinstall Tcheck Ttotal Status Flags
r-devel-linux-x86_64-debian-clang 0.14.9 3.23 38.75 41.98 OK --install=fake
r-devel-linux-x86_64-debian-gcc 0.14.9 3.14 37.89 41.02 OK --install=fake
r-devel-linux-x86_64-fedora-clang 0.14.9 89.91 OK --install=fake --no-stop-on-test-error
r-devel-linux-x86_64-fedora-gcc 0.14.9 83.47 OK --install=fake --no-stop-on-test-error
r-patched-linux-x86_64 0.14.9 3.06 38.44 41.51 OK --install=fake
r-release-linux-x86_64 0.14.9 3.15 38.30 41.45 OK --install=fake
r-release-osx-x86_64 0.14.9 ERROR
r-oldrel-osx-x86_64 0.14.9 ERROR

Check Details

Version: 0.14.9
Check: whether package can be installed
Result: ERROR
    Installation failed.
Flavors: r-release-osx-x86_64, r-oldrel-osx-x86_64