CRAN Package Check Results for Package permGPU

Last updated on 2015-07-02 11:48:31.

Flavor Version Tinstall Tcheck Ttotal Status Flags
r-devel-linux-x86_64-debian-clang 0.14.6 1.40 19.64 21.04 WARN --install=fake
r-devel-linux-x86_64-debian-gcc 0.14.6 1.29 18.56 19.85 WARN --install=fake
r-devel-linux-x86_64-fedora-clang 0.14.6 37.10 WARN --install=fake
r-devel-linux-x86_64-fedora-gcc 0.14.6 36.17 WARN --install=fake
r-patched-linux-x86_64 0.14.6 1.38 19.29 20.67 WARN --install=fake
r-release-linux-x86_64 0.14.6 1.36 19.29 20.65 WARN --install=fake
r-release-osx-x86_64-mavericks 0.14.6 ERROR

Check Details

Version: 0.14.6
Flags: --install=fake
Check: DESCRIPTION meta-information
Result: NOTE
    Malformed Description field: should contain one or more complete sentences.
Flavors: r-devel-linux-x86_64-debian-clang, r-devel-linux-x86_64-debian-gcc, r-devel-linux-x86_64-fedora-clang, r-devel-linux-x86_64-fedora-gcc, r-patched-linux-x86_64, r-release-linux-x86_64

Version: 0.14.6
Flags: --install=fake
Check: R code for possible problems
Result: NOTE
    makeExprSet: no visible global function definition for ‘new’
    test.permgpu : <anonymous>: no visible global function definition for
     ‘t.test’
Flavors: r-devel-linux-x86_64-debian-clang, r-devel-linux-x86_64-debian-gcc, r-devel-linux-x86_64-fedora-gcc

Version: 0.14.6
Flags: --install=fake
Check: for GNU extensions in Makefiles
Result: WARN
    Found the following file(s) containing GNU extensions:
     src/Makefile.in
    Portable Makefiles do not use GNU extensions such as +=, :=, $(shell),
    $(wildcard), ifeq ... endif. See section ‘Writing portable packages’ in
    the ‘Writing R Extensions’ manual.
Flavors: r-devel-linux-x86_64-debian-clang, r-devel-linux-x86_64-debian-gcc, r-devel-linux-x86_64-fedora-clang, r-devel-linux-x86_64-fedora-gcc, r-patched-linux-x86_64, r-release-linux-x86_64

Version: 0.14.6
Flags: --install=fake
Check: R code for possible problems
Result: NOTE
    makeExprSet: no visible global function definition for ‘new’
    test.permgpu : <anonymous>: no visible global function definition for
     ‘t.test’
    Undefined global functions or variables:
     new t.test
Flavor: r-devel-linux-x86_64-fedora-clang

Version: 0.14.6
Check: whether package can be installed
Result: ERROR
    Installation failed.
Flavor: r-release-osx-x86_64-mavericks