CRAN Package Check Results for Package permGPU

Last updated on 2017-01-20 19:47:14.

Flavor Version Tinstall Tcheck Ttotal Status Flags
r-devel-linux-x86_64-debian-clang 0.14.9 3.13 37.80 40.93 OK --install=fake
r-devel-linux-x86_64-debian-gcc 0.14.9 3.09 37.42 40.51 OK --install=fake
r-devel-linux-x86_64-fedora-clang 0.14.9 85.48 OK --install=fake --no-stop-on-test-error
r-devel-linux-x86_64-fedora-gcc 0.14.9 83.95 OK --install=fake --no-stop-on-test-error
r-patched-linux-x86_64 0.14.9 2.89 34.46 37.34 OK --install=fake
r-release-linux-x86_64 0.14.9 3.02 34.37 37.38 OK --install=fake
r-release-osx-x86_64-mavericks 0.14.9 ERROR

Check Details

Version: 0.14.9
Check: whether package can be installed
Result: ERROR
    Installation failed.
Flavor: r-release-osx-x86_64-mavericks