CRAN Package Check Results for Package permGPU

Last updated on 2017-02-27 23:03:45.

Flavor Version Tinstall Tcheck Ttotal Status Flags
r-devel-linux-x86_64-debian-clang 0.14.9 3.20 38.73 41.93 OK --install=fake
r-devel-linux-x86_64-debian-gcc 0.14.9 3.00 38.89 41.88 OK --install=fake
r-devel-linux-x86_64-fedora-clang 0.14.9 88.58 OK --install=fake --no-stop-on-test-error
r-devel-linux-x86_64-fedora-gcc 0.14.9 84.60 OK --install=fake --no-stop-on-test-error
r-patched-linux-x86_64 0.14.9 3.22 35.69 38.91 OK --install=fake
r-release-linux-x86_64 0.14.9 3.18 35.79 38.97 OK --install=fake
r-release-osx-x86_64-mavericks 0.14.9 ERROR

Check Details

Version: 0.14.9
Check: whether package can be installed
Result: ERROR
    Installation failed.
Flavor: r-release-osx-x86_64-mavericks