CRAN Package Check Results for Package permGPU

Last updated on 2017-12-17 18:46:33 CET.

Flavor Version Tinstall Tcheck Ttotal Status Flags
r-devel-linux-x86_64-debian-clang 0.14.9 4.47 57.00 61.47 OK --install=fake
r-devel-linux-x86_64-debian-gcc 0.14.9 3.33 45.32 48.65 OK --install=fake
r-devel-linux-x86_64-fedora-clang 0.14.9 73.73 OK --install=fake
r-devel-linux-x86_64-fedora-gcc 0.14.9 72.41 OK --install=fake
r-patched-linux-x86_64 0.14.9 4.29 61.55 65.84 OK --install=fake
r-release-linux-x86_64 0.14.9 3.78 62.32 66.10 OK --install=fake
r-release-osx-x86_64 0.14.9 ERROR
r-oldrel-osx-x86_64 0.14.9 ERROR

Check Details

Version: 0.14.9
Check: whether package can be installed
Result: ERROR
    Installation failed.
Flavors: r-release-osx-x86_64, r-oldrel-osx-x86_64