CRAN Package Check Results for Package permGPU

Last updated on 2016-09-28 15:48:06.

Flavor Version Tinstall Tcheck Ttotal Status Flags
r-devel-linux-x86_64-debian-clang 0.14.9 2.78 33.90 36.68 OK --install=fake
r-devel-linux-x86_64-debian-gcc 0.14.9 3.12 33.26 36.38 OK --install=fake
r-devel-linux-x86_64-fedora-clang 0.14.9 77.08 OK --install=fake
r-devel-linux-x86_64-fedora-gcc 0.14.9 70.34 OK --install=fake
r-patched-linux-x86_64 0.14.9 3.05 34.30 37.35 OK --install=fake
r-release-linux-x86_64 0.14.9 3.08 35.09 38.16 OK --install=fake
r-release-osx-x86_64-mavericks 0.14.9 ERROR

Check Details

Version: 0.14.9
Check: whether package can be installed
Result: ERROR
    Installation failed.
Flavor: r-release-osx-x86_64-mavericks