CRAN Package Check Results for Package permGPU

Last updated on 2014-09-02 08:47:21.

Flavor Version Tinstall Tcheck Ttotal Status Flags
r-devel-linux-x86_64-debian-clang 0.14.6 1.71 23.57 25.28 OK --install=fake
r-devel-linux-x86_64-debian-gcc 0.14.6 1.68 22.81 24.49 OK --install=fake
r-devel-linux-x86_64-fedora-clang 0.14.6 50.07 OK --install=fake
r-devel-linux-x86_64-fedora-gcc 0.14.6 46.58 OK --install=fake
r-patched-linux-x86_64 0.14.6 1.76 23.49 25.25 OK --install=fake
r-release-linux-ix86 0.14.6 2.29 32.10 34.40 OK --install=fake
r-release-linux-x86_64 0.14.6 1.78 24.20 25.98 OK --install=fake
r-release-osx-x86_64-mavericks 0.14.6 ERROR
r-release-osx-x86_64-snowleopard 0.14.6 ERROR
r-oldrel-windows-ix86+x86_64 0.14.3 1.00 1.00 2.00 ERROR

Check Details

Version: 0.14.6
Check: whether package can be installed
Result: ERROR
    Installation failed.
Flavors: r-release-osx-x86_64-mavericks, r-release-osx-x86_64-snowleopard

Version: 0.14.3
Check: whether package can be installed
Result: ERROR
    Installation failed.
Flavor: r-oldrel-windows-ix86+x86_64