CRAN Package Check Results for Package permGPU

Last updated on 2014-04-24 07:52:33.

Flavor Version Tinstall Tcheck Ttotal Status Flags
r-devel-linux-x86_64-debian-clang 0.14.3 1.80 22.19 23.99 NOTE --install=fake
r-devel-linux-x86_64-debian-gcc 0.14.3 1.88 22.31 24.19 NOTE --install=fake
r-devel-linux-x86_64-fedora-clang 0.14.3 45.57 NOTE --install=fake
r-devel-linux-x86_64-fedora-gcc 0.14.3 44.63 NOTE --install=fake
r-devel-osx-x86_64-gcc 0.14.3 ERROR
r-patched-linux-x86_64 0.14.3 1.80 23.10 24.90 NOTE --install=fake
r-release-linux-ix86 0.14.3 3.00 40.00 43.00 NOTE --install=fake
r-release-linux-x86_64 0.14.3 1.77 22.13 23.90 NOTE --install=fake
r-release-osx-x86_64-mavericks 0.14.3 ERROR
r-release-osx-x86_64-snowleopard 0.14.3 ERROR
r-oldrel-windows-ix86+x86_64 0.14.3 1.00 1.00 2.00 ERROR

Check Details

Version: 0.14.3
Flags: --install=fake
Check: dependencies in R code
Result: NOTE
    Packages in Depends field not imported from:
     ‘Biobase’ ‘RUnit’ ‘foreach’
     These packages need to be imported from (in the NAMESPACE file)
     for when this namespace is loaded but not attached.
    See the information on DESCRIPTION files in the chapter ‘Creating R
    packages’ of the ‘Writing R Extensions’ manual.
Flavors: r-devel-linux-x86_64-debian-clang, r-devel-linux-x86_64-debian-gcc, r-devel-linux-x86_64-fedora-clang, r-devel-linux-x86_64-fedora-gcc, r-patched-linux-x86_64, r-release-linux-ix86, r-release-linux-x86_64

Version: 0.14.3
Check: package dependencies
Result: ERROR
    Package required but not available: ‘Biobase’
    
    See the information on DESCRIPTION files in the chapter ‘Creating R
    packages’ of the ‘Writing R Extensions’ manual.
Flavors: r-devel-osx-x86_64-gcc, r-release-osx-x86_64-mavericks

Version: 0.14.3
Check: whether package can be installed
Result: ERROR
    Installation failed.
    See ‘/Volumes/XT3/Builds/R-dev-web/QA/Simon/packages/snowleopard-x86_64/results/3.1/permGPU.Rcheck/00install.out’ for details.
Flavor: r-release-osx-x86_64-snowleopard

Version: 0.14.3
Check: whether package can be installed
Result: ERROR
    Installation failed.
    See 'd:/Rcompile/CRANpkg/local/3.0/permGPU.Rcheck/00install.out' for details.
Flavor: r-oldrel-windows-ix86+x86_64