CRAN Package Check Results for Package permGPU

Last updated on 2016-12-11 03:47:32.

Flavor Version Tinstall Tcheck Ttotal Status Flags
r-devel-linux-x86_64-debian-clang 0.14.9 2.96 38.62 41.59 OK --install=fake
r-devel-linux-x86_64-debian-gcc 0.14.9 3.09 37.71 40.80 OK --install=fake
r-devel-linux-x86_64-fedora-clang 0.14.9 87.15 OK --install=fake --no-stop-on-test-error
r-devel-linux-x86_64-fedora-gcc 0.14.9 83.77 OK --install=fake --no-stop-on-test-error
r-patched-linux-x86_64 0.14.9 2.86 34.88 37.75 OK --install=fake
r-release-linux-x86_64 0.14.9 2.92 34.54 37.46 OK --install=fake
r-release-osx-x86_64-mavericks 0.14.9 ERROR

Check Details

Version: 0.14.9
Check: whether package can be installed
Result: ERROR
    Installation failed.
Flavor: r-release-osx-x86_64-mavericks