CRAN Package Check Results for Package permute

Last updated on 2014-08-20 08:47:49.

Flavor Version Tinstall Tcheck Ttotal Status Flags
r-devel-linux-x86_64-debian-clang 0.8-3 2.01 31.38 33.39 OK
r-devel-linux-x86_64-debian-gcc 0.8-3 1.94 30.32 32.26 OK
r-devel-linux-x86_64-fedora-clang 0.8-3 71.23 OK
r-devel-linux-x86_64-fedora-gcc 0.8-3 70.63 OK
r-devel-osx-x86_64-clang 0.8-3 64.65 OK
r-devel-windows-ix86+x86_64 0.8-3 5.00 44.00 49.00 OK
r-patched-linux-x86_64 0.8-3 2.08 31.99 34.06 OK
r-patched-solaris-sparc 0.8-3 423.70 OK
r-patched-solaris-x86 0.8-3 87.40 OK
r-release-linux-ix86 0.8-3 2.80 43.66 46.46 OK
r-release-linux-x86_64 0.8-3 2.12 32.65 34.77 OK
r-release-osx-x86_64-mavericks 0.8-3 NOTE
r-release-osx-x86_64-snowleopard 0.8-3 OK
r-release-windows-ix86+x86_64 0.8-3 5.00 49.00 54.00 OK
r-oldrel-windows-ix86+x86_64 0.8-3 5.00 50.00 55.00 OK

Check Details

Version: 0.8-3
Check: re-building of vignette outputs
Result: NOTE
    Error in re-building vignettes:
     ...
    Loading required package: permute
    Set of permutations < 'minperm'. Generating entire set.
    Loading required package: parallel
    Error in texi2dvi(file = file, pdf = TRUE, clean = clean, quiet = quiet, :
     Running 'texi2dvi' on 'permutations.tex' failed.
    LaTeX errors:
    ! LaTeX Error: File `a4wide.sty' not found.
    
    Type X to quit or <RETURN> to proceed,
    or enter new name. (Default extension: sty)
    
    ./Z.cls:26: ==> Fatal error occurred, no output PDF file produced!
    Calls: buildVignettes -> texi2pdf -> texi2dvi
    Execution halted
Flavor: r-release-osx-x86_64-mavericks