CRAN Package Check Results for Package permute

Last updated on 2014-09-18 03:47:57.

Flavor Version Tinstall Tcheck Ttotal Status Flags
r-devel-linux-x86_64-debian-clang 0.8-3 2.00 31.36 33.37 OK
r-devel-linux-x86_64-debian-gcc 0.8-3 1.84 30.54 32.38 OK
r-devel-linux-x86_64-fedora-clang 0.8-3 67.72 OK
r-devel-linux-x86_64-fedora-gcc 0.8-3 62.98 OK
r-devel-osx-x86_64-clang 0.8-3 62.70 OK
r-devel-windows-ix86+x86_64 0.8-3 4.00 42.00 46.00 OK
r-patched-linux-x86_64 0.8-3 2.06 32.56 34.62 OK
r-patched-solaris-sparc 0.8-3 423.70 OK
r-patched-solaris-x86 0.8-3 85.20 OK
r-release-linux-ix86 0.8-3 2.78 44.02 46.80 OK
r-release-linux-x86_64 0.8-3 2.30 33.88 36.18 OK
r-release-osx-x86_64-mavericks 0.8-3 NOTE
r-release-osx-x86_64-snowleopard 0.8-3 OK
r-release-windows-ix86+x86_64 0.8-3 5.00 45.00 50.00 OK
r-oldrel-windows-ix86+x86_64 0.8-3 5.00 46.00 51.00 OK

Check Details

Version: 0.8-3
Check: re-building of vignette outputs
Result: NOTE
    Error in re-building vignettes:
     ...
    Loading required package: permute
    Set of permutations < 'minperm'. Generating entire set.
    Loading required package: parallel
    Error in texi2dvi(file = file, pdf = TRUE, clean = clean, quiet = quiet, :
     Running 'texi2dvi' on 'permutations.tex' failed.
    LaTeX errors:
    ! LaTeX Error: File `a4wide.sty' not found.
    
    Type X to quit or <RETURN> to proceed,
    or enter new name. (Default extension: sty)
    
    ./Z.cls:26: ==> Fatal error occurred, no output PDF file produced!
    Calls: buildVignettes -> texi2pdf -> texi2dvi
    Execution halted
Flavor: r-release-osx-x86_64-mavericks