CRAN Package Check Results for Package permute

Last updated on 2015-07-01 17:47:48.

Flavor Version Tinstall Tcheck Ttotal Status Flags
r-devel-linux-x86_64-debian-clang 0.8-4 2.09 29.29 31.38 NOTE
r-devel-linux-x86_64-debian-gcc 0.8-4 1.80 29.52 31.32 NOTE
r-devel-linux-x86_64-fedora-clang 0.8-4 59.16 NOTE
r-devel-linux-x86_64-fedora-gcc 0.8-4 55.88 NOTE
r-devel-osx-x86_64-clang 0.8-4 61.84 OK
r-devel-windows-ix86+x86_64 0.8-4 9.00 50.00 59.00 NOTE
r-patched-linux-x86_64 0.8-4 1.94 29.70 31.64 OK
r-patched-solaris-sparc 0.8-4 353.10 OK
r-patched-solaris-x86 0.8-4 81.10 OK
r-release-linux-x86_64 0.8-4 1.82 30.11 31.93 OK
r-release-osx-x86_64-mavericks 0.8-4 OK
r-release-windows-ix86+x86_64 0.8-4 6.00 51.00 57.00 OK
r-oldrel-windows-ix86+x86_64 0.8-4 8.00 76.00 84.00 OK

Check Details

Version: 0.8-4
Check: R code for possible problems
Result: NOTE
    doShuffle: no visible global function definition for ‘runif’
    doShuffleSet: no visible global function definition for ‘runif’
    how: no visible global function definition for ‘getCall’
    permuplot: no visible global function definition for ‘par’
    permuplot : xy.series: no visible global function definition for
     ‘xy.coords’
    permuplot : xy.free: no visible global function definition for ‘runif’
    permuplot : xy.free: no visible global function definition for
     ‘xy.coords’
    permuplot : xy.grid: no visible global function definition for
     ‘xy.coords’
    permuplot: no visible global function definition for ‘n2mfrow’
    permuplot: no visible global function definition for ‘xy.coords’
    permuplot: no visible global function definition for ‘strheight’
    permuplot: no visible global function definition for ‘strwidth’
    permuplot: no visible global function definition for ‘plot.new’
    permuplot: no visible global function definition for ‘plot.window’
    permuplot: no visible global function definition for ‘polygon’
    permuplot: no visible global function definition for ‘text’
    permuplot: no visible global function definition for ‘box’
    permuplot: no visible global function definition for ‘title’
    setPlots<-.how: no visible global function definition for ‘getCall’
    setStrata<-.Plots: no visible global function definition for ‘getCall’
    setStrata<-.how: no visible global function definition for ‘getCall’
    setWithin<-.how: no visible global function definition for ‘getCall’
    shuffle: no visible global function definition for ‘update’
    shuffle2: no visible global function definition for ‘runif’
    shuffleGrid: no visible global function definition for ‘runif’
    shuffleSeries: no visible global function definition for ‘runif’
    shuffleSet2: no visible global function definition for ‘runif’
    update.Plots: no visible global function definition for ‘getCall’
    update.how: no visible global function definition for ‘getCall’
Flavors: r-devel-linux-x86_64-debian-clang, r-devel-linux-x86_64-debian-gcc, r-devel-linux-x86_64-fedora-clang, r-devel-linux-x86_64-fedora-gcc, r-devel-windows-ix86+x86_64