CRAN Package Check Results for Package permute

Last updated on 2015-05-25 22:47:14.

Flavor Version Tinstall Tcheck Ttotal Status Flags
r-devel-linux-x86_64-debian-clang 0.8-4 2.03 30.98 33.01 OK
r-devel-linux-x86_64-debian-gcc 0.8-4 1.81 29.32 31.14 OK
r-devel-linux-x86_64-fedora-clang 0.8-4 61.45 OK
r-devel-linux-x86_64-fedora-gcc 0.8-4 58.96 OK
r-devel-osx-x86_64-clang 0.8-4 64.11 OK
r-devel-windows-ix86+x86_64 0.8-4 5.00 49.00 54.00 OK
r-patched-linux-x86_64 0.8-4 2.19 29.84 32.02 OK
r-patched-solaris-sparc 0.8-4 398.10 OK
r-patched-solaris-x86 0.8-4 82.80 OK
r-release-linux-x86_64 0.8-4 1.84 30.31 32.16 OK
r-release-osx-x86_64-mavericks 0.8-4 OK
r-release-osx-x86_64-snowleopard 0.8-3 ERROR
r-release-windows-ix86+x86_64 0.8-4 6.00 49.00 55.00 OK
r-oldrel-windows-ix86+x86_64 0.8-4 5.00 45.00 50.00 OK

Check Details

Version: 0.8-3
Check: package dependencies
Result: NOTE
    Package suggested but not available for checking: ‘vegan’
Flavor: r-release-osx-x86_64-snowleopard

Version: 0.8-3
Check: examples
Result: ERROR
    Running examples in ‘permute-Ex.R’ failed
    The error most likely occurred in:
    
    > ### Name: check
    > ### Title: Utility functions for permutation schemes
    > ### Aliases: check print.check print.summary.check summary.check
    > ### Keywords: utilities design methods
    >
    > ### ** Examples
    >
    > ## use example data from ?pyrifos in package vegan
    > require(vegan)
    Loading required package: vegan
    Warning in library(package, lib.loc = lib.loc, character.only = TRUE, logical.return = TRUE, :
     there is no package called ‘vegan’
    > example(pyrifos)
    Warning in example(pyrifos) : no help found for ‘pyrifos’
    >
    > ## Demonstrate the maximum number of permutations for the pyrifos data
    > ## under a series of permutation schemes
    >
    > ## no restrictions - lots of perms
    > CONTROL <- how(within = Within(type = "free"))
    > (check1 <- check(pyrifos, CONTROL))
    Error in check(pyrifos, CONTROL) : object 'pyrifos' not found
    Execution halted
Flavor: r-release-osx-x86_64-snowleopard