CRAN Package Check Results for Package permute

Last updated on 2015-04-18 19:51:29.

Flavor Version Tinstall Tcheck Ttotal Status Flags
r-devel-linux-x86_64-debian-clang 0.8-3 2.16 31.45 33.61 OK
r-devel-linux-x86_64-debian-gcc 0.8-3 1.84 31.60 33.44 OK
r-devel-linux-x86_64-fedora-clang 0.8-3 65.15 OK
r-devel-linux-x86_64-fedora-gcc 0.8-3 61.56 OK
r-devel-osx-x86_64-clang 0.8-3 66.28 OK
r-patched-linux-x86_64 0.8-3 2.15 31.67 33.82 OK
r-patched-solaris-sparc 0.8-3 442.40 OK
r-patched-solaris-x86 0.8-3 80.20 OK
r-release-linux-x86_64 0.8-3 1.84 31.05 32.88 OK
r-release-osx-x86_64-mavericks 0.8-3 ERROR
r-release-osx-x86_64-snowleopard 0.8-3 ERROR
r-release-windows-ix86+x86_64 0.8-3 4.00 59.00 63.00 OK
r-oldrel-windows-ix86+x86_64 0.8-3 6.00 69.00 75.00 OK

Check Details

Version: 0.8-3
Check: package dependencies
Result: NOTE
    Package suggested but not available for checking: ‘vegan’
Flavors: r-release-osx-x86_64-mavericks, r-release-osx-x86_64-snowleopard

Version: 0.8-3
Check: examples
Result: ERROR
    Running examples in ‘permute-Ex.R’ failed
    The error most likely occurred in:
    
    > ### Name: check
    > ### Title: Utility functions for permutation schemes
    > ### Aliases: check print.check print.summary.check summary.check
    > ### Keywords: utilities design methods
    >
    > ### ** Examples
    >
    > ## use example data from ?pyrifos in package vegan
    > require(vegan)
    Loading required package: vegan
    Warning in library(package, lib.loc = lib.loc, character.only = TRUE, logical.return = TRUE, :
     there is no package called ‘vegan’
    > example(pyrifos)
    Warning in example(pyrifos) : no help found for ‘pyrifos’
    >
    > ## Demonstrate the maximum number of permutations for the pyrifos data
    > ## under a series of permutation schemes
    >
    > ## no restrictions - lots of perms
    > CONTROL <- how(within = Within(type = "free"))
    > (check1 <- check(pyrifos, CONTROL))
    Error in check(pyrifos, CONTROL) : object 'pyrifos' not found
    Execution halted
Flavors: r-release-osx-x86_64-mavericks, r-release-osx-x86_64-snowleopard

Version: 0.8-3
Check: re-building of vignette outputs
Result: NOTE
    Error in re-building vignettes:
     ...
    Loading required package: permute
    Set of permutations < 'minperm'. Generating entire set.
    Loading required package: parallel
    Error in texi2dvi(file = file, pdf = TRUE, clean = clean, quiet = quiet, :
     Running 'texi2dvi' on 'permutations.tex' failed.
    LaTeX errors:
    ! Undefined control sequence.
    l.16 k<a6><d3>K^^HY{^^G<fb>u^^H<f8><e0><c8>^^S<e6><b2> ^^X<e5><e0><d3><0b><88>\|<f3><d9><f9> <f6>1<d7>\<f2>
     ^^C|<cf>I<87>@<ae><99><83>^^G<83>^^O<8f>^^L^^L<83>...
    The control sequence at the end of the top line
    of your error message was never \def'ed. If you have
    ! Undefined control sequence.
    l.16 ...<ae><99><83>^^G<83>^^O<8f>^^L^^L<83><c0><86><c0><c4><d6><c^^\6i4Ȭ6&<f6>^^^>\<f4>
     J<b6>4<b6>%<d9><f2>S^^]ĸg<a6><bb>k<fa>몯<aa>ڿ^^...
    The control sequence at the end of the top line
    of your error message was never \def'ed. If you have
    ! Undefined control sequence.
    l.29 <e5>H<b4>ܽ{^^Ww<af><ad>o^^X<82>CW<97><91><ac><e0><a4>^^S^^D<ee><ec><ec><f4>}R<bd><93><ac><ab>7\<8b>
     <c6>2r^^L<c3>,#<f5><86>YF<ea>
    The control sequence at the end of the top line
    Calls: buildVignettes -> texi2pdf -> texi2dvi
    Execution halted
Flavor: r-release-osx-x86_64-mavericks