CRAN Package Check Results for Package permute

Last updated on 2014-07-23 23:48:28.

Flavor Version Tinstall Tcheck Ttotal Status Flags
r-devel-linux-x86_64-debian-clang 0.8-3 2.13 32.04 34.17 OK
r-devel-linux-x86_64-debian-gcc 0.8-3 2.04 32.46 34.50 OK
r-devel-linux-x86_64-fedora-clang 0.8-3 74.02 OK
r-devel-linux-x86_64-fedora-gcc 0.8-3 69.92 OK
r-devel-osx-x86_64-clang 0.8-3 68.08 OK
r-devel-windows-ix86+x86_64 0.8-3 5.00 48.00 53.00 OK
r-patched-linux-x86_64 0.8-3 2.07 32.57 34.64 OK
r-patched-solaris-sparc 0.8-3 407.30 OK
r-patched-solaris-x86 0.8-3 89.70 OK
r-release-linux-ix86 0.8-3 2.58 43.84 46.42 OK
r-release-linux-x86_64 0.8-3 2.11 32.49 34.60 OK
r-release-osx-x86_64-mavericks 0.8-3 NOTE
r-release-osx-x86_64-snowleopard 0.8-3 OK
r-release-windows-ix86+x86_64 0.8-3 5.00 49.00 54.00 OK
r-oldrel-windows-ix86+x86_64 0.8-3 5.00 47.00 52.00 OK

Check Details

Version: 0.8-3
Check: re-building of vignette outputs
Result: NOTE
    Error in re-building vignettes:
     ...
    Loading required package: permute
    Set of permutations < 'minperm'. Generating entire set.
    Loading required package: parallel
    Error in texi2dvi(file = file, pdf = TRUE, clean = clean, quiet = quiet, :
     Running 'texi2dvi' on 'permutations.tex' failed.
    LaTeX errors:
    ! LaTeX Error: File `a4wide.sty' not found.
    
    Type X to quit or <RETURN> to proceed,
    or enter new name. (Default extension: sty)
    
    ./Z.cls:26: ==> Fatal error occurred, no output PDF file produced!
    Calls: buildVignettes -> texi2pdf -> texi2dvi
    Execution halted
Flavor: r-release-osx-x86_64-mavericks