CRAN Package Check Results for Package permute

Last updated on 2014-04-20 22:47:03.

Flavor Version Tinstall Tcheck Ttotal Status Flags
r-devel-linux-x86_64-debian-clang 0.8-3 2.18 33.52 35.70 OK
r-devel-linux-x86_64-debian-gcc 0.8-3 2.40 34.20 36.60 OK
r-devel-linux-x86_64-fedora-clang 0.8-3 74.14 OK
r-devel-linux-x86_64-fedora-gcc 0.8-3 69.66 OK
r-devel-macosx-x86_64-clang 0.8-3 68.08 OK
r-devel-macosx-x86_64-gcc 0.8-3 ERROR
r-devel-windows-ix86+x86_64 0.8-3 4.00 49.00 53.00 OK
r-patched-linux-x86_64 0.8-3 2.39 33.48 35.88 OK
r-patched-solaris-sparc 0.8-3 407.30 OK
r-patched-solaris-x86 0.8-3 87.10 OK
r-release-linux-ix86 OK
r-release-linux-x86_64 0.8-3 2.46 33.30 35.76 OK
r-release-macosx-x86_64 0.8-3 OK
r-release-windows-ix86+x86_64 0.8-3 6.00 51.00 57.00 OK
r-oldrel-windows-ix86+x86_64 0.8-3 6.00 49.00 55.00 OK

Check Details

Version: 0.8-3
Check: package dependencies
Result: NOTE
    Package suggested but not available for checking: ‘vegan’
Flavor: r-devel-macosx-x86_64-gcc

Version: 0.8-3
Check: examples
Result: ERROR
    Running examples in ‘permute-Ex.R’ failed
    The error most likely occurred in:
    
    > ### Name: check
    > ### Title: Utility functions for permutation schemes
    > ### Aliases: check print.check print.summary.check summary.check
    > ### Keywords: utilities design methods
    >
    > ### ** Examples
    >
    > ## use example data from ?pyrifos in package vegan
    > require(vegan)
    Loading required package: vegan
    Warning in library(package, lib.loc = lib.loc, character.only = TRUE, logical.return = TRUE, :
     there is no package called ‘vegan’
    > example(pyrifos)
    Warning in example(pyrifos) : no help found for ‘pyrifos’
    >
    > ## Demonstrate the maximum number of permutations for the pyrifos data
    > ## under a series of permutation schemes
    >
    > ## no restrictions - lots of perms
    > CONTROL <- how(within = Within(type = "free"))
    > (check1 <- check(pyrifos, CONTROL))
    Error in check(pyrifos, CONTROL) : object 'pyrifos' not found
    Execution halted
Flavor: r-devel-macosx-x86_64-gcc