CRAN Package Check Results for Package permute

Last updated on 2022-12-01 13:50:12 CET.

Flavor Version Tinstall Tcheck Ttotal Status Flags
r-devel-linux-x86_64-debian-clang 0.9-7 4.05 58.31 62.36 NOTE
r-devel-linux-x86_64-debian-gcc 0.9-7 3.19 43.96 47.15 NOTE
r-devel-linux-x86_64-fedora-clang 0.9-7 87.72 NOTE
r-devel-linux-x86_64-fedora-gcc 0.9-7 83.34 NOTE
r-devel-windows-x86_64 0.9-7 46.00 101.00 147.00 NOTE
r-patched-linux-x86_64 0.9-7 4.82 55.53 60.35 OK
r-release-linux-x86_64 0.9-7 4.36 55.95 60.31 OK
r-release-macos-arm64 0.9-7 26.00 OK
r-release-macos-x86_64 0.9-7 40.00 OK
r-release-windows-x86_64 0.9-7 35.00 98.00 133.00 OK
r-oldrel-macos-arm64 0.9-7 36.00 OK
r-oldrel-macos-x86_64 0.9-7 75.00 OK
r-oldrel-windows-ix86+x86_64 0.9-7 9.00 323.00 332.00 OK

Check Details

Version: 0.9-7
Check: Rd files
Result: NOTE
    checkRd: (-1) jackal.Rd:32: Escaped LaTeX specials: \&
Flavors: r-devel-linux-x86_64-debian-clang, r-devel-linux-x86_64-debian-gcc, r-devel-linux-x86_64-fedora-clang, r-devel-linux-x86_64-fedora-gcc, r-devel-windows-x86_64