CRAN Package Check Results for Package permute

Last updated on 2015-03-03 03:49:01.

Flavor Version Tinstall Tcheck Ttotal Status Flags
r-devel-linux-x86_64-debian-clang 0.8-3 1.97 31.54 33.50 OK
r-devel-linux-x86_64-debian-gcc 0.8-3 1.84 30.99 32.83 OK
r-devel-linux-x86_64-fedora-clang 0.8-3 66.52 OK
r-devel-linux-x86_64-fedora-gcc 0.8-3 60.96 OK
r-devel-osx-x86_64-clang 0.8-3 68.02 OK
r-devel-windows-ix86+x86_64 0.8-3 10.00 62.00 72.00 OK
r-patched-linux-x86_64 0.8-3 2.32 34.79 37.10 OK
r-patched-solaris-sparc 0.8-3 443.60 OK
r-patched-solaris-x86 0.8-3 94.90 OK
r-release-linux-ix86 0.8-3 3.23 49.59 52.82 OK
r-release-linux-x86_64 0.8-3 2.19 34.73 36.92 OK
r-release-osx-x86_64-mavericks 0.8-3 NOTE
r-release-osx-x86_64-snowleopard 0.8-3 OK
r-release-windows-ix86+x86_64 0.8-3 7.00 63.00 70.00 OK
r-oldrel-windows-ix86+x86_64 0.8-3 5.00 50.00 55.00 OK

Check Details

Version: 0.8-3
Check: re-building of vignette outputs
Result: NOTE
    Error in re-building vignettes:
     ...
    Loading required package: permute
    Set of permutations < 'minperm'. Generating entire set.
    Loading required package: parallel
    Error in texi2dvi(file = file, pdf = TRUE, clean = clean, quiet = quiet, :
     Running 'texi2dvi' on 'permutations.tex' failed.
    LaTeX errors:
    ! Undefined control sequence.
    l.16 k<a6><d3>K^^HY{^^G<fb>u^^H<f8><e0><c8>^^S<e6><b2> ^^X<e5><e0><d3><0b><88>\|<f3><d9><f9> <f6>1<d7>\<f2>
     ^^C|<cf>I<87>@<ae><99><83>^^G<83>^^O<8f>^^L^^L<83>...
    The control sequence at the end of the top line
    of your error message was never \def'ed. If you have
    ! Undefined control sequence.
    l.16 ...<ae><99><83>^^G<83>^^O<8f>^^L^^L<83><c0><86><c0><c4><d6><c^^\6i4Ȭ6&<f6>^^^>\<f4>
     J<b6>4<b6>%<d9><f2>S^^]ĸg<a6><bb>k<fa>몯<aa>ڿ^^...
    The control sequence at the end of the top line
    of your error message was never \def'ed. If you have
    ! Undefined control sequence.
    l.29 <e5>H<b4>ܽ{^^Ww<af><ad>o^^X<82>CW<97><91><ac><e0><a4>^^S^^D<ee><ec><ec><f4>}R<bd><93><ac><ab>7\<8b>
     <c6>2r^^L<c3>,#<f5><86>YF<ea>
    The control sequence at the end of the top line
    Calls: buildVignettes -> texi2pdf -> texi2dvi
    Execution halted
Flavor: r-release-osx-x86_64-mavericks