CRAN Package Check Results for Package perry

Last updated on 2016-12-10 22:48:38.

Flavor Version Tinstall Tcheck Ttotal Status Flags
r-devel-linux-x86_64-debian-clang 0.2.0 1.55 43.67 45.22 NOTE
r-devel-linux-x86_64-debian-gcc 0.2.0 1.64 41.84 43.48 NOTE
r-devel-linux-x86_64-fedora-clang 0.2.0 76.71 NOTE --no-stop-on-test-error
r-devel-linux-x86_64-fedora-gcc 0.2.0 75.00 NOTE --no-stop-on-test-error
r-devel-macos-x86_64-clang 0.2.0 59.66 NOTE --no-stop-on-test-error
r-devel-windows-ix86+x86_64 0.2.0 5.00 73.00 78.00 NOTE
r-patched-linux-x86_64 0.2.0 1.39 37.34 38.73 NOTE
r-patched-solaris-sparc 0.2.0 438.30 NOTE
r-patched-solaris-x86 0.2.0 83.60 NOTE
r-release-linux-x86_64 0.2.0 1.36 37.65 39.00 NOTE
r-release-osx-x86_64-mavericks 0.2.0 NOTE
r-release-windows-ix86+x86_64 0.2.0 7.00 80.00 87.00 NOTE
r-oldrel-windows-ix86+x86_64 0.2.0 8.00 68.00 76.00 OK

Check Details

Version: 0.2.0
Check: R code for possible problems
Result: NOTE
    hasMethod: no visible global function definition for ‘getS3method’
    Undefined global functions or variables:
     getS3method
    Consider adding
     importFrom("utils", "getS3method")
    to your NAMESPACE file.
Flavors: r-devel-linux-x86_64-debian-clang, r-devel-linux-x86_64-debian-gcc, r-devel-windows-ix86+x86_64, r-patched-linux-x86_64, r-patched-solaris-sparc, r-patched-solaris-x86, r-release-linux-x86_64, r-release-osx-x86_64-mavericks, r-release-windows-ix86+x86_64

Version: 0.2.0
Flags: --no-stop-on-test-error
Check: R code for possible problems
Result: NOTE
    hasMethod: no visible global function definition for ‘getS3method’
    Undefined global functions or variables:
     getS3method
    Consider adding
     importFrom("utils", "getS3method")
    to your NAMESPACE file.
Flavors: r-devel-linux-x86_64-fedora-clang, r-devel-linux-x86_64-fedora-gcc, r-devel-macos-x86_64-clang