CRAN Package Check Results for Package perry

Last updated on 2017-02-25 03:48:29.

Flavor Version Tinstall Tcheck Ttotal Status Flags
r-devel-linux-x86_64-debian-clang 0.2.0 1.68 41.05 42.73 NOTE
r-devel-linux-x86_64-debian-gcc 0.2.0 1.49 41.02 42.51 NOTE
r-devel-linux-x86_64-fedora-clang 0.2.0 82.04 NOTE --no-stop-on-test-error
r-devel-linux-x86_64-fedora-gcc 0.2.0 73.87 NOTE --no-stop-on-test-error
r-devel-macos-x86_64-clang 0.2.0 59.31 NOTE --no-stop-on-test-error
r-devel-windows-ix86+x86_64 0.2.0 10.00 97.00 107.00 NOTE
r-patched-linux-x86_64 0.2.0 1.49 36.80 38.29 NOTE
r-patched-solaris-sparc 0.2.0 421.60 NOTE
r-patched-solaris-x86 0.2.0 82.70 NOTE
r-release-linux-x86_64 0.2.0 1.65 36.82 38.47 NOTE
r-release-osx-x86_64-mavericks 0.2.0 NOTE
r-release-windows-ix86+x86_64 0.2.0 7.00 60.00 67.00 NOTE
r-oldrel-windows-ix86+x86_64 0.2.0 8.00 89.00 97.00 OK

Check Details

Version: 0.2.0
Check: R code for possible problems
Result: NOTE
    hasMethod: no visible global function definition for ‘getS3method’
    Undefined global functions or variables:
     getS3method
    Consider adding
     importFrom("utils", "getS3method")
    to your NAMESPACE file.
Flavors: r-devel-linux-x86_64-debian-clang, r-devel-linux-x86_64-debian-gcc, r-devel-windows-ix86+x86_64, r-patched-linux-x86_64, r-patched-solaris-sparc, r-patched-solaris-x86, r-release-linux-x86_64, r-release-osx-x86_64-mavericks, r-release-windows-ix86+x86_64

Version: 0.2.0
Flags: --no-stop-on-test-error
Check: R code for possible problems
Result: NOTE
    hasMethod: no visible global function definition for ‘getS3method’
    Undefined global functions or variables:
     getS3method
    Consider adding
     importFrom("utils", "getS3method")
    to your NAMESPACE file.
Flavors: r-devel-linux-x86_64-fedora-clang, r-devel-linux-x86_64-fedora-gcc, r-devel-macos-x86_64-clang