CRAN Package Check Results for Package perry

Last updated on 2017-03-30 10:48:28.

Flavor Version Tinstall Tcheck Ttotal Status Flags
r-devel-linux-x86_64-debian-clang 0.2.0 1.45 42.83 44.28 NOTE
r-devel-linux-x86_64-debian-gcc 0.2.0 1.64 41.29 42.92 NOTE
r-devel-linux-x86_64-fedora-clang 0.2.0 75.01 NOTE --no-stop-on-test-error
r-devel-linux-x86_64-fedora-gcc 0.2.0 73.50 NOTE --no-stop-on-test-error
r-devel-macos-x86_64-clang 0.2.0 57.69 NOTE --no-stop-on-test-error
r-devel-windows-ix86+x86_64 0.2.0 5.00 93.00 98.00 NOTE
r-patched-linux-x86_64 0.2.0 1.51 40.44 41.95 NOTE
r-patched-solaris-sparc 0.2.0 455.60 NOTE
r-patched-solaris-x86 0.2.0 94.30 NOTE
r-release-linux-x86_64 0.2.0 1.52 36.40 37.92 NOTE
r-release-osx-x86_64-mavericks 0.2.0 NOTE
r-release-windows-ix86+x86_64 0.2.0 13.00 67.00 80.00 NOTE
r-oldrel-windows-ix86+x86_64 0.2.0 13.00 82.00 95.00 OK

Check Details

Version: 0.2.0
Check: R code for possible problems
Result: NOTE
    hasMethod: no visible global function definition for ‘getS3method’
    Undefined global functions or variables:
     getS3method
    Consider adding
     importFrom("utils", "getS3method")
    to your NAMESPACE file.
Flavors: r-devel-linux-x86_64-debian-clang, r-devel-linux-x86_64-debian-gcc, r-devel-windows-ix86+x86_64, r-patched-linux-x86_64, r-patched-solaris-sparc, r-patched-solaris-x86, r-release-linux-x86_64, r-release-osx-x86_64-mavericks, r-release-windows-ix86+x86_64

Version: 0.2.0
Flags: --no-stop-on-test-error
Check: R code for possible problems
Result: NOTE
    hasMethod: no visible global function definition for ‘getS3method’
    Undefined global functions or variables:
     getS3method
    Consider adding
     importFrom("utils", "getS3method")
    to your NAMESPACE file.
Flavors: r-devel-linux-x86_64-fedora-clang, r-devel-linux-x86_64-fedora-gcc, r-devel-macos-x86_64-clang