CRAN Package Check Results for Package perry

Last updated on 2017-10-17 02:48:45.

Flavor Version Tinstall Tcheck Ttotal Status Flags
r-devel-linux-x86_64-debian-clang 0.2.0 1.54 40.67 42.21 NOTE
r-devel-linux-x86_64-debian-gcc 0.2.0 2.10 45.19 47.29 NOTE
r-devel-linux-x86_64-fedora-clang 0.2.0 77.69 NOTE
r-devel-linux-x86_64-fedora-gcc 0.2.0 77.36 NOTE
r-devel-windows-ix86+x86_64 0.2.0 5.00 109.00 114.00 NOTE
r-patched-linux-x86_64 0.2.0 1.71 39.07 40.77 NOTE
r-patched-solaris-x86 0.2.0 97.00 NOTE
r-release-linux-x86_64 0.2.0 1.50 39.65 41.16 NOTE
r-release-windows-ix86+x86_64 0.2.0 9.00 94.00 103.00 NOTE
r-release-osx-x86_64 0.2.0 NOTE
r-oldrel-windows-ix86+x86_64 0.2.0 7.00 94.00 101.00 NOTE
r-oldrel-osx-x86_64 0.2.0 NOTE

Check Details

Version: 0.2.0
Check: R code for possible problems
Result: NOTE
    hasMethod: no visible global function definition for ‘getS3method’
    Undefined global functions or variables:
     getS3method
    Consider adding
     importFrom("utils", "getS3method")
    to your NAMESPACE file.
Flavors: r-devel-linux-x86_64-debian-clang, r-devel-linux-x86_64-debian-gcc, r-devel-linux-x86_64-fedora-clang, r-devel-linux-x86_64-fedora-gcc, r-devel-windows-ix86+x86_64, r-patched-linux-x86_64, r-patched-solaris-x86, r-release-linux-x86_64, r-release-windows-ix86+x86_64, r-release-osx-x86_64, r-oldrel-windows-ix86+x86_64, r-oldrel-osx-x86_64