CRAN Package Check Results for Package perry

Last updated on 2015-08-01 23:47:26.

Flavor Version Tinstall Tcheck Ttotal Status Flags
r-devel-linux-x86_64-debian-clang 0.2.0 1.58 37.54 39.12 NOTE
r-devel-linux-x86_64-debian-gcc 0.2.0 1.49 37.22 38.72 NOTE
r-devel-linux-x86_64-fedora-clang 0.2.0 73.47 NOTE
r-devel-linux-x86_64-fedora-gcc 0.2.0 68.31 NOTE
r-devel-osx-x86_64-clang 0.2.0 64.54 OK
r-devel-windows-ix86+x86_64 0.2.0 10.00 51.00 61.00 NOTE
r-patched-linux-x86_64 0.2.0 1.56 36.37 37.93 OK
r-patched-solaris-sparc 0.2.0 470.30 OK
r-patched-solaris-x86 0.2.0 100.10 OK
r-release-linux-x86_64 0.2.0 1.68 36.72 38.40 OK
r-release-osx-x86_64-mavericks 0.2.0 OK
r-release-windows-ix86+x86_64 0.2.0 9.00 57.00 66.00 OK
r-oldrel-windows-ix86+x86_64 0.2.0 13.00 80.00 93.00 OK

Check Details

Version: 0.2.0
Check: R code for possible problems
Result: NOTE
    hasMethod: no visible global function definition for ‘getS3method’
    Undefined global functions or variables:
     getS3method
    Consider adding
     importFrom("utils", "getS3method")
    to your NAMESPACE.
Flavors: r-devel-linux-x86_64-debian-clang, r-devel-linux-x86_64-debian-gcc, r-devel-linux-x86_64-fedora-clang, r-devel-linux-x86_64-fedora-gcc, r-devel-windows-ix86+x86_64