CRAN Package Check Results for Package perry

Last updated on 2017-08-17 00:56:30.

Flavor Version Tinstall Tcheck Ttotal Status Flags
r-devel-linux-x86_64-debian-clang 0.2.0 1.69 41.19 42.88 NOTE
r-devel-linux-x86_64-debian-gcc 0.2.0 1.48 40.07 41.55 NOTE
r-devel-linux-x86_64-fedora-clang 0.2.0 76.97 NOTE
r-devel-linux-x86_64-fedora-gcc 0.2.0 79.47 NOTE
r-devel-windows-ix86+x86_64 0.2.0 6.00 66.00 72.00 NOTE
r-patched-linux-x86_64 0.2.0 1.51 39.83 41.34 NOTE
r-patched-solaris-x86 0.2.0 96.70 NOTE
r-release-linux-x86_64 0.2.0 1.51 39.11 40.62 NOTE
r-release-windows-ix86+x86_64 0.2.0 5.00 73.00 78.00 NOTE
r-release-osx-x86_64 0.2.0 NOTE
r-oldrel-windows-ix86+x86_64 0.2.0 5.00 65.00 70.00 NOTE
r-oldrel-osx-x86_64 0.2.0 NOTE

Check Details

Version: 0.2.0
Check: R code for possible problems
Result: NOTE
    hasMethod: no visible global function definition for ‘getS3method’
    Undefined global functions or variables:
     getS3method
    Consider adding
     importFrom("utils", "getS3method")
    to your NAMESPACE file.
Flavors: r-devel-linux-x86_64-debian-clang, r-devel-linux-x86_64-debian-gcc, r-devel-linux-x86_64-fedora-clang, r-devel-linux-x86_64-fedora-gcc, r-devel-windows-ix86+x86_64, r-patched-linux-x86_64, r-patched-solaris-x86, r-release-linux-x86_64, r-release-windows-ix86+x86_64, r-release-osx-x86_64, r-oldrel-windows-ix86+x86_64, r-oldrel-osx-x86_64