CRAN Package Check Results for Package perry

Last updated on 2014-04-19 18:47:45.

Flavor Version Tinstall Tcheck Ttotal Status Flags
r-devel-linux-x86_64-debian-clang 0.2.0 2.18 45.10 47.27 OK
r-devel-linux-x86_64-debian-gcc 0.2.0 2.05 45.81 47.86 OK
r-devel-linux-x86_64-fedora-clang 0.2.0 93.27 OK
r-devel-linux-x86_64-fedora-gcc 0.2.0 88.37 OK
r-devel-macosx-x86_64-clang 0.2.0 84.45 OK
r-devel-macosx-x86_64-gcc 0.2.0 ERROR
r-devel-windows-ix86+x86_64 0.2.0 7.00 64.00 71.00 OK
r-patched-linux-x86_64 0.2.0 2.09 45.51 47.60 OK
r-patched-solaris-sparc 0.2.0 519.60 OK
r-patched-solaris-x86 0.2.0 112.80 OK
r-release-linux-ix86 OK
r-release-linux-x86_64 0.2.0 2.12 45.72 47.84 OK
r-release-macosx-x86_64 0.2.0 OK
r-release-windows-ix86+x86_64 0.2.0 11.00 67.00 78.00 OK
r-oldrel-windows-ix86+x86_64 0.2.0 8.00 70.00 78.00 OK

Check Details

Version: 0.2.0
Check: package dependencies
Result: ERROR
    Packages required but not available: ‘ggplot2’ ‘robustbase’
    
    See the information on DESCRIPTION files in the chapter ‘Creating R
    packages’ of the ‘Writing R Extensions’ manual.
Flavor: r-devel-macosx-x86_64-gcc