CRAN Package Check Results for Package perry

Last updated on 2015-09-03 19:47:22.

Flavor Version Tinstall Tcheck Ttotal Status Flags
r-devel-linux-x86_64-debian-clang 0.2.0 1.36 35.88 37.23 NOTE
r-devel-linux-x86_64-debian-gcc 0.2.0 1.36 36.42 37.78 NOTE
r-devel-linux-x86_64-fedora-clang 0.2.0 70.14 NOTE
r-devel-linux-x86_64-fedora-gcc 0.2.0 66.34 NOTE
r-devel-osx-x86_64-clang 0.2.0 62.74 OK
r-devel-windows-ix86+x86_64 0.2.0 12.00 61.00 73.00 NOTE
r-patched-linux-x86_64 0.2.0 1.56 36.59 38.15 OK
r-patched-solaris-sparc 0.2.0 470.30 OK
r-patched-solaris-x86 0.2.0 101.40 OK
r-release-linux-x86_64 0.2.0 1.93 37.40 39.33 OK
r-release-osx-x86_64-mavericks 0.2.0 OK
r-release-windows-ix86+x86_64 0.2.0 7.00 54.00 61.00 OK
r-oldrel-windows-ix86+x86_64 0.2.0 15.00 84.00 99.00 OK

Check Details

Version: 0.2.0
Check: R code for possible problems
Result: NOTE
    hasMethod: no visible global function definition for ‘getS3method’
    Undefined global functions or variables:
     getS3method
    Consider adding
     importFrom("utils", "getS3method")
    to your NAMESPACE.
Flavors: r-devel-linux-x86_64-debian-clang, r-devel-linux-x86_64-debian-gcc, r-devel-linux-x86_64-fedora-clang, r-devel-linux-x86_64-fedora-gcc, r-devel-windows-ix86+x86_64