CRAN Package Check Results for Package perry

Last updated on 2018-05-21 04:49:19 CEST.

Flavor Version Tinstall Tcheck Ttotal Status Flags
r-devel-linux-x86_64-debian-clang 0.2.0 4.14 55.60 59.74 NOTE
r-devel-linux-x86_64-debian-gcc 0.2.0 3.49 47.82 51.31 NOTE
r-devel-linux-x86_64-fedora-clang 0.2.0 78.25 NOTE
r-devel-linux-x86_64-fedora-gcc 0.2.0 74.79 NOTE
r-devel-windows-ix86+x86_64 0.2.0 7.00 73.00 80.00 NOTE
r-patched-linux-x86_64 0.2.0 4.25 58.88 63.13 NOTE
r-patched-solaris-x86 0.2.0 109.50 NOTE
r-release-linux-x86_64 0.2.0 3.99 58.84 62.83 NOTE
r-release-windows-ix86+x86_64 0.2.0 8.00 63.00 71.00 NOTE
r-release-osx-x86_64 0.2.0 NOTE
r-oldrel-windows-ix86+x86_64 0.2.0 5.00 64.00 69.00 NOTE
r-oldrel-osx-x86_64 0.2.0 NOTE

Check Details

Version: 0.2.0
Check: R code for possible problems
Result: NOTE
    hasMethod: no visible global function definition for ‘getS3method’
    Undefined global functions or variables:
     getS3method
    Consider adding
     importFrom("utils", "getS3method")
    to your NAMESPACE file.
Flavors: r-devel-linux-x86_64-debian-clang, r-devel-linux-x86_64-debian-gcc, r-devel-linux-x86_64-fedora-clang, r-devel-linux-x86_64-fedora-gcc, r-devel-windows-ix86+x86_64, r-patched-linux-x86_64, r-patched-solaris-x86, r-release-linux-x86_64, r-release-windows-ix86+x86_64, r-release-osx-x86_64, r-oldrel-windows-ix86+x86_64, r-oldrel-osx-x86_64