CRAN Package Check Results for Package perry

Last updated on 2016-05-26 23:50:00.

Flavor Version Tinstall Tcheck Ttotal Status Flags
r-devel-linux-x86_64-debian-gcc 0.2.0 1.32 35.70 37.03 NOTE
r-devel-linux-x86_64-fedora-clang 0.2.0 65.03 NOTE
r-devel-linux-x86_64-fedora-gcc 0.2.0 61.78 NOTE
r-devel-osx-x86_64-clang 0.2.0 74.21 NOTE
r-devel-windows-ix86+x86_64 0.2.0 4.00 65.00 69.00 NOTE
r-patched-linux-x86_64 0.2.0 1.28 35.33 36.60 NOTE
r-patched-solaris-sparc 0.2.0 410.10 NOTE
r-patched-solaris-x86 0.2.0 82.70 NOTE
r-release-linux-x86_64 0.2.0 1.27 35.24 36.51 NOTE
r-release-osx-x86_64-mavericks 0.2.0 NOTE
r-release-windows-ix86+x86_64 0.2.0 9.00 62.00 71.00 NOTE
r-oldrel-windows-ix86+x86_64 0.2.0 4.00 53.00 57.00 OK

Check Details

Version: 0.2.0
Check: R code for possible problems
Result: NOTE
    hasMethod: no visible global function definition for ‘getS3method’
    Undefined global functions or variables:
     getS3method
    Consider adding
     importFrom("utils", "getS3method")
    to your NAMESPACE file.
Flavors: r-devel-linux-x86_64-debian-gcc, r-devel-linux-x86_64-fedora-clang, r-devel-linux-x86_64-fedora-gcc, r-devel-osx-x86_64-clang, r-devel-windows-ix86+x86_64, r-patched-linux-x86_64, r-patched-solaris-sparc, r-patched-solaris-x86, r-release-linux-x86_64, r-release-osx-x86_64-mavericks, r-release-windows-ix86+x86_64