CRAN Package Check Results for Package perry

Last updated on 2017-05-24 07:49:59.

Flavor Version Tinstall Tcheck Ttotal Status Flags
r-devel-linux-x86_64-debian-clang 0.2.0 1.79 41.79 43.57 NOTE
r-devel-linux-x86_64-debian-gcc 0.2.0 1.58 41.40 42.97 NOTE
r-devel-linux-x86_64-fedora-clang 0.2.0 76.85 NOTE --no-stop-on-test-error
r-devel-linux-x86_64-fedora-gcc 0.2.0 73.73 NOTE --no-stop-on-test-error
r-devel-windows-ix86+x86_64 0.2.0 5.00 72.00 77.00 NOTE
r-patched-linux-x86_64 0.2.0 1.51 41.49 43.00 NOTE
r-patched-solaris-sparc 0.2.0 455.60 NOTE
r-patched-solaris-x86 0.2.0 94.40 NOTE
r-release-linux-x86_64 0.2.0 1.63 41.57 43.20 NOTE
r-release-windows-ix86+x86_64 0.2.0 5.00 97.00 102.00 NOTE
r-release-osx-x86_64 0.2.0 NOTE
r-oldrel-windows-ix86+x86_64 0.2.0 7.00 81.00 88.00 NOTE
r-oldrel-osx-x86_64 0.2.0 NOTE

Check Details

Version: 0.2.0
Check: R code for possible problems
Result: NOTE
    hasMethod: no visible global function definition for ‘getS3method’
    Undefined global functions or variables:
     getS3method
    Consider adding
     importFrom("utils", "getS3method")
    to your NAMESPACE file.
Flavors: r-devel-linux-x86_64-debian-clang, r-devel-linux-x86_64-debian-gcc, r-devel-windows-ix86+x86_64, r-patched-linux-x86_64, r-patched-solaris-sparc, r-patched-solaris-x86, r-release-linux-x86_64, r-release-windows-ix86+x86_64, r-release-osx-x86_64, r-oldrel-windows-ix86+x86_64, r-oldrel-osx-x86_64

Version: 0.2.0
Flags: --no-stop-on-test-error
Check: R code for possible problems
Result: NOTE
    hasMethod: no visible global function definition for ‘getS3method’
    Undefined global functions or variables:
     getS3method
    Consider adding
     importFrom("utils", "getS3method")
    to your NAMESPACE file.
Flavors: r-devel-linux-x86_64-fedora-clang, r-devel-linux-x86_64-fedora-gcc