CRAN Package Check Results for Package perry

Last updated on 2015-06-30 04:46:45.

Flavor Version Tinstall Tcheck Ttotal Status Flags
r-devel-linux-x86_64-debian-clang 0.2.0 1.39 37.34 38.73 NOTE
r-devel-linux-x86_64-debian-gcc 0.2.0 1.46 36.10 37.56 NOTE
r-devel-linux-x86_64-fedora-clang 0.2.0 72.13 OK
r-devel-linux-x86_64-fedora-gcc 0.2.0 68.43 OK
r-devel-osx-x86_64-clang 0.2.0 67.77 OK
r-devel-windows-ix86+x86_64 0.2.0 7.00 49.00 56.00 NOTE
r-patched-linux-x86_64 0.2.0 1.50 36.52 38.02 OK
r-patched-solaris-sparc 0.2.0 484.20 OK
r-patched-solaris-x86 0.2.0 101.60 OK
r-release-linux-x86_64 0.2.0 1.55 36.80 38.36 OK
r-release-osx-x86_64-mavericks 0.2.0 OK
r-release-windows-ix86+x86_64 0.2.0 9.00 53.00 62.00 OK
r-oldrel-windows-ix86+x86_64 0.2.0 11.00 71.00 82.00 OK

Check Details

Version: 0.2.0
Check: R code for possible problems
Result: NOTE
    hasMethod: no visible global function definition for ‘getS3method’
Flavors: r-devel-linux-x86_64-debian-clang, r-devel-linux-x86_64-debian-gcc, r-devel-windows-ix86+x86_64