CRAN Package Check Results for Package perry

Last updated on 2016-02-08 09:49:40.

Flavor Version Tinstall Tcheck Ttotal Status Flags
r-devel-linux-x86_64-debian-gcc 0.2.0 1.34 34.26 35.60 NOTE
r-devel-linux-x86_64-fedora-clang 0.2.0 63.67 NOTE
r-devel-linux-x86_64-fedora-gcc 0.2.0 61.88 NOTE
r-devel-osx-x86_64-clang 0.2.0 68.97 NOTE
r-devel-windows-ix86+x86_64 0.2.0 8.00 78.00 86.00 NOTE
r-patched-linux-x86_64 0.2.0 1.42 35.80 37.23 OK
r-patched-solaris-sparc 0.2.0 422.00 OK
r-patched-solaris-x86 0.2.0 92.40 OK
r-release-linux-x86_64 0.2.0 1.40 35.39 36.79 OK
r-release-osx-x86_64-mavericks 0.2.0 OK
r-release-windows-ix86+x86_64 0.2.0 8.00 79.00 87.00 OK
r-oldrel-windows-ix86+x86_64 0.2.0 12.00 79.00 91.00 OK

Check Details

Version: 0.2.0
Check: R code for possible problems
Result: NOTE
    hasMethod: no visible global function definition for ‘getS3method’
    Undefined global functions or variables:
     getS3method
    Consider adding
     importFrom("utils", "getS3method")
    to your NAMESPACE file.
Flavors: r-devel-linux-x86_64-debian-gcc, r-devel-linux-x86_64-fedora-clang, r-devel-linux-x86_64-fedora-gcc, r-devel-osx-x86_64-clang, r-devel-windows-ix86+x86_64