CRAN Package Check Results for Package perry

Last updated on 2016-06-29 03:47:30.

Flavor Version Tinstall Tcheck Ttotal Status Flags
r-devel-linux-x86_64-debian-gcc 0.2.0 1.62 37.69 39.31 NOTE
r-devel-linux-x86_64-fedora-clang 0.2.0 65.28 NOTE
r-devel-linux-x86_64-fedora-gcc 0.2.0 61.29 NOTE
r-devel-osx-x86_64-clang 0.2.0 52.61 NOTE
r-devel-windows-ix86+x86_64 0.2.0 4.00 59.00 63.00 NOTE
r-patched-linux-x86_64 0.2.0 1.34 37.08 38.41 NOTE
r-patched-solaris-sparc 0.2.0 416.90 NOTE
r-patched-solaris-x86 0.2.0 83.40 NOTE
r-release-linux-x86_64 0.2.0 1.46 34.93 36.39 NOTE
r-release-osx-x86_64-mavericks 0.2.0 NOTE
r-release-windows-ix86+x86_64 0.2.0 6.00 82.00 88.00 NOTE
r-oldrel-windows-ix86+x86_64 0.2.0 7.00 54.00 61.00 OK

Check Details

Version: 0.2.0
Check: R code for possible problems
Result: NOTE
    hasMethod: no visible global function definition for ‘getS3method’
    Undefined global functions or variables:
     getS3method
    Consider adding
     importFrom("utils", "getS3method")
    to your NAMESPACE file.
Flavors: r-devel-linux-x86_64-debian-gcc, r-devel-linux-x86_64-fedora-clang, r-devel-linux-x86_64-fedora-gcc, r-devel-osx-x86_64-clang, r-devel-windows-ix86+x86_64, r-patched-linux-x86_64, r-patched-solaris-sparc, r-patched-solaris-x86, r-release-linux-x86_64, r-release-osx-x86_64-mavericks, r-release-windows-ix86+x86_64