CRAN Package Check Results for Package perry

Last updated on 2016-07-30 14:49:50.

Flavor Version Tinstall Tcheck Ttotal Status Flags
r-devel-linux-x86_64-debian-clang 0.2.0 1.32 36.85 38.17 NOTE
r-devel-linux-x86_64-debian-gcc 0.2.0 1.36 36.42 37.78 NOTE
r-devel-linux-x86_64-fedora-clang 0.2.0 63.76 NOTE
r-devel-linux-x86_64-fedora-gcc 0.2.0 63.08 NOTE
r-devel-osx-x86_64-clang 0.2.0 52.33 NOTE
r-devel-windows-ix86+x86_64 0.2.0 5.00 64.00 69.00 NOTE
r-patched-linux-x86_64 0.2.0 1.34 36.89 38.23 NOTE
r-patched-solaris-sparc 0.2.0 416.90 NOTE
r-patched-solaris-x86 0.2.0 80.70 NOTE
r-release-linux-x86_64 0.2.0 1.75 41.36 43.11 NOTE
r-release-osx-x86_64-mavericks 0.2.0 NOTE
r-release-windows-ix86+x86_64 0.2.0 10.00 88.00 98.00 NOTE
r-oldrel-windows-ix86+x86_64 0.2.0 8.00 79.00 87.00 OK

Check Details

Version: 0.2.0
Check: R code for possible problems
Result: NOTE
    hasMethod: no visible global function definition for ‘getS3method’
    Undefined global functions or variables:
     getS3method
    Consider adding
     importFrom("utils", "getS3method")
    to your NAMESPACE file.
Flavors: r-devel-linux-x86_64-debian-clang, r-devel-linux-x86_64-debian-gcc, r-devel-linux-x86_64-fedora-clang, r-devel-linux-x86_64-fedora-gcc, r-devel-osx-x86_64-clang, r-devel-windows-ix86+x86_64, r-patched-linux-x86_64, r-patched-solaris-sparc, r-patched-solaris-x86, r-release-linux-x86_64, r-release-osx-x86_64-mavericks, r-release-windows-ix86+x86_64