CRAN Package Check Results for Package perry

Last updated on 2017-12-17 18:46:33 CET.

Flavor Version Tinstall Tcheck Ttotal Status Flags
r-devel-linux-x86_64-debian-clang 0.2.0 1.91 63.64 65.55 NOTE
r-devel-linux-x86_64-debian-gcc 0.2.0 1.77 48.86 50.63 NOTE
r-devel-linux-x86_64-fedora-clang 0.2.0 73.66 NOTE
r-devel-linux-x86_64-fedora-gcc 0.2.0 71.38 NOTE
r-devel-windows-ix86+x86_64 0.2.0 5.00 68.00 73.00 NOTE
r-patched-linux-x86_64 0.2.0 2.20 64.04 66.24 NOTE
r-patched-solaris-x86 0.2.0 93.70 NOTE
r-release-linux-x86_64 0.2.0 2.05 63.38 65.43 NOTE
r-release-windows-ix86+x86_64 0.2.0 6.00 65.00 71.00 NOTE
r-release-osx-x86_64 0.2.0 NOTE
r-oldrel-windows-ix86+x86_64 0.2.0 8.00 83.00 91.00 NOTE
r-oldrel-osx-x86_64 0.2.0 NOTE

Check Details

Version: 0.2.0
Check: R code for possible problems
Result: NOTE
    hasMethod: no visible global function definition for ‘getS3method’
    Undefined global functions or variables:
     getS3method
    Consider adding
     importFrom("utils", "getS3method")
    to your NAMESPACE file.
Flavors: r-devel-linux-x86_64-debian-clang, r-devel-linux-x86_64-debian-gcc, r-devel-linux-x86_64-fedora-clang, r-devel-linux-x86_64-fedora-gcc, r-devel-windows-ix86+x86_64, r-patched-linux-x86_64, r-patched-solaris-x86, r-release-linux-x86_64, r-release-windows-ix86+x86_64, r-release-osx-x86_64, r-oldrel-windows-ix86+x86_64, r-oldrel-osx-x86_64