CRAN Package Check Results for Package perry

Last updated on 2017-06-28 20:48:43.

Flavor Version Tinstall Tcheck Ttotal Status Flags
r-devel-linux-x86_64-debian-clang 0.2.0 1.52 42.84 44.35 NOTE
r-devel-linux-x86_64-debian-gcc 0.2.0 1.65 40.22 41.87 NOTE
r-devel-linux-x86_64-fedora-clang 0.2.0 78.04 NOTE
r-devel-linux-x86_64-fedora-gcc 0.2.0 78.51 NOTE
r-devel-windows-ix86+x86_64 0.2.0 5.00 82.00 87.00 NOTE
r-patched-linux-x86_64 0.2.0 1.60 44.85 46.44 NOTE
r-patched-solaris-sparc 0.2.0 455.60 NOTE
r-patched-solaris-x86 0.2.0 95.30 NOTE
r-release-linux-x86_64 0.2.0 1.54 40.77 42.31 NOTE
r-release-windows-ix86+x86_64 0.2.0 6.00 94.00 100.00 NOTE
r-release-osx-x86_64 0.2.0 NOTE
r-oldrel-windows-ix86+x86_64 0.2.0 6.00 82.00 88.00 NOTE
r-oldrel-osx-x86_64 0.2.0 NOTE

Check Details

Version: 0.2.0
Check: R code for possible problems
Result: NOTE
    hasMethod: no visible global function definition for ‘getS3method’
    Undefined global functions or variables:
     getS3method
    Consider adding
     importFrom("utils", "getS3method")
    to your NAMESPACE file.
Flavors: r-devel-linux-x86_64-debian-clang, r-devel-linux-x86_64-debian-gcc, r-devel-linux-x86_64-fedora-clang, r-devel-linux-x86_64-fedora-gcc, r-devel-windows-ix86+x86_64, r-patched-linux-x86_64, r-patched-solaris-sparc, r-patched-solaris-x86, r-release-linux-x86_64, r-release-windows-ix86+x86_64, r-release-osx-x86_64, r-oldrel-windows-ix86+x86_64, r-oldrel-osx-x86_64