CRAN Package Check Results for Package perry

Last updated on 2015-05-24 10:47:05.

Flavor Version Tinstall Tcheck Ttotal Status Flags
r-devel-linux-x86_64-debian-clang 0.2.0 1.44 37.13 38.58 OK
r-devel-linux-x86_64-debian-gcc 0.2.0 1.42 37.00 38.43 OK
r-devel-linux-x86_64-fedora-clang 0.2.0 73.71 OK
r-devel-linux-x86_64-fedora-gcc 0.2.0 69.90 OK
r-devel-osx-x86_64-clang 0.2.0 66.23 OK
r-devel-windows-ix86+x86_64 0.2.0 6.00 57.00 63.00 OK
r-patched-linux-x86_64 0.2.0 1.45 36.62 38.07 OK
r-patched-solaris-sparc 0.2.0 474.50 OK
r-patched-solaris-x86 0.2.0 106.50 OK
r-release-linux-x86_64 0.2.0 1.50 36.97 38.48 OK
r-release-osx-x86_64-mavericks 0.2.0 OK
r-release-osx-x86_64-snowleopard 0.2.0 ERROR
r-release-windows-ix86+x86_64 0.2.0 9.00 51.00 60.00 OK
r-oldrel-windows-ix86+x86_64 0.2.0 11.00 74.00 85.00 OK

Check Details

Version: 0.2.0
Check: package dependencies
Result: ERROR
    Package required but not available: ‘ggplot2’
    
    See section ‘The DESCRIPTION file’ in the ‘Writing R Extensions’
    manual.
Flavor: r-release-osx-x86_64-snowleopard