CRAN Package Check Results for Package perturb

Last updated on 2016-12-08 22:48:13.

Flavor Version Tinstall Tcheck Ttotal Status Flags
r-devel-linux-x86_64-debian-clang 2.05 0.59 14.84 15.43 NOTE
r-devel-linux-x86_64-debian-gcc 2.05 0.63 15.92 16.55 NOTE
r-devel-linux-x86_64-fedora-clang 2.05 27.13 NOTE --no-stop-on-test-error
r-devel-linux-x86_64-fedora-gcc 2.05 26.16 NOTE --no-stop-on-test-error
r-devel-macos-x86_64-clang 2.05 23.63 NOTE
r-devel-windows-ix86+x86_64 2.05 3.00 29.00 32.00 NOTE
r-patched-linux-x86_64 2.05 0.62 12.64 13.26 NOTE
r-patched-solaris-sparc 2.05 130.30 NOTE
r-patched-solaris-x86 2.05 28.60 NOTE
r-release-linux-x86_64 2.05 0.64 12.77 13.40 NOTE
r-release-osx-x86_64-mavericks 2.05 NOTE
r-release-windows-ix86+x86_64 2.05 1.00 29.00 30.00 NOTE
r-oldrel-windows-ix86+x86_64 2.05 4.00 25.00 29.00 OK

Check Details

Version: 2.05
Check: S3 generic/method consistency
Result: NOTE
    Found the following apparent S3 methods exported but not registered:
     print.summary.perturb
    See section ‘Registering S3 methods’ in the ‘Writing R Extensions’
    manual.
Flavors: r-devel-linux-x86_64-debian-clang, r-devel-linux-x86_64-debian-gcc, r-devel-macos-x86_64-clang, r-patched-linux-x86_64, r-patched-solaris-sparc, r-patched-solaris-x86, r-release-linux-x86_64

Version: 2.05
Check: R code for possible problems
Result: NOTE
    colldiag: no visible global function definition for ‘na.omit’
    perturb : cutsp: no visible global function definition for ‘runif’
    perturb: no visible global function definition for ‘terms’
    perturb: no visible global function definition for ‘formula’
    perturb: no visible global function definition for ‘coefficients’
    perturb: no visible global function definition for ‘as.formula’
    print.reclassify: no visible global function definition for
     ‘addmargins’
    reclassify : best.model: no visible global function definition for
     ‘glm’
    reclassify : best.model: no visible global function definition for
     ‘as.formula’
    reclassify : best.model: no visible global function definition for
     ‘poisson’
    reclassify : best.model: no visible global function definition for
     ‘coef’
    reclassify : best.model: no visible global function definition for
     ‘model.matrix’
    reclassify : assocPat: no visible global function definition for
     ‘model.matrix’
    reclassify : assocPat: no visible global function definition for ‘glm’
    reclassify : assocPat: no visible global function definition for
     ‘poisson’
    summary.perturb: no visible binding for global variable ‘sd’
    Undefined global functions or variables:
     addmargins as.formula coef coefficients formula glm model.matrix
     na.omit poisson runif sd terms
    Consider adding
     importFrom("stats", "addmargins", "as.formula", "coef", "coefficients",
     "formula", "glm", "model.matrix", "na.omit", "poisson",
     "runif", "sd", "terms")
    to your NAMESPACE file.
Flavors: r-devel-linux-x86_64-debian-clang, r-devel-linux-x86_64-debian-gcc, r-devel-macos-x86_64-clang, r-devel-windows-ix86+x86_64, r-patched-linux-x86_64, r-patched-solaris-sparc, r-patched-solaris-x86, r-release-linux-x86_64, r-release-osx-x86_64-mavericks, r-release-windows-ix86+x86_64

Version: 2.05
Check: package dependencies
Result: NOTE
    Package suggested but not available for checking: ‘rms’
Flavor: r-devel-linux-x86_64-debian-gcc

Version: 2.05
Flags: --no-stop-on-test-error
Check: S3 generic/method consistency
Result: NOTE
    Found the following apparent S3 methods exported but not registered:
     print.summary.perturb
    See section ‘Registering S3 methods’ in the ‘Writing R Extensions’
    manual.
Flavors: r-devel-linux-x86_64-fedora-clang, r-devel-linux-x86_64-fedora-gcc

Version: 2.05
Flags: --no-stop-on-test-error
Check: R code for possible problems
Result: NOTE
    colldiag: no visible global function definition for ‘na.omit’
    perturb : cutsp: no visible global function definition for ‘runif’
    perturb: no visible global function definition for ‘terms’
    perturb: no visible global function definition for ‘formula’
    perturb: no visible global function definition for ‘coefficients’
    perturb: no visible global function definition for ‘as.formula’
    print.reclassify: no visible global function definition for
     ‘addmargins’
    reclassify : best.model: no visible global function definition for
     ‘glm’
    reclassify : best.model: no visible global function definition for
     ‘as.formula’
    reclassify : best.model: no visible global function definition for
     ‘poisson’
    reclassify : best.model: no visible global function definition for
     ‘coef’
    reclassify : best.model: no visible global function definition for
     ‘model.matrix’
    reclassify : assocPat: no visible global function definition for
     ‘model.matrix’
    reclassify : assocPat: no visible global function definition for ‘glm’
    reclassify : assocPat: no visible global function definition for
     ‘poisson’
    summary.perturb: no visible binding for global variable ‘sd’
    Undefined global functions or variables:
     addmargins as.formula coef coefficients formula glm model.matrix
     na.omit poisson runif sd terms
    Consider adding
     importFrom("stats", "addmargins", "as.formula", "coef", "coefficients",
     "formula", "glm", "model.matrix", "na.omit", "poisson",
     "runif", "sd", "terms")
    to your NAMESPACE file.
Flavors: r-devel-linux-x86_64-fedora-clang, r-devel-linux-x86_64-fedora-gcc