CRAN Package Check Results for Package perturb

Last updated on 2015-01-27 12:47:35.

Flavor Version Tinstall Tcheck Ttotal Status Flags
r-devel-linux-x86_64-debian-clang 2.05 0.60 11.54 12.14 OK
r-devel-linux-x86_64-debian-gcc 2.05 0.55 10.91 11.46 NOTE
r-devel-linux-x86_64-fedora-clang 2.05 25.11 NOTE
r-devel-linux-x86_64-fedora-gcc 2.05 24.37 NOTE
r-devel-osx-x86_64-clang 2.05 28.42 NOTE
r-devel-windows-ix86+x86_64 2.05 2.00 18.00 20.00 OK
r-patched-linux-x86_64 2.05 0.60 11.70 12.30 OK
r-patched-solaris-sparc 2.05 139.30 OK
r-patched-solaris-x86 2.05 35.50 OK
r-release-linux-ix86 2.05 0.86 17.28 18.15 OK
r-release-linux-x86_64 2.05 0.59 12.12 12.71 OK
r-release-osx-x86_64-mavericks 2.05 OK
r-release-windows-ix86+x86_64 2.05 2.00 20.00 22.00 OK
r-oldrel-windows-ix86+x86_64 2.05 4.00 24.00 28.00 OK

Check Details

Version: 2.05
Check: S3 generic/method consistency
Result: NOTE
    Found the following apparent S3 methods exported but not registered:
     print.summary.perturb
    See section ‘Registering S3 methods’ in the ‘Writing R Extensions’
    manual.
Flavors: r-devel-linux-x86_64-debian-gcc, r-devel-linux-x86_64-fedora-clang, r-devel-linux-x86_64-fedora-gcc, r-devel-osx-x86_64-clang