CRAN Package Check Results for Package perturb

Last updated on 2015-08-31 19:47:51.

Flavor Version Tinstall Tcheck Ttotal Status Flags
r-devel-linux-x86_64-debian-clang 2.05 0.50 11.59 12.10 NOTE
r-devel-linux-x86_64-debian-gcc 2.05 0.52 11.48 12.00 NOTE
r-devel-linux-x86_64-fedora-clang 2.05 23.72 NOTE
r-devel-linux-x86_64-fedora-gcc 2.05 22.04 NOTE
r-devel-osx-x86_64-clang 2.05 24.63 NOTE
r-devel-windows-ix86+x86_64 2.05 3.00 24.00 27.00 NOTE
r-patched-linux-x86_64 2.05 0.66 12.16 12.82 NOTE
r-patched-solaris-sparc 2.05 157.10 NOTE
r-patched-solaris-x86 2.05 39.10 NOTE
r-release-linux-x86_64 2.05 0.58 12.39 12.98 NOTE
r-release-osx-x86_64-mavericks 2.05 OK
r-release-windows-ix86+x86_64 2.05 3.00 37.00 40.00 OK
r-oldrel-windows-ix86+x86_64 2.05 3.00 35.00 38.00 OK

Check Details

Version: 2.05
Check: S3 generic/method consistency
Result: NOTE
    Found the following apparent S3 methods exported but not registered:
     print.summary.perturb
    See section ‘Registering S3 methods’ in the ‘Writing R Extensions’
    manual.
Flavors: r-devel-linux-x86_64-debian-clang, r-devel-linux-x86_64-debian-gcc, r-devel-linux-x86_64-fedora-clang, r-devel-linux-x86_64-fedora-gcc, r-devel-osx-x86_64-clang, r-patched-linux-x86_64, r-patched-solaris-sparc, r-patched-solaris-x86, r-release-linux-x86_64

Version: 2.05
Check: R code for possible problems
Result: NOTE
    colldiag: no visible global function definition for ‘na.omit’
    perturb : cutsp: no visible global function definition for ‘runif’
    perturb: no visible global function definition for ‘terms’
    perturb: no visible global function definition for ‘formula’
    perturb: no visible global function definition for ‘coefficients’
    perturb: no visible global function definition for ‘as.formula’
    print.reclassify: no visible global function definition for
     ‘addmargins’
    reclassify : best.model: no visible global function definition for
     ‘glm’
    reclassify : best.model: no visible global function definition for
     ‘as.formula’
    reclassify : best.model: no visible global function definition for
     ‘poisson’
    reclassify : best.model: no visible global function definition for
     ‘coef’
    reclassify : best.model: no visible global function definition for
     ‘model.matrix’
    reclassify : assocPat: no visible global function definition for
     ‘model.matrix’
    reclassify : assocPat: no visible global function definition for ‘glm’
    reclassify : assocPat: no visible global function definition for
     ‘poisson’
    summary.perturb: no visible binding for global variable ‘sd’
    Undefined global functions or variables:
     addmargins as.formula coef coefficients formula glm model.matrix
     na.omit poisson runif sd terms
    Consider adding
     importFrom("stats", "addmargins", "as.formula", "coef", "coefficients",
     "formula", "glm", "model.matrix", "na.omit", "poisson",
     "runif", "sd", "terms")
    to your NAMESPACE.
Flavors: r-devel-linux-x86_64-debian-clang, r-devel-linux-x86_64-debian-gcc, r-devel-linux-x86_64-fedora-clang, r-devel-linux-x86_64-fedora-gcc, r-devel-windows-ix86+x86_64