CRAN Package Check Results for Package perturb

Last updated on 2014-04-25 09:52:20.

Flavor Version Tinstall Tcheck Ttotal Status Flags
r-devel-linux-x86_64-debian-clang 2.05 0.58 11.36 11.94 OK
r-devel-linux-x86_64-debian-gcc 2.05 0.58 11.42 12.00 OK
r-devel-linux-x86_64-fedora-clang 2.05 24.03 OK
r-devel-linux-x86_64-fedora-gcc 2.05 22.97 OK
r-devel-osx-x86_64-clang 2.05 25.95 OK
r-devel-osx-x86_64-gcc 2.05 ERROR
r-devel-windows-ix86+x86_64 2.05 2.00 19.00 21.00 OK
r-patched-linux-x86_64 2.05 0.57 11.44 12.00 OK
r-patched-solaris-sparc 2.05 135.80 OK
r-patched-solaris-x86 2.05 33.60 OK
r-release-linux-ix86 2.05 1.00 24.00 25.00 OK
r-release-linux-x86_64 2.05 0.62 11.59 12.22 OK
r-release-osx-x86_64-mavericks 2.05 WARN
r-release-windows-ix86+x86_64 2.05 2.00 18.00 20.00 OK
r-oldrel-windows-ix86+x86_64 2.05 2.00 20.00 22.00 OK

Check Details

Version: 2.05
Check: package dependencies
Result: NOTE
    Packages suggested but not available for checking: ‘car’ ‘rms’
Flavor: r-devel-osx-x86_64-gcc

Version: 2.05
Check: Rd cross-references
Result: NOTE
    Packages unavailable to check Rd xrefs: ‘car’, ‘rms’
Flavor: r-devel-osx-x86_64-gcc

Version: 2.05
Check: examples
Result: ERROR
    Running examples in ‘perturb-Ex.R’ failed
    The error most likely occurred in:
    
    > ### Name: perturb
    > ### Title: Perturbation analysis to evaluate collinearity
    > ### Aliases: perturb summary.perturb print.summary.perturb
    > ### Keywords: regression
    >
    > ### ** Examples
    >
    > library(car)
    Error in library(car) : there is no package called ‘car’
    Execution halted
Flavor: r-devel-osx-x86_64-gcc

Version: 2.05
Check: PDF version of manual
Result: WARNING
    LaTeX errors when creating PDF version.
    This typically indicates Rd problems.
    LaTeX errors found:
    ! LaTeX Error: File `upquote.sty' not found.
    
    Type X to quit or <RETURN> to proceed,
    or enter new name. (Default extension: sty)
    
    570afb8/Rd2.tex:8: ==> Fatal error occurred, no output PDF file produced!
Flavor: r-release-osx-x86_64-mavericks