CRAN Package Check Results for Package perturb

Last updated on 2015-05-25 19:47:17.

Flavor Version Tinstall Tcheck Ttotal Status Flags
r-devel-linux-x86_64-debian-clang 2.05 0.56 12.42 12.98 NOTE
r-devel-linux-x86_64-debian-gcc 2.05 0.53 11.91 12.44 NOTE
r-devel-linux-x86_64-fedora-clang 2.05 24.98 NOTE
r-devel-linux-x86_64-fedora-gcc 2.05 23.60 NOTE
r-devel-osx-x86_64-clang 2.05 30.04 NOTE
r-devel-windows-ix86+x86_64 2.05 2.00 23.00 25.00 OK
r-patched-linux-x86_64 2.05 0.54 12.20 12.74 NOTE
r-patched-solaris-sparc 2.05 151.30 NOTE
r-patched-solaris-x86 2.05 37.10 NOTE
r-release-linux-x86_64 2.05 0.54 12.27 12.81 NOTE
r-release-osx-x86_64-mavericks 2.05 OK
r-release-osx-x86_64-snowleopard 2.05 ERROR
r-release-windows-ix86+x86_64 2.05 2.00 20.00 22.00 OK
r-oldrel-windows-ix86+x86_64 2.05 3.00 23.00 26.00 OK

Check Details

Version: 2.05
Check: S3 generic/method consistency
Result: NOTE
    Found the following apparent S3 methods exported but not registered:
     print.summary.perturb
    See section ‘Registering S3 methods’ in the ‘Writing R Extensions’
    manual.
Flavors: r-devel-linux-x86_64-debian-clang, r-devel-linux-x86_64-debian-gcc, r-devel-linux-x86_64-fedora-clang, r-devel-linux-x86_64-fedora-gcc, r-devel-osx-x86_64-clang, r-patched-linux-x86_64, r-patched-solaris-sparc, r-patched-solaris-x86, r-release-linux-x86_64

Version: 2.05
Check: package dependencies
Result: NOTE
    Packages suggested but not available for checking: ‘car’ ‘rms’
Flavor: r-release-osx-x86_64-snowleopard

Version: 2.05
Check: Rd cross-references
Result: NOTE
    Packages unavailable to check Rd xrefs: ‘car’, ‘rms’
Flavor: r-release-osx-x86_64-snowleopard

Version: 2.05
Check: examples
Result: ERROR
    Running examples in ‘perturb-Ex.R’ failed
    The error most likely occurred in:
    
    > ### Name: perturb
    > ### Title: Perturbation analysis to evaluate collinearity
    > ### Aliases: perturb summary.perturb print.summary.perturb
    > ### Keywords: regression
    >
    > ### ** Examples
    >
    > library(car)
    Error in library(car) : there is no package called ‘car’
    Execution halted
Flavor: r-release-osx-x86_64-snowleopard