CRAN Package Check Results for Package perturb

Last updated on 2015-03-06 06:47:03.

Flavor Version Tinstall Tcheck Ttotal Status Flags
r-devel-linux-x86_64-debian-clang 2.05 0.54 12.13 12.67 NOTE
r-devel-linux-x86_64-debian-gcc 2.05 0.54 11.87 12.42 NOTE
r-devel-linux-x86_64-fedora-clang 2.05 24.83 NOTE
r-devel-linux-x86_64-fedora-gcc 2.05 24.15 NOTE
r-devel-osx-x86_64-clang 2.05 30.28 NOTE
r-devel-windows-ix86+x86_64 2.05 2.00 20.00 22.00 OK
r-patched-linux-x86_64 2.05 0.60 13.57 14.17 OK
r-patched-solaris-sparc 2.05 172.20 OK
r-patched-solaris-x86 2.05 42.30 OK
r-release-linux-ix86 2.05 0.85 20.12 20.96 OK
r-release-linux-x86_64 2.05 0.59 14.24 14.82 OK
r-release-osx-x86_64-mavericks 2.05 OK
r-release-windows-ix86+x86_64 2.05 2.00 22.00 24.00 OK
r-oldrel-windows-ix86+x86_64 2.05 2.00 26.00 28.00 OK

Check Details

Version: 2.05
Check: S3 generic/method consistency
Result: NOTE
    Found the following apparent S3 methods exported but not registered:
     print.summary.perturb
    See section ‘Registering S3 methods’ in the ‘Writing R Extensions’
    manual.
Flavors: r-devel-linux-x86_64-debian-clang, r-devel-linux-x86_64-debian-gcc, r-devel-linux-x86_64-fedora-clang, r-devel-linux-x86_64-fedora-gcc, r-devel-osx-x86_64-clang