CRAN Package Check Results for Package pfa

Last updated on 2014-04-20 17:47:01.

Flavor Version Tinstall Tcheck Ttotal Status Flags
r-devel-linux-x86_64-debian-clang 1.0 1.10 15.82 16.92 OK
r-devel-linux-x86_64-debian-gcc 1.0 1.04 16.00 17.04 OK
r-devel-linux-x86_64-fedora-clang 1.0 35.60 OK
r-devel-linux-x86_64-fedora-gcc 1.0 32.39 OK
r-devel-macosx-x86_64-clang 1.0 35.62 OK
r-devel-macosx-x86_64-gcc 1.0 ERROR
r-devel-windows-ix86+x86_64 1.0 4.00 27.00 31.00 OK
r-patched-linux-x86_64 1.0 1.03 16.34 17.37 OK
r-patched-solaris-sparc 1.0 190.30 OK
r-patched-solaris-x86 1.0 47.90 OK
r-release-linux-ix86 OK
r-release-linux-x86_64 1.0 1.02 15.96 16.98 OK
r-release-macosx-x86_64 1.0 OK
r-release-windows-ix86+x86_64 1.0 5.00 24.00 29.00 OK
r-oldrel-windows-ix86+x86_64 1.0 4.00 27.00 31.00 OK

Check Details

Version: 1.0
Check: package dependencies
Result: ERROR
    Package required but not available: ‘quantreg’
    
    See the information on DESCRIPTION files in the chapter ‘Creating R
    packages’ of the ‘Writing R Extensions’ manual.
Flavor: r-devel-macosx-x86_64-gcc