CRAN Package Check Results for Package pgirmess

Last updated on 2014-08-28 00:47:08.

Flavor Version Tinstall Tcheck Ttotal Status Flags
r-devel-linux-x86_64-debian-clang 1.5.9 4.86 56.56 61.42 OK
r-devel-linux-x86_64-debian-gcc 1.5.9 4.64 55.42 60.06 OK
r-devel-linux-x86_64-fedora-clang 1.5.9 141.22 OK
r-devel-linux-x86_64-fedora-gcc 1.5.9 130.24 OK
r-devel-osx-x86_64-clang 1.5.9 105.25 OK
r-devel-windows-ix86+x86_64 1.5.9 12.00 82.00 94.00 OK
r-patched-linux-x86_64 1.5.9 4.76 56.42 61.18 OK
r-patched-solaris-sparc 1.5.9 751.50 OK
r-patched-solaris-x86 1.5.9 194.80 OK
r-release-linux-ix86 1.5.9 6.04 68.50 74.54 OK
r-release-linux-x86_64 1.5.9 4.86 56.73 61.59 OK
r-release-osx-x86_64-mavericks 1.5.9 ERROR
r-release-osx-x86_64-snowleopard 1.5.9 OK
r-release-windows-ix86+x86_64 1.5.9 11.00 85.00 96.00 OK
r-oldrel-windows-ix86+x86_64 1.5.9 12.00 81.00 93.00 OK

Check Details

Version: 1.5.9
Check: package dependencies
Result: ERROR
    Package required but not available: ‘rgdal’
    
    See the information on DESCRIPTION files in the chapter ‘Creating R
    packages’ of the ‘Writing R Extensions’ manual.
Flavor: r-release-osx-x86_64-mavericks