CRAN Package Check Results for Package pgirmess

Last updated on 2014-11-23 19:47:52.

Flavor Version Tinstall Tcheck Ttotal Status Flags
r-devel-linux-x86_64-debian-clang 1.5.9 4.86 54.98 59.84 OK
r-devel-linux-x86_64-debian-gcc 1.5.9 5.86 53.77 59.63 OK
r-devel-linux-x86_64-fedora-clang 1.5.9 141.56 OK
r-devel-linux-x86_64-fedora-gcc 1.5.9 132.92 OK
r-devel-osx-x86_64-clang 1.5.9 117.00 OK
r-devel-windows-ix86+x86_64 1.5.9 12.00 82.00 94.00 OK
r-patched-linux-x86_64 1.5.9 4.81 56.65 61.46 OK
r-patched-solaris-sparc 1.5.9 751.50 OK
r-patched-solaris-x86 1.5.9 196.10 OK
r-release-linux-ix86 1.5.9 5.74 66.88 72.63 OK
r-release-linux-x86_64 1.5.9 5.98 56.96 62.93 OK
r-release-osx-x86_64-mavericks 1.5.9 ERROR
r-release-osx-x86_64-snowleopard 1.5.9 OK
r-release-windows-ix86+x86_64 1.5.9 14.00 84.00 98.00 OK
r-oldrel-windows-ix86+x86_64 1.5.9 12.00 79.00 91.00 OK

Check Details

Version: 1.5.9
Check: package dependencies
Result: ERROR
    Package required but not available: ‘rgdal’
    
    See the information on DESCRIPTION files in the chapter ‘Creating R
    packages’ of the ‘Writing R Extensions’ manual.
Flavor: r-release-osx-x86_64-mavericks