CRAN Package Check Results for Package pgirmess

Last updated on 2014-07-22 19:47:55.

Flavor Version Tinstall Tcheck Ttotal Status Flags
r-devel-linux-x86_64-debian-clang 1.5.9 4.82 55.97 60.78 OK
r-devel-linux-x86_64-debian-gcc 1.5.9 4.76 55.22 59.98 OK
r-devel-linux-x86_64-fedora-clang 1.5.9 143.35 OK
r-devel-linux-x86_64-fedora-gcc 1.5.9 139.04 OK
r-devel-osx-x86_64-clang 1.5.9 108.15 OK
r-devel-windows-ix86+x86_64 1.5.9 15.00 81.00 96.00 OK
r-patched-linux-x86_64 1.5.9 4.77 55.66 60.43 OK
r-patched-solaris-sparc 1.5.9 697.60 OK
r-patched-solaris-x86 1.5.9 190.90 OK
r-release-linux-ix86 1.5.9 5.88 68.63 74.51 OK
r-release-linux-x86_64 1.5.9 4.94 59.28 64.22 OK
r-release-osx-x86_64-mavericks 1.5.9 ERROR
r-release-osx-x86_64-snowleopard 1.5.9 OK
r-release-windows-ix86+x86_64 1.5.9 13.00 87.00 100.00 OK
r-oldrel-windows-ix86+x86_64 1.5.9 14.00 76.00 90.00 OK

Check Details

Version: 1.5.9
Check: package dependencies
Result: ERROR
    Package required but not available: ‘rgdal’
    
    See the information on DESCRIPTION files in the chapter ‘Creating R
    packages’ of the ‘Writing R Extensions’ manual.
Flavor: r-release-osx-x86_64-mavericks