CRAN Package Check Results for Package pgirmess

Last updated on 2014-09-20 08:51:50.

Flavor Version Tinstall Tcheck Ttotal Status Flags
r-devel-linux-x86_64-debian-clang 1.5.9 4.62 56.78 61.39 OK
r-devel-linux-x86_64-debian-gcc 1.5.9 4.58 52.99 57.56 OK
r-devel-linux-x86_64-fedora-clang 1.5.9 138.44 OK
r-devel-linux-x86_64-fedora-gcc 1.5.9 130.65 OK
r-devel-osx-x86_64-clang 1.5.9 104.56 OK
r-devel-windows-ix86+x86_64 1.5.9 13.00 76.00 89.00 OK
r-patched-linux-x86_64 1.5.9 4.74 58.28 63.02 OK
r-patched-solaris-sparc 1.5.9 751.50 OK
r-patched-solaris-x86 1.5.9 186.00 OK
r-release-linux-ix86 1.5.9 5.96 69.43 75.39 OK
r-release-linux-x86_64 1.5.9 4.86 57.58 62.43 OK
r-release-osx-x86_64-mavericks 1.5.9 ERROR
r-release-osx-x86_64-snowleopard 1.5.9 OK
r-release-windows-ix86+x86_64 1.5.9 12.00 83.00 95.00 OK
r-oldrel-windows-ix86+x86_64 1.5.9 11.00 81.00 92.00 OK

Check Details

Version: 1.5.9
Check: package dependencies
Result: ERROR
    Package required but not available: ‘rgdal’
    
    See the information on DESCRIPTION files in the chapter ‘Creating R
    packages’ of the ‘Writing R Extensions’ manual.
Flavor: r-release-osx-x86_64-mavericks