CRAN Package Check Results for Package pgirmess

Last updated on 2015-02-28 12:51:20.

Flavor Version Tinstall Tcheck Ttotal Status Flags
r-devel-linux-x86_64-debian-clang 1.5.9 3.77 47.14 50.90 NOTE
r-devel-linux-x86_64-debian-gcc 1.5.9 4.35 44.86 49.20 NOTE
r-devel-linux-x86_64-fedora-clang 1.5.9 107.57 NOTE
r-devel-linux-x86_64-fedora-gcc 1.5.9 99.99 NOTE
r-devel-osx-x86_64-clang 1.5.9 88.77 NOTE
r-devel-windows-ix86+x86_64 1.5.9 17.00 69.00 86.00 NOTE
r-patched-linux-x86_64 1.5.9 6.53 59.00 65.54 OK
r-patched-solaris-sparc 1.5.9 751.80 OK
r-patched-solaris-x86 1.5.9 203.20 OK
r-release-linux-ix86 1.5.9 6.67 69.79 76.46 OK
r-release-linux-x86_64 1.5.9 4.98 58.80 63.78 OK
r-release-osx-x86_64-mavericks 1.5.9 ERROR
r-release-osx-x86_64-snowleopard 1.5.9 OK
r-release-windows-ix86+x86_64 1.5.9 15.00 90.00 105.00 OK
r-oldrel-windows-ix86+x86_64 1.5.9 15.00 85.00 100.00 OK

Check Details

Version: 1.5.9
Check: DESCRIPTION meta-information
Result: NOTE
    Malformed Description field: should contain one or more complete sentences.
Flavors: r-devel-linux-x86_64-debian-clang, r-devel-linux-x86_64-debian-gcc, r-devel-linux-x86_64-fedora-clang, r-devel-linux-x86_64-fedora-gcc, r-devel-osx-x86_64-clang, r-devel-windows-ix86+x86_64

Version: 1.5.9
Check: package dependencies
Result: ERROR
    Package required but not available: ‘rgdal’
    
    See section ‘The DESCRIPTION file’ in the ‘Writing R Extensions’
    manual.
Flavor: r-release-osx-x86_64-mavericks