CRAN Package Check Results for Package pgirmess

Last updated on 2014-10-25 03:49:33.

Flavor Version Tinstall Tcheck Ttotal Status Flags
r-devel-linux-x86_64-debian-clang 1.5.9 4.72 54.76 59.48 OK
r-devel-linux-x86_64-debian-gcc 1.5.9 4.60 54.05 58.65 OK
r-devel-linux-x86_64-fedora-clang 1.5.9 141.02 OK
r-devel-linux-x86_64-fedora-gcc 1.5.9 130.18 OK
r-devel-osx-x86_64-clang 1.5.9 109.41 OK
r-devel-windows-ix86+x86_64 1.5.9 13.00 76.00 89.00 OK
r-patched-linux-x86_64 1.5.9 4.99 56.94 61.94 OK
r-patched-solaris-sparc 1.5.9 751.50 OK
r-patched-solaris-x86 1.5.9 195.50 OK
r-release-linux-ix86 1.5.9 6.04 69.41 75.45 OK
r-release-linux-x86_64 1.5.9 4.91 58.00 62.91 OK
r-release-osx-x86_64-mavericks 1.5.9 ERROR
r-release-osx-x86_64-snowleopard 1.5.9 OK
r-release-windows-ix86+x86_64 1.5.9 12.00 83.00 95.00 OK
r-oldrel-windows-ix86+x86_64 1.5.9 12.00 82.00 94.00 OK

Check Details

Version: 1.5.9
Check: package dependencies
Result: ERROR
    Package required but not available: ‘rgdal’
    
    See the information on DESCRIPTION files in the chapter ‘Creating R
    packages’ of the ‘Writing R Extensions’ manual.
Flavor: r-release-osx-x86_64-mavericks