CRAN Package Check Results for Package pgirmess

Last updated on 2014-12-22 14:48:47.

Flavor Version Tinstall Tcheck Ttotal Status Flags
r-devel-linux-x86_64-debian-clang 1.5.9 4.51 55.22 59.72 OK
r-devel-linux-x86_64-debian-gcc 1.5.9 4.71 53.59 58.30 OK
r-devel-linux-x86_64-fedora-clang 1.5.9 142.47 OK
r-devel-linux-x86_64-fedora-gcc 1.5.9 132.78 OK
r-devel-osx-x86_64-clang 1.5.9 112.57 OK
r-devel-windows-ix86+x86_64 1.5.9 13.00 78.00 91.00 OK
r-patched-linux-x86_64 1.5.9 5.03 57.10 62.13 OK
r-patched-solaris-sparc 1.5.9 752.50 OK
r-patched-solaris-x86 1.5.9 197.90 OK
r-release-linux-ix86 1.5.9 5.68 66.48 72.17 OK
r-release-linux-x86_64 1.5.9 4.83 57.52 62.36 OK
r-release-osx-x86_64-mavericks 1.5.9 ERROR
r-release-osx-x86_64-snowleopard 1.5.9 OK
r-release-windows-ix86+x86_64 1.5.9 13.00 84.00 97.00 OK
r-oldrel-windows-ix86+x86_64 1.5.9 15.00 81.00 96.00 OK

Check Details

Version: 1.5.9
Check: package dependencies
Result: ERROR
    Package required but not available: ‘rgdal’
    
    See the information on DESCRIPTION files in the chapter ‘Creating R
    packages’ of the ‘Writing R Extensions’ manual.
Flavor: r-release-osx-x86_64-mavericks