CRAN Package Check Results for Package pgirmess

Last updated on 2015-04-27 21:46:40.

Flavor Version Tinstall Tcheck Ttotal Status Flags
r-devel-linux-x86_64-debian-clang 1.5.9 3.80 47.49 51.29 NOTE
r-devel-linux-x86_64-debian-gcc 1.5.9 3.77 46.06 49.84 NOTE
r-devel-linux-x86_64-fedora-clang 1.5.9 110.85 NOTE
r-devel-linux-x86_64-fedora-gcc 1.5.9 102.55 NOTE
r-devel-osx-x86_64-clang 1.5.9 86.87 NOTE
r-devel-windows-ix86+x86_64 1.5.9 10.00 75.00 85.00 NOTE
r-patched-linux-x86_64 1.5.9 3.80 45.76 49.56 NOTE
r-patched-solaris-sparc 1.5.9 627.60 NOTE
r-patched-solaris-x86 1.5.9 146.60 NOTE
r-release-linux-x86_64 1.5.9 3.70 46.44 50.13 NOTE
r-release-osx-x86_64-mavericks 1.5.9 ERROR
r-release-osx-x86_64-snowleopard 1.5.9 ERROR
r-release-windows-ix86+x86_64 1.5.9 15.00 92.00 107.00 NOTE
r-oldrel-windows-ix86+x86_64 1.5.9 13.00 80.00 93.00 OK

Check Details

Version: 1.5.9
Check: DESCRIPTION meta-information
Result: NOTE
    Malformed Description field: should contain one or more complete sentences.
Flavors: r-devel-linux-x86_64-debian-clang, r-devel-linux-x86_64-debian-gcc, r-devel-linux-x86_64-fedora-clang, r-devel-linux-x86_64-fedora-gcc, r-devel-osx-x86_64-clang, r-devel-windows-ix86+x86_64, r-patched-solaris-sparc, r-patched-solaris-x86, r-release-linux-x86_64, r-release-windows-ix86+x86_64

Version: 1.5.9
Check: package dependencies
Result: ERROR
    Package required but not available: ‘rgdal’
    
    See section ‘The DESCRIPTION file’ in the ‘Writing R Extensions’
    manual.
Flavor: r-release-osx-x86_64-mavericks

Version: 1.5.9
Check: package dependencies
Result: ERROR
    Package required but not available: ‘spdep’
    
    See section ‘The DESCRIPTION file’ in the ‘Writing R Extensions’
    manual.
Flavor: r-release-osx-x86_64-snowleopard