CRAN Package Check Results for Package pgirmess

Last updated on 2014-04-24 17:49:49.

Flavor Version Tinstall Tcheck Ttotal Status Flags
r-devel-linux-x86_64-debian-clang 1.5.8 5.14 58.10 63.24 OK
r-devel-linux-x86_64-debian-gcc 1.5.8 5.32 58.23 63.54 OK
r-devel-linux-x86_64-fedora-clang 1.5.8 144.68 OK
r-devel-linux-x86_64-fedora-gcc 1.5.8 137.76 OK
r-devel-osx-x86_64-clang 1.5.8 112.96 OK
r-devel-osx-x86_64-gcc 1.5.8 ERROR
r-devel-windows-ix86+x86_64 1.5.8 14.00 81.00 95.00 OK
r-patched-linux-x86_64 1.5.8 4.97 57.34 62.31 OK
r-patched-solaris-sparc 1.5.8 741.30 OK
r-patched-solaris-x86 1.5.8 186.90 OK
r-release-linux-ix86 1.5.8 8.00 92.00 100.00 OK
r-release-linux-x86_64 1.5.8 5.05 57.46 62.51 OK
r-release-osx-x86_64-mavericks 1.5.8 ERROR
r-release-osx-x86_64-snowleopard 1.5.8 OK
r-release-windows-ix86+x86_64 1.5.8 13.00 82.00 95.00 OK
r-oldrel-windows-ix86+x86_64 1.5.8 13.00 81.00 94.00 OK

Check Details

Version: 1.5.8
Check: package dependencies
Result: ERROR
    Package required but not available: ‘spdep’
    
    See the information on DESCRIPTION files in the chapter ‘Creating R
    packages’ of the ‘Writing R Extensions’ manual.
Flavor: r-devel-osx-x86_64-gcc

Version: 1.5.8
Check: package dependencies
Result: ERROR
    Packages required but not available: ‘rgdal’ ‘spdep’
    
    See the information on DESCRIPTION files in the chapter ‘Creating R
    packages’ of the ‘Writing R Extensions’ manual.
Flavor: r-release-osx-x86_64-mavericks