CRAN Package Check Results for Package pglm

Last updated on 2015-05-25 23:47:31.

Flavor Version Tinstall Tcheck Ttotal Status Flags
r-devel-linux-x86_64-debian-clang 0.1-2 1.42 23.98 25.40 NOTE
r-devel-linux-x86_64-debian-gcc 0.1-2 1.43 23.63 25.06 NOTE
r-devel-linux-x86_64-fedora-clang 0.1-2 51.24 NOTE
r-devel-linux-x86_64-fedora-gcc 0.1-2 48.32 NOTE
r-devel-osx-x86_64-clang 0.1-2 47.53 NOTE
r-devel-windows-ix86+x86_64 0.1-2 5.00 40.00 45.00 NOTE
r-patched-linux-x86_64 0.1-2 1.50 23.27 24.78 NOTE
r-patched-solaris-sparc 0.1-2 333.90 NOTE
r-patched-solaris-x86 0.1-2 68.50 NOTE
r-release-linux-x86_64 0.1-2 1.40 23.78 25.18 NOTE
r-release-osx-x86_64-mavericks 0.1-2 NOTE
r-release-osx-x86_64-snowleopard 0.1-2 ERROR
r-release-windows-ix86+x86_64 0.1-2 4.00 36.00 40.00 NOTE
r-oldrel-windows-ix86+x86_64 0.1-2 8.00 53.00 61.00 OK

Check Details

Version: 0.1-2
Check: DESCRIPTION meta-information
Result: NOTE
    Malformed Description field: should contain one or more complete sentences.
Flavors: r-devel-linux-x86_64-debian-clang, r-devel-linux-x86_64-debian-gcc, r-devel-linux-x86_64-fedora-clang, r-devel-linux-x86_64-fedora-gcc, r-devel-osx-x86_64-clang, r-devel-windows-ix86+x86_64, r-patched-linux-x86_64, r-patched-solaris-sparc, r-patched-solaris-x86, r-release-linux-x86_64, r-release-osx-x86_64-mavericks, r-release-windows-ix86+x86_64

Version: 0.1-2
Check: package dependencies
Result: ERROR
    Packages required but not available: ‘maxLik’ ‘plm’
    
    Packages suggested but not available for checking: ‘lmtest’ ‘car’
    
    See section ‘The DESCRIPTION file’ in the ‘Writing R Extensions’
    manual.
Flavor: r-release-osx-x86_64-snowleopard