CRAN Package Check Results for Package pglm

Last updated on 2024-02-28 16:50:42 CET.

Flavor Version Tinstall Tcheck Ttotal Status Flags
r-devel-linux-x86_64-debian-clang 0.2-3 8.98 76.74 85.72 NOTE
r-devel-linux-x86_64-debian-gcc 0.2-3 6.12 57.42 63.54 NOTE
r-devel-linux-x86_64-fedora-clang 0.2-3 103.71 NOTE
r-devel-linux-x86_64-fedora-gcc 0.2-3 105.97 NOTE
r-devel-windows-x86_64 0.2-3 10.00 71.00 81.00 NOTE
r-patched-linux-x86_64 0.2-3 8.08 74.36 82.44 NOTE
r-release-linux-x86_64 0.2-3 8.21 73.97 82.18 NOTE
r-release-macos-arm64 0.2-3 34.00 NOTE
r-release-macos-x86_64 0.2-3 58.00 NOTE
r-release-windows-x86_64 0.2-3 12.00 87.00 99.00 NOTE
r-oldrel-macos-arm64 0.2-3 37.00 OK
r-oldrel-windows-x86_64 0.2-3 13.00 102.00 115.00 OK

Check Details

Version: 0.2-3
Check: Rd files
Result: NOTE checkRd: (-1) PatentsRD.Rd:4: Escaped LaTeX specials: \& checkRd: (-1) PatentsRD.Rd:30: Escaped LaTeX specials: \& checkRd: (-1) PatentsRDUS.Rd:4: Escaped LaTeX specials: \& Flavors: r-devel-linux-x86_64-debian-clang, r-devel-linux-x86_64-debian-gcc, r-devel-linux-x86_64-fedora-clang, r-devel-linux-x86_64-fedora-gcc, r-devel-windows-x86_64, r-patched-linux-x86_64, r-release-linux-x86_64, r-release-macos-arm64, r-release-macos-x86_64, r-release-windows-x86_64