CRAN Package Check Results for Package pglm

Last updated on 2015-03-29 19:48:48.

Flavor Version Tinstall Tcheck Ttotal Status Flags
r-devel-linux-x86_64-debian-clang 0.1-2 1.42 24.13 25.54 NOTE
r-devel-linux-x86_64-debian-gcc 0.1-2 1.38 23.50 24.88 NOTE
r-devel-linux-x86_64-fedora-clang 0.1-2 51.81 NOTE
r-devel-linux-x86_64-fedora-gcc 0.1-2 54.73 NOTE
r-devel-osx-x86_64-clang 0.1-2 53.03 NOTE
r-prerel-windows-ix86+x86_64 0.1-2 7.00 37.00 44.00 NOTE
r-prerel-linux-x86_64 0.1-2 1.34 23.46 24.80 NOTE
r-prerel-solaris-sparc 0.1-2 331.70 NOTE
r-prerel-solaris-x86 0.1-2 63.70 NOTE
r-release-linux-x86_64 0.1-2 2.26 32.32 34.58 OK
r-release-osx-x86_64-mavericks 0.1-2 OK
r-release-osx-x86_64-snowleopard 0.1-2 OK
r-release-windows-ix86+x86_64 0.1-2 8.00 52.00 60.00 OK
r-oldrel-windows-ix86+x86_64 0.1-2 8.00 89.00 97.00 OK

Check Details

Version: 0.1-2
Check: DESCRIPTION meta-information
Result: NOTE
    Malformed Description field: should contain one or more complete sentences.
Flavors: r-devel-linux-x86_64-debian-clang, r-devel-linux-x86_64-debian-gcc, r-devel-linux-x86_64-fedora-clang, r-devel-linux-x86_64-fedora-gcc, r-devel-osx-x86_64-clang, r-prerel-windows-ix86+x86_64, r-prerel-linux-x86_64, r-prerel-solaris-sparc, r-prerel-solaris-x86