CRAN Package Check Results for Package pglm

Last updated on 2015-07-06 19:47:46.

Flavor Version Tinstall Tcheck Ttotal Status Flags
r-devel-linux-x86_64-debian-clang 0.1-2 1.38 23.75 25.13 NOTE
r-devel-linux-x86_64-debian-gcc 0.1-2 1.52 23.08 24.60 NOTE
r-devel-linux-x86_64-fedora-clang 0.1-2 49.55 NOTE
r-devel-linux-x86_64-fedora-gcc 0.1-2 46.67 NOTE
r-devel-osx-x86_64-clang 0.1-2 46.82 NOTE
r-devel-windows-ix86+x86_64 0.1-2 8.00 39.00 47.00 NOTE
r-patched-linux-x86_64 0.1-2 1.38 24.12 25.50 NOTE
r-patched-solaris-sparc 0.1-2 333.90 NOTE
r-patched-solaris-x86 0.1-2 67.50 NOTE
r-release-linux-x86_64 0.1-2 1.39 23.18 24.57 NOTE
r-release-osx-x86_64-mavericks 0.1-2 NOTE
r-release-windows-ix86+x86_64 0.1-2 6.00 41.00 47.00 NOTE
r-oldrel-windows-ix86+x86_64 0.1-2 13.00 61.00 74.00 OK

Check Details

Version: 0.1-2
Check: DESCRIPTION meta-information
Result: NOTE
    Malformed Description field: should contain one or more complete sentences.
Flavors: r-devel-linux-x86_64-debian-clang, r-devel-linux-x86_64-debian-gcc, r-devel-linux-x86_64-fedora-clang, r-devel-linux-x86_64-fedora-gcc, r-devel-osx-x86_64-clang, r-devel-windows-ix86+x86_64, r-patched-linux-x86_64, r-patched-solaris-sparc, r-patched-solaris-x86, r-release-linux-x86_64, r-release-osx-x86_64-mavericks, r-release-windows-ix86+x86_64

Version: 0.1-2
Check: R code for possible problems
Result: NOTE
    lnl.binomial: no visible binding for global variable ‘pnorm’
    lnl.binomial: no visible binding for global variable ‘dnorm’
    lnl.binomial: no visible global function definition for ‘sd’
    lnl.ordinal: no visible binding for global variable ‘pnorm’
    lnl.ordinal: no visible binding for global variable ‘dnorm’
    lnl.ordinal: no visible global function definition for ‘sd’
    lnl.tobit : mills: no visible global function definition for ‘dnorm’
    lnl.tobit : mills: no visible global function definition for ‘pnorm’
    lnl.tobit: no visible global function definition for ‘sd’
    lnl.tobit: no visible global function definition for ‘pnorm’
    lnl.tobit : <anonymous>: no visible global function definition for
     ‘pnorm’
    lnl.tobit : <anonymous>: no visible global function definition for
     ‘dnorm’
    pglm: no visible global function definition for ‘model.matrix’
    pglm: no visible global function definition for ‘model.response’
    starting.values: no visible global function definition for ‘qnorm’
    starting.values: no visible global function definition for ‘coef’
    starting.values: no visible binding for global variable ‘poisson’
    starting.values: no visible global function definition for ‘var’
    starting.values: no visible global function definition for ‘resid’
    starting.values: no visible global function definition for ‘deviance’
    starting.values: no visible global function definition for
     ‘df.residual’
    Undefined global functions or variables:
     coef deviance df.residual dnorm model.matrix model.response pnorm
     poisson qnorm resid sd var
Flavors: r-devel-linux-x86_64-debian-clang, r-devel-linux-x86_64-debian-gcc, r-devel-linux-x86_64-fedora-clang, r-devel-linux-x86_64-fedora-gcc, r-devel-windows-ix86+x86_64