CRAN Package Check Results for Package pgmm

Last updated on 2015-07-03 16:47:30.

Flavor Version Tinstall Tcheck Ttotal Status Flags
r-devel-linux-x86_64-debian-clang 1.2 2.76 9.83 12.59 NOTE
r-devel-linux-x86_64-debian-gcc 1.2 3.96 9.80 13.76 NOTE
r-devel-linux-x86_64-fedora-clang 1.2 24.35 NOTE
r-devel-linux-x86_64-fedora-gcc 1.2 23.78 NOTE
r-devel-osx-x86_64-clang 1.2 27.35 OK
r-devel-windows-ix86+x86_64 1.2 15.00 28.00 43.00 OK
r-patched-linux-x86_64 1.2 3.71 10.26 13.98 OK
r-patched-solaris-sparc 1.2 167.80 OK
r-patched-solaris-x86 1.2 45.60 OK
r-release-linux-x86_64 1.2 3.99 10.24 14.23 OK
r-release-osx-x86_64-mavericks 1.2 OK
r-release-windows-ix86+x86_64 1.2 14.00 20.00 34.00 OK
r-oldrel-windows-ix86+x86_64 1.2 14.00 24.00 38.00 OK

Check Details

Version: 1.2
Check: R code for possible problems
Result: NOTE
    init_load: no visible global function definition for ‘cov.wt’
    pgmmEM: no visible global function definition for ‘runif’
    pgmmEM: no visible global function definition for ‘kmeans’
    plot.pgmm: no visible global function definition for ‘par’
    plot.pgmm: no visible global function definition for ‘matplot’
    plot.pgmm: no visible global function definition for ‘axis’
    Undefined global functions or variables:
     axis cov.wt kmeans matplot par runif
Flavors: r-devel-linux-x86_64-debian-clang, r-devel-linux-x86_64-debian-gcc, r-devel-linux-x86_64-fedora-clang, r-devel-linux-x86_64-fedora-gcc