CRAN Package Check Results for Package pgmm

Last updated on 2016-05-29 19:48:32.

Flavor Version Tinstall Tcheck Ttotal Status Flags
r-devel-linux-x86_64-debian-gcc 1.2 4.30 10.75 15.04 NOTE
r-devel-linux-x86_64-fedora-clang 1.2 25.95 NOTE
r-devel-linux-x86_64-fedora-gcc 1.2 22.20 NOTE
r-devel-osx-x86_64-clang 1.2 32.08 NOTE
r-devel-windows-ix86+x86_64 1.2 13.00 30.00 43.00 NOTE
r-patched-linux-x86_64 1.2 4.00 10.87 14.87 NOTE
r-patched-solaris-sparc 1.2 140.40 NOTE
r-patched-solaris-x86 1.2 38.30 NOTE
r-release-linux-x86_64 1.2 3.87 10.38 14.25 NOTE
r-release-osx-x86_64-mavericks 1.2 NOTE
r-release-windows-ix86+x86_64 1.2 15.00 35.00 50.00 NOTE
r-oldrel-windows-ix86+x86_64 1.2 16.00 23.00 39.00 OK

Check Details

Version: 1.2
Check: R code for possible problems
Result: NOTE
    init_load: no visible global function definition for ‘cov.wt’
    pgmmEM: no visible global function definition for ‘runif’
    pgmmEM: no visible global function definition for ‘kmeans’
    plot.pgmm: no visible global function definition for ‘par’
    plot.pgmm: no visible global function definition for ‘matplot’
    plot.pgmm: no visible global function definition for ‘axis’
    Undefined global functions or variables:
     axis cov.wt kmeans matplot par runif
    Consider adding
     importFrom("graphics", "axis", "matplot", "par")
     importFrom("stats", "cov.wt", "kmeans", "runif")
    to your NAMESPACE file.
Flavors: r-devel-linux-x86_64-debian-gcc, r-devel-linux-x86_64-fedora-clang, r-devel-linux-x86_64-fedora-gcc, r-devel-osx-x86_64-clang, r-devel-windows-ix86+x86_64, r-patched-linux-x86_64, r-patched-solaris-sparc, r-patched-solaris-x86, r-release-linux-x86_64, r-release-osx-x86_64-mavericks, r-release-windows-ix86+x86_64