CRAN Package Check Results for Package pgmm

Last updated on 2016-02-11 19:47:20.

Flavor Version Tinstall Tcheck Ttotal Status Flags
r-devel-linux-x86_64-debian-gcc 1.2 3.92 9.59 13.50 NOTE
r-devel-linux-x86_64-fedora-clang 1.2 23.44 NOTE
r-devel-linux-x86_64-fedora-gcc 1.2 21.93 NOTE
r-devel-osx-x86_64-clang 1.2 26.68 NOTE
r-devel-windows-ix86+x86_64 1.2 21.00 25.00 46.00 NOTE
r-patched-linux-x86_64 1.2 3.86 10.71 14.57 OK
r-patched-solaris-sparc 1.2 147.30 OK
r-patched-solaris-x86 1.2 42.40 OK
r-release-linux-x86_64 1.2 3.95 10.22 14.17 OK
r-release-osx-x86_64-mavericks 1.2 OK
r-release-windows-ix86+x86_64 1.2 16.00 23.00 39.00 OK
r-oldrel-windows-ix86+x86_64 1.2 14.00 24.00 38.00 OK

Check Details

Version: 1.2
Check: R code for possible problems
Result: NOTE
    init_load: no visible global function definition for ‘cov.wt’
    pgmmEM: no visible global function definition for ‘runif’
    pgmmEM: no visible global function definition for ‘kmeans’
    plot.pgmm: no visible global function definition for ‘par’
    plot.pgmm: no visible global function definition for ‘matplot’
    plot.pgmm: no visible global function definition for ‘axis’
    Undefined global functions or variables:
     axis cov.wt kmeans matplot par runif
    Consider adding
     importFrom("graphics", "axis", "matplot", "par")
     importFrom("stats", "cov.wt", "kmeans", "runif")
    to your NAMESPACE file.
Flavors: r-devel-linux-x86_64-debian-gcc, r-devel-linux-x86_64-fedora-clang, r-devel-linux-x86_64-fedora-gcc, r-devel-osx-x86_64-clang, r-devel-windows-ix86+x86_64