CRAN Package Check Results for Package pgs

Last updated on 2017-09-22 20:47:24.

Flavor Version Tinstall Tcheck Ttotal Status Flags
r-devel-linux-x86_64-debian-clang 0.4-0 1.35 25.98 27.33 NOTE
r-devel-linux-x86_64-debian-gcc 0.4-0 1.21 25.31 26.52 NOTE
r-devel-linux-x86_64-fedora-clang 0.4-0 49.64 NOTE
r-devel-linux-x86_64-fedora-gcc 0.4-0 47.30 NOTE
r-devel-windows-ix86+x86_64 0.4-0 5.00 76.00 81.00 NOTE
r-patched-linux-x86_64 0.4-0 1.22 25.60 26.82 NOTE
r-patched-solaris-x86 0.4-0 63.30 NOTE
r-release-linux-x86_64 0.4-0 1.13 25.71 26.84 NOTE
r-release-windows-ix86+x86_64 0.4-0 5.00 61.00 66.00 NOTE
r-release-osx-x86_64 0.4-0 NOTE
r-oldrel-windows-ix86+x86_64 0.4-0 6.00 54.00 60.00 NOTE
r-oldrel-osx-x86_64 0.4-0 NOTE

Check Details

Version: 0.4-0
Check: R code for possible problems
Result: NOTE
    dvol.mse.est: no visible global function definition for ‘optim’
    ellipsoidSurface: no visible global function definition for ‘integrate’
    latscale: no visible global function definition for ‘uniroot’
    covariogram,Segment-function: no visible global function definition for
     ‘integrate’
    plot,FigLat-missing: no visible global function definition for ‘par’
    plot,PointPattern-matrix: no visible global function definition for
     ‘par’
    plot,PointPattern-matrix: no visible global function definition for
     ‘lines’
    plot,PointPattern-missing: no visible global function definition for
     ‘points’
    plot,Quadrat-missing: no visible global function definition for ‘lines’
    plot,Segment-matrix: no visible global function definition for ‘par’
    plot,Segment-matrix: no visible global function definition for
     ‘polygon’
    plot,Segment-missing: no visible global function definition for ‘lines’
    Undefined global functions or variables:
     integrate lines optim par points polygon uniroot
    Consider adding
     importFrom("graphics", "lines", "par", "points", "polygon")
     importFrom("stats", "integrate", "optim", "uniroot")
    to your NAMESPACE file.
Flavors: r-devel-linux-x86_64-debian-clang, r-devel-linux-x86_64-debian-gcc, r-devel-linux-x86_64-fedora-clang, r-devel-linux-x86_64-fedora-gcc, r-devel-windows-ix86+x86_64, r-patched-linux-x86_64, r-patched-solaris-x86, r-release-linux-x86_64, r-release-windows-ix86+x86_64, r-release-osx-x86_64, r-oldrel-windows-ix86+x86_64, r-oldrel-osx-x86_64

Version: 0.4-0
Check: re-building of vignette outputs
Result: NOTE
    Error in re-building vignettes:
     ...
    Loading required package: gsl
    Loading required package: R2Cuba
    Error in texi2dvi(file = file, pdf = TRUE, clean = clean, quiet = quiet, :
     Running 'texi2dvi' on 'pgs_user.tex' failed.
    LaTeX errors:
    ! LaTeX Error: File `path.sty' not found.
    
    Type X to quit or <RETURN> to proceed,
    or enter new name. (Default extension: sty)
    
    ! Emergency stop.
    <read *>
    
    l.11 \usepackage
     {listings}^^M
    ! ==> Fatal error occurred, no output PDF file produced!
    Calls: buildVignettes -> texi2pdf -> texi2dvi
    Execution halted
Flavor: r-release-osx-x86_64