CRAN Package Check Results for Package pgs

Last updated on 2014-04-24 23:48:08.

Flavor Version Tinstall Tcheck Ttotal Status Flags
r-devel-linux-x86_64-debian-clang 0.4-0 1.28 28.49 29.77 OK
r-devel-linux-x86_64-debian-gcc 0.4-0 1.30 28.15 29.45 OK
r-devel-linux-x86_64-fedora-clang 0.4-0 61.15 OK
r-devel-linux-x86_64-fedora-gcc 0.4-0 61.49 OK
r-devel-osx-x86_64-clang 0.4-0 59.48 OK
r-devel-osx-x86_64-gcc 0.4-0 OK
r-devel-windows-ix86+x86_64 0.4-0 4.00 44.00 48.00 OK
r-patched-linux-x86_64 0.4-0 1.27 28.20 29.47 OK
r-patched-solaris-sparc 0.4-0 329.30 OK
r-patched-solaris-x86 0.4-0 75.60 OK
r-release-linux-ix86 0.4-0 2.00 47.00 49.00 OK
r-release-linux-x86_64 0.4-0 1.30 28.43 29.72 OK
r-release-osx-x86_64-mavericks 0.4-0 ERROR
r-release-osx-x86_64-snowleopard 0.4-0 WARN
r-release-windows-ix86+x86_64 0.4-0 7.00 60.00 67.00 OK
r-oldrel-windows-ix86+x86_64 0.4-0 4.00 75.00 79.00 OK

Check Details

Version: 0.4-0
Check: package dependencies
Result: ERROR
    Package required but not available: ‘gsl’
    
    See the information on DESCRIPTION files in the chapter ‘Creating R
    packages’ of the ‘Writing R Extensions’ manual.
Flavor: r-release-osx-x86_64-mavericks

Version: 0.4-0
Check: examples
Result: WARNING
    checking a package with encoding 'latin1' in an ASCII locale
    
     OK
Flavor: r-release-osx-x86_64-snowleopard

Version: 0.4-0
Check: re-building of vignette outputs
Result: NOTE
    Error in re-building vignettes:
     ...
    Loading required package: gsl
    Loading required package: R2Cuba
    Error in texi2dvi(file = file, pdf = TRUE, clean = clean, quiet = quiet, :
     Running 'texi2dvi' on 'pgs_user.tex' failed.
    LaTeX errors:
    ! LaTeX Error: File `path.sty' not found.
    
    Type X to quit or <RETURN> to proceed,
    or enter new name. (Default extension: sty)
    
    pgs.Rcheck/vign_test/pgs/vignettes/pgs_user.tex:11: ==> Fatal error occurred,
    no output PDF file produced!
    Calls: buildVignettes -> texi2pdf -> texi2dvi
    Execution halted
Flavor: r-release-osx-x86_64-snowleopard