CRAN Package Check Results for Package pgs

Last updated on 2017-03-27 13:55:48.

Flavor Version Tinstall Tcheck Ttotal Status Flags
r-devel-linux-x86_64-debian-clang 0.4-0 1.27 25.53 26.80 NOTE
r-devel-linux-x86_64-debian-gcc 0.4-0 1.19 25.80 26.98 NOTE
r-devel-linux-x86_64-fedora-clang 0.4-0 48.76 NOTE --no-stop-on-test-error
r-devel-linux-x86_64-fedora-gcc 0.4-0 46.01 NOTE --no-stop-on-test-error
r-devel-macos-x86_64-clang 0.4-0 40.92 NOTE --no-stop-on-test-error
r-devel-windows-ix86+x86_64 0.4-0 5.00 80.00 85.00 NOTE
r-patched-linux-x86_64 0.4-0 1.17 25.37 26.54 NOTE
r-patched-solaris-sparc 0.4-0 281.80 NOTE
r-patched-solaris-x86 0.4-0 60.80 NOTE
r-release-linux-x86_64 0.4-0 1.10 22.64 23.74 NOTE
r-release-osx-x86_64-mavericks 0.4-0 NOTE
r-release-windows-ix86+x86_64 0.4-0 8.00 45.00 53.00 NOTE
r-oldrel-windows-ix86+x86_64 0.4-0 5.00 80.00 85.00 OK

Check Details

Version: 0.4-0
Check: R code for possible problems
Result: NOTE
    dvol.mse.est: no visible global function definition for ‘optim’
    ellipsoidSurface: no visible global function definition for ‘integrate’
    latscale: no visible global function definition for ‘uniroot’
    covariogram,Segment-function: no visible global function definition for
     ‘integrate’
    plot,FigLat-missing: no visible global function definition for ‘par’
    plot,PointPattern-matrix: no visible global function definition for
     ‘par’
    plot,PointPattern-matrix: no visible global function definition for
     ‘lines’
    plot,PointPattern-missing: no visible global function definition for
     ‘points’
    plot,Quadrat-missing: no visible global function definition for ‘lines’
    plot,Segment-matrix: no visible global function definition for ‘par’
    plot,Segment-matrix: no visible global function definition for
     ‘polygon’
    plot,Segment-missing: no visible global function definition for ‘lines’
    Undefined global functions or variables:
     integrate lines optim par points polygon uniroot
    Consider adding
     importFrom("graphics", "lines", "par", "points", "polygon")
     importFrom("stats", "integrate", "optim", "uniroot")
    to your NAMESPACE file.
Flavors: r-devel-linux-x86_64-debian-clang, r-devel-linux-x86_64-debian-gcc, r-devel-windows-ix86+x86_64, r-patched-linux-x86_64, r-patched-solaris-sparc, r-patched-solaris-x86, r-release-linux-x86_64, r-release-osx-x86_64-mavericks, r-release-windows-ix86+x86_64

Version: 0.4-0
Flags: --no-stop-on-test-error
Check: R code for possible problems
Result: NOTE
    dvol.mse.est: no visible global function definition for ‘optim’
    ellipsoidSurface: no visible global function definition for ‘integrate’
    latscale: no visible global function definition for ‘uniroot’
    covariogram,Segment-function: no visible global function definition for
     ‘integrate’
    plot,FigLat-missing: no visible global function definition for ‘par’
    plot,PointPattern-matrix: no visible global function definition for
     ‘par’
    plot,PointPattern-matrix: no visible global function definition for
     ‘lines’
    plot,PointPattern-missing: no visible global function definition for
     ‘points’
    plot,Quadrat-missing: no visible global function definition for ‘lines’
    plot,Segment-matrix: no visible global function definition for ‘par’
    plot,Segment-matrix: no visible global function definition for
     ‘polygon’
    plot,Segment-missing: no visible global function definition for ‘lines’
    Undefined global functions or variables:
     integrate lines optim par points polygon uniroot
    Consider adding
     importFrom("graphics", "lines", "par", "points", "polygon")
     importFrom("stats", "integrate", "optim", "uniroot")
    to your NAMESPACE file.
Flavors: r-devel-linux-x86_64-fedora-clang, r-devel-linux-x86_64-fedora-gcc, r-devel-macos-x86_64-clang