CRAN Package Check Results for Package pgs

Last updated on 2017-02-21 23:51:00.

Flavor Version Tinstall Tcheck Ttotal Status Flags
r-devel-linux-x86_64-debian-clang 0.4-0 1.13 25.53 26.66 NOTE
r-devel-linux-x86_64-debian-gcc 0.4-0 1.16 25.17 26.32 NOTE
r-devel-linux-x86_64-fedora-clang 0.4-0 47.50 NOTE --no-stop-on-test-error
r-devel-linux-x86_64-fedora-gcc 0.4-0 46.28 NOTE --no-stop-on-test-error
r-devel-macos-x86_64-clang 0.4-0 42.34 NOTE --no-stop-on-test-error
r-devel-windows-ix86+x86_64 0.4-0 5.00 74.00 79.00 NOTE
r-patched-linux-x86_64 0.4-0 1.10 22.79 23.89 NOTE
r-patched-solaris-sparc 0.4-0 253.70 NOTE
r-patched-solaris-x86 0.4-0 54.00 NOTE
r-release-linux-x86_64 0.4-0 1.20 22.51 23.70 NOTE
r-release-osx-x86_64-mavericks 0.4-0 NOTE
r-release-windows-ix86+x86_64 0.4-0 5.00 46.00 51.00 NOTE
r-oldrel-windows-ix86+x86_64 0.4-0 9.00 71.00 80.00 OK

Check Details

Version: 0.4-0
Check: R code for possible problems
Result: NOTE
    dvol.mse.est: no visible global function definition for ‘optim’
    ellipsoidSurface: no visible global function definition for ‘integrate’
    latscale: no visible global function definition for ‘uniroot’
    covariogram,Segment-function: no visible global function definition for
     ‘integrate’
    plot,FigLat-missing: no visible global function definition for ‘par’
    plot,PointPattern-matrix: no visible global function definition for
     ‘par’
    plot,PointPattern-matrix: no visible global function definition for
     ‘lines’
    plot,PointPattern-missing: no visible global function definition for
     ‘points’
    plot,Quadrat-missing: no visible global function definition for ‘lines’
    plot,Segment-matrix: no visible global function definition for ‘par’
    plot,Segment-matrix: no visible global function definition for
     ‘polygon’
    plot,Segment-missing: no visible global function definition for ‘lines’
    Undefined global functions or variables:
     integrate lines optim par points polygon uniroot
    Consider adding
     importFrom("graphics", "lines", "par", "points", "polygon")
     importFrom("stats", "integrate", "optim", "uniroot")
    to your NAMESPACE file.
Flavors: r-devel-linux-x86_64-debian-clang, r-devel-linux-x86_64-debian-gcc, r-devel-windows-ix86+x86_64, r-patched-linux-x86_64, r-patched-solaris-sparc, r-patched-solaris-x86, r-release-linux-x86_64, r-release-osx-x86_64-mavericks, r-release-windows-ix86+x86_64

Version: 0.4-0
Flags: --no-stop-on-test-error
Check: R code for possible problems
Result: NOTE
    dvol.mse.est: no visible global function definition for ‘optim’
    ellipsoidSurface: no visible global function definition for ‘integrate’
    latscale: no visible global function definition for ‘uniroot’
    covariogram,Segment-function: no visible global function definition for
     ‘integrate’
    plot,FigLat-missing: no visible global function definition for ‘par’
    plot,PointPattern-matrix: no visible global function definition for
     ‘par’
    plot,PointPattern-matrix: no visible global function definition for
     ‘lines’
    plot,PointPattern-missing: no visible global function definition for
     ‘points’
    plot,Quadrat-missing: no visible global function definition for ‘lines’
    plot,Segment-matrix: no visible global function definition for ‘par’
    plot,Segment-matrix: no visible global function definition for
     ‘polygon’
    plot,Segment-missing: no visible global function definition for ‘lines’
    Undefined global functions or variables:
     integrate lines optim par points polygon uniroot
    Consider adding
     importFrom("graphics", "lines", "par", "points", "polygon")
     importFrom("stats", "integrate", "optim", "uniroot")
    to your NAMESPACE file.
Flavors: r-devel-linux-x86_64-fedora-clang, r-devel-linux-x86_64-fedora-gcc, r-devel-macos-x86_64-clang