CRAN Package Check Results for Package pgs

Last updated on 2014-10-20 11:48:38.

Flavor Version Tinstall Tcheck Ttotal Status Flags
r-devel-linux-x86_64-debian-clang 0.4-0 1.27 27.81 29.08 OK
r-devel-linux-x86_64-debian-gcc 0.4-0 1.25 27.35 28.60 OK
r-devel-linux-x86_64-fedora-clang 0.4-0 59.78 OK
r-devel-linux-x86_64-fedora-gcc 0.4-0 56.58 OK
r-devel-osx-x86_64-clang 0.4-0 61.91 OK
r-devel-windows-ix86+x86_64 0.4-0 4.00 43.00 47.00 OK
r-patched-linux-x86_64 0.4-0 1.30 28.46 29.76 OK
r-patched-solaris-sparc 0.4-0 336.70 OK
r-patched-solaris-x86 0.4-0 75.30 OK
r-release-linux-ix86 0.4-0 1.79 37.48 39.28 OK
r-release-linux-x86_64 0.4-0 1.28 28.74 30.02 OK
r-release-osx-x86_64-mavericks 0.4-0 ERROR
r-release-osx-x86_64-snowleopard 0.4-0 WARN
r-release-windows-ix86+x86_64 0.4-0 4.00 43.00 47.00 OK
r-oldrel-windows-ix86+x86_64 0.4-0 5.00 45.00 50.00 OK

Check Details

Version: 0.4-0
Check: package dependencies
Result: ERROR
    Package required but not available: ‘gsl’
    
    See the information on DESCRIPTION files in the chapter ‘Creating R
    packages’ of the ‘Writing R Extensions’ manual.
Flavor: r-release-osx-x86_64-mavericks

Version: 0.4-0
Check: examples
Result: WARN
    checking a package with encoding 'latin1' in an ASCII locale
    
     OK
Flavor: r-release-osx-x86_64-snowleopard

Version: 0.4-0
Check: re-building of vignette outputs
Result: NOTE
    Error in re-building vignettes:
     ...
    Loading required package: gsl
    Loading required package: R2Cuba
    Error in texi2dvi(file = file, pdf = TRUE, clean = clean, quiet = quiet, :
     Running 'texi2dvi' on 'pgs_user.tex' failed.
    LaTeX errors:
    ! LaTeX Error: File `path.sty' not found.
    
    Type X to quit or <RETURN> to proceed,
    or enter new name. (Default extension: sty)
    
    pgs.Rcheck/vign_test/pgs/vignettes/pgs_user.tex:11: ==> Fatal error occurred,
    no output PDF file produced!
    Calls: buildVignettes -> texi2pdf -> texi2dvi
    Execution halted
Flavor: r-release-osx-x86_64-snowleopard