CRAN Package Check Results for Package pgs

Last updated on 2016-12-03 20:47:15.

Flavor Version Tinstall Tcheck Ttotal Status Flags
r-devel-linux-x86_64-debian-clang 0.4-0 1.18 25.12 26.30 NOTE
r-devel-linux-x86_64-debian-gcc 0.4-0 1.19 25.09 26.28 NOTE
r-devel-linux-x86_64-fedora-clang 0.4-0 49.02 NOTE
r-devel-linux-x86_64-fedora-gcc 0.4-0 48.18 NOTE
r-devel-macos-x86_64-clang 0.4-0 42.11 NOTE
r-devel-windows-ix86+x86_64 0.4-0 8.00 52.00 60.00 NOTE
r-patched-linux-x86_64 0.4-0 1.12 22.68 23.80 NOTE
r-patched-solaris-sparc 0.4-0 256.60 NOTE
r-patched-solaris-x86 0.4-0 52.20 NOTE
r-release-linux-x86_64 0.4-0 1.07 22.50 23.57 NOTE
r-release-osx-x86_64-mavericks 0.4-0 NOTE
r-release-windows-ix86+x86_64 0.4-0 5.00 50.00 55.00 NOTE
r-oldrel-windows-ix86+x86_64 0.4-0 5.00 50.00 55.00 OK

Check Details

Version: 0.4-0
Check: R code for possible problems
Result: NOTE
    dvol.mse.est: no visible global function definition for ‘optim’
    ellipsoidSurface: no visible global function definition for ‘integrate’
    latscale: no visible global function definition for ‘uniroot’
    covariogram,Segment-function: no visible global function definition for
     ‘integrate’
    plot,FigLat-missing: no visible global function definition for ‘par’
    plot,PointPattern-matrix: no visible global function definition for
     ‘par’
    plot,PointPattern-matrix: no visible global function definition for
     ‘lines’
    plot,PointPattern-missing: no visible global function definition for
     ‘points’
    plot,Quadrat-missing: no visible global function definition for ‘lines’
    plot,Segment-matrix: no visible global function definition for ‘par’
    plot,Segment-matrix: no visible global function definition for
     ‘polygon’
    plot,Segment-missing: no visible global function definition for ‘lines’
    Undefined global functions or variables:
     integrate lines optim par points polygon uniroot
    Consider adding
     importFrom("graphics", "lines", "par", "points", "polygon")
     importFrom("stats", "integrate", "optim", "uniroot")
    to your NAMESPACE file.
Flavors: r-devel-linux-x86_64-debian-clang, r-devel-linux-x86_64-debian-gcc, r-devel-linux-x86_64-fedora-clang, r-devel-linux-x86_64-fedora-gcc, r-devel-macos-x86_64-clang, r-devel-windows-ix86+x86_64, r-patched-linux-x86_64, r-patched-solaris-sparc, r-patched-solaris-x86, r-release-linux-x86_64, r-release-osx-x86_64-mavericks, r-release-windows-ix86+x86_64