CRAN Package Check Results for Package pgs

Last updated on 2015-03-06 23:48:25.

Flavor Version Tinstall Tcheck Ttotal Status Flags
r-devel-linux-x86_64-debian-clang 0.4-0 1.20 26.25 27.45 OK
r-devel-linux-x86_64-debian-gcc 0.4-0 1.14 26.74 27.88 OK
r-devel-linux-x86_64-fedora-clang 0.4-0 54.42 OK
r-devel-linux-x86_64-fedora-gcc 0.4-0 52.63 OK
r-devel-osx-x86_64-clang 0.4-0 60.59 OK
r-devel-windows-ix86+x86_64 0.4-0 6.00 40.00 46.00 OK
r-patched-linux-x86_64 0.4-0 1.36 28.63 29.99 OK
r-patched-solaris-sparc 0.4-0 373.70 OK
r-patched-solaris-x86 0.4-0 74.80 OK
r-release-linux-ix86 0.4-0 1.86 38.41 40.27 OK
r-release-linux-x86_64 0.4-0 1.33 29.16 30.48 OK
r-release-osx-x86_64-mavericks 0.4-0 OK
r-release-osx-x86_64-snowleopard 0.4-0 WARN
r-release-windows-ix86+x86_64 0.4-0 5.00 44.00 49.00 OK
r-oldrel-windows-ix86+x86_64 0.4-0 5.00 44.00 49.00 OK

Check Details

Version: 0.4-0
Check: examples
Result: WARN
    checking a package with encoding 'latin1' in an ASCII locale
    
     OK
Flavor: r-release-osx-x86_64-snowleopard

Version: 0.4-0
Check: re-building of vignette outputs
Result: NOTE
    Error in re-building vignettes:
     ...
    Loading required package: gsl
    Loading required package: R2Cuba
    Error in texi2dvi(file = file, pdf = TRUE, clean = clean, quiet = quiet, :
     Running 'texi2dvi' on 'pgs_user.tex' failed.
    LaTeX errors:
    ! LaTeX Error: File `path.sty' not found.
    
    Type X to quit or <RETURN> to proceed,
    or enter new name. (Default extension: sty)
    
    pgs.Rcheck/vign_test/pgs/vignettes/pgs_user.tex:11: ==> Fatal error occurred,
    no output PDF file produced!
    Calls: buildVignettes -> texi2pdf -> texi2dvi
    Execution halted
Flavor: r-release-osx-x86_64-snowleopard