CRAN Package Check Results for Package pgs

Last updated on 2015-08-01 23:47:26.

Flavor Version Tinstall Tcheck Ttotal Status Flags
r-devel-linux-x86_64-debian-clang 0.4-0 1.26 26.05 27.31 NOTE
r-devel-linux-x86_64-debian-gcc 0.4-0 1.14 26.76 27.90 NOTE
r-devel-linux-x86_64-fedora-clang 0.4-0 54.34 NOTE
r-devel-linux-x86_64-fedora-gcc 0.4-0 51.75 NOTE
r-devel-osx-x86_64-clang 0.4-0 51.23 OK
r-devel-windows-ix86+x86_64 0.4-0 5.00 57.00 62.00 NOTE
r-patched-linux-x86_64 0.4-0 1.18 25.38 26.56 OK
r-patched-solaris-sparc 0.4-0 331.50 OK
r-patched-solaris-x86 0.4-0 70.10 OK
r-release-linux-x86_64 0.4-0 1.11 25.20 26.31 OK
r-release-osx-x86_64-mavericks 0.4-0 OK
r-release-windows-ix86+x86_64 0.4-0 5.00 45.00 50.00 OK
r-oldrel-windows-ix86+x86_64 0.4-0 8.00 49.00 57.00 OK

Check Details

Version: 0.4-0
Check: R code for possible problems
Result: NOTE
    dvol.mse.est: no visible global function definition for ‘optim’
    ellipsoidSurface: no visible global function definition for ‘integrate’
    latscale: no visible global function definition for ‘uniroot’
    covariogram,Segment-function: no visible global function definition for
     ‘integrate’
    plot,FigLat-missing: no visible global function definition for ‘par’
    plot,PointPattern-matrix: no visible global function definition for
     ‘par’
    plot,PointPattern-matrix: no visible global function definition for
     ‘lines’
    plot,PointPattern-missing: no visible global function definition for
     ‘points’
    plot,Quadrat-missing: no visible global function definition for ‘lines’
    plot,Segment-matrix: no visible global function definition for ‘par’
    plot,Segment-matrix: no visible global function definition for
     ‘polygon’
    plot,Segment-missing: no visible global function definition for ‘lines’
    Undefined global functions or variables:
     integrate lines optim par points polygon uniroot
    Consider adding
     importFrom("graphics", "lines", "par", "points", "polygon")
     importFrom("stats", "integrate", "optim", "uniroot")
    to your NAMESPACE.
Flavors: r-devel-linux-x86_64-debian-clang, r-devel-linux-x86_64-debian-gcc, r-devel-linux-x86_64-fedora-clang, r-devel-linux-x86_64-fedora-gcc, r-devel-windows-ix86+x86_64