Last updated on 2022-08-12 05:52:54 CEST.
Flavor | Version | Tinstall | Tcheck | Ttotal | Status | Flags |
---|---|---|---|---|---|---|
r-devel-linux-x86_64-debian-clang | 0.0.1 | 127.46 | 136.20 | 263.66 | NOTE | |
r-devel-linux-x86_64-debian-gcc | 0.0.1 | 115.58 | 108.88 | 224.46 | NOTE | |
r-devel-linux-x86_64-fedora-clang | 0.0.1 | 357.33 | NOTE | |||
r-devel-linux-x86_64-fedora-gcc | 0.0.1 | 377.62 | NOTE | |||
r-devel-windows-x86_64 | 0.0.1 | 172.00 | 200.00 | 372.00 | NOTE | |
r-patched-linux-x86_64 | 0.0.1 | 120.44 | 145.57 | 266.01 | NOTE | |
r-release-linux-x86_64 | 0.0.1 | 116.64 | 144.84 | 261.48 | NOTE | |
r-release-macos-arm64 | 0.0.1 | 98.00 | NOTE | |||
r-release-macos-x86_64 | 0.0.1 | 130.00 | NOTE | |||
r-release-windows-x86_64 | 0.0.1 | 121.00 | 199.00 | 320.00 | NOTE | |
r-oldrel-macos-arm64 | 0.0.1 | 93.00 | NOTE | |||
r-oldrel-macos-x86_64 | 0.0.1 | 135.00 | NOTE | |||
r-oldrel-windows-ix86+x86_64 | 0.0.1 | 293.00 | 323.00 | 616.00 | NOTE |
Version: 0.0.1
Check: for GNU extensions in Makefiles
Result: NOTE
GNU make is a SystemRequirements.
Flavors: r-devel-linux-x86_64-debian-clang, r-devel-linux-x86_64-debian-gcc, r-devel-linux-x86_64-fedora-clang, r-devel-linux-x86_64-fedora-gcc, r-devel-windows-x86_64, r-patched-linux-x86_64, r-release-linux-x86_64, r-release-macos-arm64, r-release-macos-x86_64, r-release-windows-x86_64, r-oldrel-macos-arm64, r-oldrel-macos-x86_64, r-oldrel-windows-ix86+x86_64
Version: 0.0.1
Check: installed package size
Result: NOTE
installed size is 23.3Mb
sub-directories of 1Mb or more:
libs 23.0Mb
Flavors: r-devel-linux-x86_64-fedora-clang, r-release-macos-arm64, r-release-macos-x86_64, r-oldrel-macos-arm64, r-oldrel-macos-x86_64
Version: 0.0.1
Check: dependencies in R code
Result: NOTE
Namespaces in Imports field not imported from:
‘RcppParallel’ ‘rstantools’
All declared Imports should be used.
Flavors: r-devel-linux-x86_64-fedora-clang, r-devel-linux-x86_64-fedora-gcc, r-release-macos-arm64, r-release-macos-x86_64, r-oldrel-macos-arm64, r-oldrel-macos-x86_64