CRAN Package Check Results for Package phangorn

Last updated on 2017-10-24 12:52:37.

Flavor Version Tinstall Tcheck Ttotal Status Flags
r-devel-linux-x86_64-debian-clang 2.2.0 27.09 142.96 170.06 OK
r-devel-linux-x86_64-debian-gcc 2.2.0 30.34 156.70 187.04 OK
r-devel-linux-x86_64-fedora-clang 2.2.0 340.88 OK
r-devel-linux-x86_64-fedora-gcc 2.2.0 347.17 OK
r-devel-windows-ix86+x86_64 2.2.0 63.00 398.00 461.00 NOTE
r-patched-linux-x86_64 2.2.0 26.00 147.30 173.30 OK
r-release-linux-x86_64 2.2.0 26.37 152.20 178.57 OK
r-release-windows-ix86+x86_64 2.2.0 93.00 391.00 484.00 NOTE
r-release-osx-x86_64 2.2.0 NOTE
r-oldrel-windows-ix86+x86_64 2.2.0 66.00 267.00 333.00 OK
r-oldrel-osx-x86_64 2.2.0 OK

Check Details

Version: 2.2.0
Check: installed package size
Result: NOTE
     installed size is 5.2Mb
     sub-directories of 1Mb or more:
     doc 1.4Mb
     libs 1.7Mb
Flavors: r-devel-windows-ix86+x86_64, r-release-windows-ix86+x86_64

Version: 2.2.0
Check: package dependencies
Result: NOTE
    Packages suggested but not available for checking: ‘seqLogo’ ‘Biostrings’
Flavor: r-release-osx-x86_64

Version: 2.2.0
Check: re-building of vignette outputs
Result: NOTE
    Error in re-building vignettes:
     ...
    Loading required package: ape
    Loading required package: seqLogo
    Warning in library(package, lib.loc = lib.loc, character.only = TRUE, logical.return = TRUE, :
     there is no package called ‘seqLogo’
    Loading required package: seqLogo
    Warning in library(package, lib.loc = lib.loc, character.only = TRUE, logical.return = TRUE, :
     there is no package called ‘seqLogo’
    Error in texi2dvi(file = file, pdf = TRUE, clean = clean, quiet = quiet, :
     Running 'texi2dvi' on 'Ancestral.tex' failed.
    LaTeX errors:
    !pdfTeX error: pdflatex (file ./Ancestral-figLOGO.pdf): PDF inclusion: required
     page does not exist <0>
     ==> Fatal error occurred, no output PDF file produced!
    Calls: buildVignettes -> texi2pdf -> texi2dvi
    Execution halted
Flavor: r-release-osx-x86_64