CRAN Package Check Results for Package phaseR

Last updated on 2021-12-06 11:52:03 CET.

Flavor Version Tinstall Tcheck Ttotal Status Flags
r-devel-linux-x86_64-debian-clang 2.1.3 4.58 120.15 124.73 NOTE
r-devel-linux-x86_64-debian-gcc 2.1.3 3.50 84.26 87.76 NOTE
r-devel-linux-x86_64-fedora-clang 2.1.3 143.57 NOTE
r-devel-linux-x86_64-fedora-gcc 2.1.3 134.49 NOTE
r-devel-windows-x86_64-new-UL 2.1.3 14.00 148.00 162.00 NOTE
r-devel-windows-x86_64-new-TK 2.1.3 NOTE
r-devel-windows-x86_64-old 2.1.3 7.00 91.00 98.00 NOTE
r-patched-linux-x86_64 2.1.3 5.42 106.56 111.98 NOTE
r-release-linux-x86_64 2.1.3 3.79 115.01 118.80 NOTE
r-release-macos-arm64 2.1.3 NOTE
r-release-macos-x86_64 2.1.3 NOTE
r-release-windows-ix86+x86_64 2.1.3 8.00 142.00 150.00 NOTE
r-oldrel-macos-x86_64 2.1.3 OK
r-oldrel-windows-ix86+x86_64 2.1.3 8.00 163.00 171.00 OK

Check Details

Version: 2.1.3
Check: LazyData
Result: NOTE
     'LazyData' is specified without a 'data' directory
Flavors: r-devel-linux-x86_64-debian-clang, r-devel-linux-x86_64-debian-gcc, r-devel-linux-x86_64-fedora-clang, r-devel-linux-x86_64-fedora-gcc, r-devel-windows-x86_64-new-UL, r-devel-windows-x86_64-new-TK, r-devel-windows-x86_64-old, r-patched-linux-x86_64, r-release-linux-x86_64, r-release-macos-arm64, r-release-macos-x86_64, r-release-windows-ix86+x86_64