CRAN Package Check Results for Package phcfM

Last updated on 2015-08-01 06:48:04.

Flavor Version Tinstall Tcheck Ttotal Status Flags
r-devel-linux-x86_64-debian-clang 1.2 7.29 10.76 18.05 NOTE
r-devel-linux-x86_64-debian-gcc 1.2 7.94 10.69 18.63 NOTE
r-devel-linux-x86_64-fedora-clang 1.2 36.10 NOTE
r-devel-linux-x86_64-fedora-gcc 1.2 34.77 NOTE
r-devel-osx-x86_64-clang 1.2 32.84 NOTE
r-devel-windows-ix86+x86_64 1.2 34.00 45.00 79.00 NOTE
r-patched-linux-x86_64 1.2 7.94 10.81 18.75 NOTE
r-patched-solaris-sparc 1.2 222.90 NOTE
r-patched-solaris-x86 1.2 46.80 NOTE
r-release-linux-x86_64 1.2 7.89 10.86 18.75 NOTE
r-release-osx-x86_64-mavericks 1.2 NOTE
r-release-windows-ix86+x86_64 1.2 33.00 33.00 66.00 NOTE
r-oldrel-windows-ix86+x86_64 1.2 23.00 38.00 61.00 NOTE

Check Details

Version: 1.2
Check: R code for possible problems
Result: NOTE
    deforestation: no visible global function definition for ‘model.frame’
    deforestation: no visible global function definition for ‘model.matrix’
    deforestation: no visible global function definition for
     ‘model.response’
    deforestation: no visible global function definition for ‘vcov’
    deforestation: no visible global function definition for ‘glm’
    demography: no visible global function definition for ‘model.frame’
    demography: no visible global function definition for ‘model.matrix’
    demography: no visible global function definition for ‘model.response’
    form.beta.start: no visible global function definition for ‘coef’
    form.beta.start: no visible global function definition for ‘glm’
    form.sigma2.start: no visible global function definition for ‘var’
    form.sigma2.start: no visible global function definition for
     ‘residuals’
    form.sigma2.start: no visible global function definition for ‘glm’
    rinvgamma: no visible global function definition for ‘rgamma’
    rwish: no visible global function definition for ‘rchisq’
    rwish: no visible global function definition for ‘rnorm’
    Undefined global functions or variables:
     coef glm model.frame model.matrix model.response rchisq residuals
     rgamma rnorm var vcov
    Consider adding
     importFrom("stats", "coef", "glm", "model.frame", "model.matrix",
     "model.response", "rchisq", "residuals", "rgamma", "rnorm",
     "var", "vcov")
    to your NAMESPACE.
Flavors: r-devel-linux-x86_64-debian-clang, r-devel-linux-x86_64-debian-gcc, r-devel-linux-x86_64-fedora-clang, r-devel-linux-x86_64-fedora-gcc, r-devel-windows-ix86+x86_64

Version: 1.2
Check: compilation flags in Makevars
Result: NOTE
    Package has both ‘src/Makevars.in’ and ‘src/Makevars’.
    Installation with --no-configure' is unlikely to work. If you intended
    ‘src/Makevars’ to be used on Windows, rename it to ‘src/Makevars.win’
    otherwise remove it. If ‘configure’ created ‘src/Makevars’, you need a
    ‘cleanup’ script.
Flavors: r-devel-linux-x86_64-debian-clang, r-devel-linux-x86_64-debian-gcc, r-devel-linux-x86_64-fedora-clang, r-devel-linux-x86_64-fedora-gcc, r-devel-osx-x86_64-clang, r-devel-windows-ix86+x86_64, r-patched-linux-x86_64, r-patched-solaris-sparc, r-patched-solaris-x86, r-release-linux-x86_64, r-release-osx-x86_64-mavericks, r-release-windows-ix86+x86_64, r-oldrel-windows-ix86+x86_64