CRAN Package Check Results for Package phcfM

Last updated on 2014-04-24 11:48:52.

Flavor Version Tinstall Tcheck Ttotal Status Flags
r-devel-linux-x86_64-debian-clang 1.2 5.52 12.88 18.39 NOTE
r-devel-linux-x86_64-debian-gcc 1.2 7.33 13.16 20.50 NOTE
r-devel-linux-x86_64-fedora-clang 1.2 37.91 NOTE
r-devel-linux-x86_64-fedora-gcc 1.2 37.51 NOTE
r-devel-osx-x86_64-clang 1.2 36.75 NOTE
r-devel-osx-x86_64-gcc 1.2 NOTE
r-devel-windows-ix86+x86_64 1.2 24.00 31.00 55.00 NOTE
r-patched-linux-x86_64 1.2 7.32 13.16 20.48 NOTE
r-patched-solaris-sparc 1.2 233.90 NOTE
r-patched-solaris-x86 1.2 52.50 NOTE
r-release-linux-ix86 1.2 11.00 27.00 38.00 NOTE
r-release-linux-x86_64 1.2 7.33 13.02 20.34 NOTE
r-release-osx-x86_64-mavericks 1.2 WARN
r-release-osx-x86_64-snowleopard 1.2 NOTE
r-release-windows-ix86+x86_64 1.2 24.00 33.00 57.00 NOTE
r-oldrel-windows-ix86+x86_64 1.2 24.00 34.00 58.00 NOTE

Check Details

Version: 1.2
Check: compilation flags in Makevars
Result: NOTE
    Package has both ‘src/Makevars.in’ and ‘src/Makevars’.
    Installation with --no-configure' is unlikely to work. If you intended
    ‘src/Makevars’ to be used on Windows, rename it to ‘src/Makevars.win’
    otherwise remove it. If ‘configure’ created ‘src/Makevars’, you need a
    ‘cleanup’ script.
Flavors: r-devel-linux-x86_64-debian-clang, r-devel-linux-x86_64-debian-gcc, r-devel-linux-x86_64-fedora-clang, r-devel-linux-x86_64-fedora-gcc, r-devel-osx-x86_64-clang, r-devel-osx-x86_64-gcc, r-devel-windows-ix86+x86_64, r-patched-linux-x86_64, r-patched-solaris-sparc, r-patched-solaris-x86, r-release-linux-ix86, r-release-linux-x86_64, r-release-osx-x86_64-mavericks, r-release-osx-x86_64-snowleopard, r-release-windows-ix86+x86_64, r-oldrel-windows-ix86+x86_64

Version: 1.2
Check: PDF version of manual
Result: WARNING
    LaTeX errors when creating PDF version.
    This typically indicates Rd problems.
    LaTeX errors found:
    ! LaTeX Error: File `upquote.sty' not found.
    
    Type X to quit or <RETURN> to proceed,
    or enter new name. (Default extension: sty)
    
    1995540/Rd2.tex:8: ==> Fatal error occurred, no output PDF file produced!
Flavor: r-release-osx-x86_64-mavericks