CRAN Package Check Results for Package phcfM

Last updated on 2014-09-01 21:48:57.

Flavor Version Tinstall Tcheck Ttotal Status Flags
r-devel-linux-x86_64-debian-clang 1.2 5.37 11.69 17.06 NOTE
r-devel-linux-x86_64-debian-gcc 1.2 8.06 11.23 19.29 NOTE
r-devel-linux-x86_64-fedora-clang 1.2 35.47 NOTE
r-devel-linux-x86_64-fedora-gcc 1.2 34.79 NOTE
r-devel-osx-x86_64-clang 1.2 34.52 NOTE
r-devel-windows-ix86+x86_64 1.2 25.00 31.00 56.00 NOTE
r-patched-linux-x86_64 1.2 8.24 12.01 20.25 NOTE
r-patched-solaris-sparc 1.2 251.30 NOTE
r-patched-solaris-x86 1.2 54.80 NOTE
r-release-linux-ix86 1.2 10.72 18.54 29.26 NOTE
r-release-linux-x86_64 1.2 9.34 12.15 21.50 NOTE
r-release-osx-x86_64-mavericks 1.2 NOTE
r-release-osx-x86_64-snowleopard 1.2 NOTE
r-release-windows-ix86+x86_64 1.2 22.00 46.00 68.00 NOTE
r-oldrel-windows-ix86+x86_64 1.2 32.00 34.00 66.00 NOTE

Check Details

Version: 1.2
Check: compilation flags in Makevars
Result: NOTE
    Package has both ‘src/Makevars.in’ and ‘src/Makevars’.
    Installation with --no-configure' is unlikely to work. If you intended
    ‘src/Makevars’ to be used on Windows, rename it to ‘src/Makevars.win’
    otherwise remove it. If ‘configure’ created ‘src/Makevars’, you need a
    ‘cleanup’ script.
Flavors: r-devel-linux-x86_64-debian-clang, r-devel-linux-x86_64-debian-gcc, r-devel-linux-x86_64-fedora-clang, r-devel-linux-x86_64-fedora-gcc, r-devel-osx-x86_64-clang, r-devel-windows-ix86+x86_64, r-patched-linux-x86_64, r-patched-solaris-sparc, r-patched-solaris-x86, r-release-linux-ix86, r-release-linux-x86_64, r-release-osx-x86_64-mavericks, r-release-osx-x86_64-snowleopard, r-release-windows-ix86+x86_64, r-oldrel-windows-ix86+x86_64