CRAN Package Check Results for Package phcfM

Last updated on 2014-11-21 16:46:37.

Flavor Version Tinstall Tcheck Ttotal Status Flags
r-devel-linux-x86_64-debian-clang 1.2 6.26 12.68 18.94 NOTE
r-devel-linux-x86_64-debian-gcc 1.2 8.50 12.12 20.62 NOTE
r-devel-linux-x86_64-fedora-clang 1.2 40.22 NOTE
r-devel-linux-x86_64-fedora-gcc 1.2 37.12 NOTE
r-devel-osx-x86_64-clang 1.2 36.15 NOTE
r-devel-windows-ix86+x86_64 1.2 22.00 32.00 54.00 NOTE
r-patched-linux-x86_64 1.2 8.23 12.37 20.60 NOTE
r-patched-solaris-sparc 1.2 251.30 NOTE
r-patched-solaris-x86 1.2 56.30 NOTE
r-release-linux-ix86 1.2 10.28 18.02 28.30 NOTE
r-release-linux-x86_64 1.2 8.12 13.06 21.18 NOTE
r-release-osx-x86_64-mavericks 1.2 NOTE
r-release-osx-x86_64-snowleopard 1.2 NOTE
r-release-windows-ix86+x86_64 1.2 31.00 33.00 64.00 NOTE
r-oldrel-windows-ix86+x86_64 1.2 25.00 39.00 64.00 NOTE

Check Details

Version: 1.2
Check: compilation flags in Makevars
Result: NOTE
    Package has both ‘src/Makevars.in’ and ‘src/Makevars’.
    Installation with --no-configure' is unlikely to work. If you intended
    ‘src/Makevars’ to be used on Windows, rename it to ‘src/Makevars.win’
    otherwise remove it. If ‘configure’ created ‘src/Makevars’, you need a
    ‘cleanup’ script.
Flavors: r-devel-linux-x86_64-debian-clang, r-devel-linux-x86_64-debian-gcc, r-devel-linux-x86_64-fedora-clang, r-devel-linux-x86_64-fedora-gcc, r-devel-osx-x86_64-clang, r-devel-windows-ix86+x86_64, r-patched-linux-x86_64, r-patched-solaris-sparc, r-patched-solaris-x86, r-release-linux-ix86, r-release-linux-x86_64, r-release-osx-x86_64-mavericks, r-release-osx-x86_64-snowleopard, r-release-windows-ix86+x86_64, r-oldrel-windows-ix86+x86_64