CRAN Package Check Results for Package phcfM

Last updated on 2015-02-01 03:49:28.

Flavor Version Tinstall Tcheck Ttotal Status Flags
r-devel-linux-x86_64-debian-clang 1.2 6.30 11.27 17.57 NOTE
r-devel-linux-x86_64-debian-gcc 1.2 8.17 10.93 19.10 NOTE
r-devel-linux-x86_64-fedora-clang 1.2 39.44 NOTE
r-devel-linux-x86_64-fedora-gcc 1.2 34.57 NOTE
r-devel-osx-x86_64-clang 1.2 37.06 NOTE
r-devel-windows-ix86+x86_64 1.2 32.00 31.00 63.00 NOTE
r-patched-linux-x86_64 1.2 8.12 12.78 20.90 NOTE
r-patched-solaris-sparc 1.2 256.10 NOTE
r-patched-solaris-x86 1.2 56.60 NOTE
r-release-linux-ix86 1.2 10.31 18.81 29.12 NOTE
r-release-linux-x86_64 1.2 8.19 12.45 20.64 NOTE
r-release-osx-x86_64-mavericks 1.2 NOTE
r-release-osx-x86_64-snowleopard 1.2 NOTE
r-release-windows-ix86+x86_64 1.2 25.00 36.00 61.00 NOTE
r-oldrel-windows-ix86+x86_64 1.2 24.00 43.00 67.00 NOTE

Check Details

Version: 1.2
Check: compilation flags in Makevars
Result: NOTE
    Package has both ‘src/Makevars.in’ and ‘src/Makevars’.
    Installation with --no-configure' is unlikely to work. If you intended
    ‘src/Makevars’ to be used on Windows, rename it to ‘src/Makevars.win’
    otherwise remove it. If ‘configure’ created ‘src/Makevars’, you need a
    ‘cleanup’ script.
Flavors: r-devel-linux-x86_64-debian-clang, r-devel-linux-x86_64-debian-gcc, r-devel-linux-x86_64-fedora-clang, r-devel-linux-x86_64-fedora-gcc, r-devel-osx-x86_64-clang, r-devel-windows-ix86+x86_64, r-patched-linux-x86_64, r-patched-solaris-sparc, r-patched-solaris-x86, r-release-linux-ix86, r-release-linux-x86_64, r-release-osx-x86_64-mavericks, r-release-osx-x86_64-snowleopard, r-release-windows-ix86+x86_64, r-oldrel-windows-ix86+x86_64