CRAN Package Check Results for Package phcfM

Last updated on 2016-12-03 11:47:41.

Flavor Version Tinstall Tcheck Ttotal Status Flags
r-devel-linux-x86_64-debian-clang 1.2 9.05 13.74 22.79 NOTE
r-devel-linux-x86_64-debian-gcc 1.2 8.89 13.60 22.48 NOTE
r-devel-linux-x86_64-fedora-clang 1.2 41.93 NOTE
r-devel-linux-x86_64-fedora-gcc 1.2 38.42 NOTE
r-devel-macos-x86_64-clang 1.2 32.36 NOTE
r-devel-windows-ix86+x86_64 1.2 31.00 45.00 76.00 NOTE
r-patched-linux-x86_64 1.2 7.66 11.01 18.67 NOTE
r-patched-solaris-sparc 1.2 208.00 NOTE
r-patched-solaris-x86 1.2 41.30 NOTE
r-release-linux-x86_64 1.2 7.77 11.17 18.95 NOTE
r-release-osx-x86_64-mavericks 1.2 NOTE
r-release-windows-ix86+x86_64 1.2 42.00 78.00 120.00 NOTE
r-oldrel-windows-ix86+x86_64 1.2 29.00 36.00 65.00 NOTE

Check Details

Version: 1.2
Check: R code for possible problems
Result: NOTE
    deforestation: no visible global function definition for ‘model.frame’
    deforestation: no visible global function definition for ‘model.matrix’
    deforestation: no visible global function definition for
     ‘model.response’
    deforestation: no visible global function definition for ‘vcov’
    deforestation: no visible global function definition for ‘glm’
    demography: no visible global function definition for ‘model.frame’
    demography: no visible global function definition for ‘model.matrix’
    demography: no visible global function definition for ‘model.response’
    form.beta.start: no visible global function definition for ‘coef’
    form.beta.start: no visible global function definition for ‘glm’
    form.sigma2.start: no visible global function definition for ‘var’
    form.sigma2.start: no visible global function definition for
     ‘residuals’
    form.sigma2.start: no visible global function definition for ‘glm’
    rinvgamma: no visible global function definition for ‘rgamma’
    rwish: no visible global function definition for ‘rchisq’
    rwish: no visible global function definition for ‘rnorm’
    Undefined global functions or variables:
     coef glm model.frame model.matrix model.response rchisq residuals
     rgamma rnorm var vcov
    Consider adding
     importFrom("stats", "coef", "glm", "model.frame", "model.matrix",
     "model.response", "rchisq", "residuals", "rgamma", "rnorm",
     "var", "vcov")
    to your NAMESPACE file.
Flavors: r-devel-linux-x86_64-debian-clang, r-devel-linux-x86_64-debian-gcc, r-devel-linux-x86_64-fedora-clang, r-devel-linux-x86_64-fedora-gcc, r-devel-macos-x86_64-clang, r-devel-windows-ix86+x86_64, r-patched-linux-x86_64, r-patched-solaris-sparc, r-patched-solaris-x86, r-release-linux-x86_64, r-release-osx-x86_64-mavericks, r-release-windows-ix86+x86_64

Version: 1.2
Check: compilation flags in Makevars
Result: NOTE
    Package has both ‘src/Makevars.in’ and ‘src/Makevars’.
    Installation with --no-configure' is unlikely to work. If you intended
    ‘src/Makevars’ to be used on Windows, rename it to ‘src/Makevars.win’
    otherwise remove it. If ‘configure’ created ‘src/Makevars’, you need a
    ‘cleanup’ script.
Flavors: r-devel-linux-x86_64-debian-clang, r-devel-linux-x86_64-debian-gcc, r-devel-linux-x86_64-fedora-clang, r-devel-linux-x86_64-fedora-gcc, r-devel-macos-x86_64-clang, r-devel-windows-ix86+x86_64, r-patched-linux-x86_64, r-patched-solaris-sparc, r-patched-solaris-x86, r-release-linux-x86_64, r-release-osx-x86_64-mavericks, r-release-windows-ix86+x86_64, r-oldrel-windows-ix86+x86_64