CRAN Package Check Results for Package phcfM

Last updated on 2015-05-27 03:48:18.

Flavor Version Tinstall Tcheck Ttotal Status Flags
r-devel-linux-x86_64-debian-clang 1.2 6.20 11.04 17.24 NOTE
r-devel-linux-x86_64-debian-gcc 1.2 7.74 10.75 18.49 NOTE
r-devel-linux-x86_64-fedora-clang 1.2 36.63 NOTE
r-devel-linux-x86_64-fedora-gcc 1.2 36.20 NOTE
r-devel-osx-x86_64-clang 1.2 36.08 NOTE
r-devel-windows-ix86+x86_64 1.2 24.00 33.00 57.00 NOTE
r-patched-linux-x86_64 1.2 7.80 10.90 18.70 NOTE
r-patched-solaris-sparc 1.2 267.70 NOTE
r-patched-solaris-x86 1.2 53.00 NOTE
r-release-linux-x86_64 1.2 7.72 10.91 18.62 NOTE
r-release-osx-x86_64-mavericks 1.2 NOTE
r-release-osx-x86_64-snowleopard 1.2 NOTE
r-release-windows-ix86+x86_64 1.2 23.00 32.00 55.00 NOTE
r-oldrel-windows-ix86+x86_64 1.2 26.00 53.00 79.00 NOTE

Check Details

Version: 1.2
Check: compilation flags in Makevars
Result: NOTE
    Package has both ‘src/Makevars.in’ and ‘src/Makevars’.
    Installation with --no-configure' is unlikely to work. If you intended
    ‘src/Makevars’ to be used on Windows, rename it to ‘src/Makevars.win’
    otherwise remove it. If ‘configure’ created ‘src/Makevars’, you need a
    ‘cleanup’ script.
Flavors: r-devel-linux-x86_64-debian-clang, r-devel-linux-x86_64-debian-gcc, r-devel-linux-x86_64-fedora-clang, r-devel-linux-x86_64-fedora-gcc, r-devel-osx-x86_64-clang, r-devel-windows-ix86+x86_64, r-patched-linux-x86_64, r-patched-solaris-sparc, r-patched-solaris-x86, r-release-linux-x86_64, r-release-osx-x86_64-mavericks, r-release-osx-x86_64-snowleopard, r-release-windows-ix86+x86_64, r-oldrel-windows-ix86+x86_64