CRAN Package Check Results for Package phd

Last updated on 2021-12-03 10:50:59 CET.

Flavor Version Tinstall Tcheck Ttotal Status Flags
r-devel-linux-x86_64-debian-clang 0.1 6.13 63.82 69.95 NOTE
r-devel-linux-x86_64-debian-gcc 0.1 5.16 49.36 54.52 NOTE
r-devel-linux-x86_64-fedora-clang 0.1 96.41 NOTE
r-devel-linux-x86_64-fedora-gcc 0.1 86.19 NOTE
r-devel-windows-x86_64-new-UL 0.1 13.00 97.00 110.00 NOTE
r-devel-windows-x86_64-new-TK 0.1 NOTE
r-devel-windows-x86_64-old 0.1 11.00 58.00 69.00 NOTE
r-patched-linux-x86_64 0.1 7.30 61.50 68.80 NOTE
r-patched-solaris-x86 0.1 122.70 NOTE
r-release-linux-x86_64 0.1 8.10 62.90 71.00 NOTE
r-release-macos-arm64 0.1 NOTE
r-release-macos-x86_64 0.1 NOTE
r-release-windows-ix86+x86_64 0.1 17.00 86.00 103.00 NOTE
r-oldrel-macos-x86_64 0.1 OK
r-oldrel-windows-ix86+x86_64 0.1 18.00 89.00 107.00 OK

Check Details

Version: 0.1
Check: LazyData
Result: NOTE
     'LazyData' is specified without a 'data' directory
Flavors: r-devel-linux-x86_64-debian-clang, r-devel-linux-x86_64-debian-gcc, r-devel-linux-x86_64-fedora-clang, r-devel-linux-x86_64-fedora-gcc, r-devel-windows-x86_64-new-UL, r-devel-windows-x86_64-new-TK, r-devel-windows-x86_64-old, r-patched-linux-x86_64, r-patched-solaris-x86, r-release-linux-x86_64, r-release-macos-arm64, r-release-macos-x86_64, r-release-windows-ix86+x86_64