CRAN Package Check Results for Package pheatmap

Last updated on 2020-01-26 17:49:50 CET.

Flavor Version Tinstall Tcheck Ttotal Status Flags
r-devel-linux-x86_64-debian-clang 1.0.12 3.96 30.35 34.31 NOTE
r-devel-linux-x86_64-debian-gcc 1.0.12 2.88 23.95 26.83 NOTE
r-devel-linux-x86_64-fedora-clang 1.0.12 41.69 NOTE
r-devel-linux-x86_64-fedora-gcc 1.0.12 40.28 NOTE
r-devel-windows-ix86+x86_64 1.0.12 9.00 62.00 71.00 OK
r-devel-windows-ix86+x86_64-gcc8 1.0.12 10.00 49.00 59.00 OK
r-patched-linux-x86_64 1.0.12 2.86 28.00 30.86 OK
r-patched-solaris-x86 1.0.12 54.40 OK
r-release-linux-x86_64 1.0.12 3.31 27.50 30.81 OK
r-release-windows-ix86+x86_64 1.0.12 5.00 45.00 50.00 OK
r-release-osx-x86_64 1.0.12 OK
r-oldrel-windows-ix86+x86_64 1.0.12 4.00 62.00 66.00 OK
r-oldrel-osx-x86_64 1.0.12 OK

Check Details

Version: 1.0.12
Check: for non-standard things in the check directory
Result: NOTE
    Found the following files/directories:
     'test.pdf'
Flavors: r-devel-linux-x86_64-debian-clang, r-devel-linux-x86_64-debian-gcc, r-devel-linux-x86_64-fedora-clang, r-devel-linux-x86_64-fedora-gcc