CRAN Package Check Results for Package pheatmap

Last updated on 2020-10-01 02:53:02 CEST.

Flavor Version Tinstall Tcheck Ttotal Status Flags
r-devel-linux-x86_64-debian-clang 1.0.12 3.59 31.83 35.42 NOTE
r-devel-linux-x86_64-debian-gcc 1.0.12 2.95 25.05 28.00 NOTE
r-devel-linux-x86_64-fedora-clang 1.0.12 51.12 NOTE
r-devel-linux-x86_64-fedora-gcc 1.0.12 42.02 NOTE
r-devel-windows-ix86+x86_64 1.0.12 8.00 36.00 44.00 OK
r-patched-linux-x86_64 1.0.12 4.12 30.32 34.44 NOTE
r-patched-solaris-x86 1.0.12 59.70 NOTE
r-release-linux-x86_64 1.0.12 4.11 30.15 34.26 NOTE
r-release-macos-x86_64 1.0.12 OK
r-release-windows-ix86+x86_64 1.0.12 10.00 46.00 56.00 OK
r-oldrel-macos-x86_64 1.0.12 OK
r-oldrel-windows-ix86+x86_64 1.0.12 6.00 49.00 55.00 OK

Check Details

Version: 1.0.12
Check: for non-standard things in the check directory
Result: NOTE
    Found the following files/directories:
     'test.pdf'
Flavors: r-devel-linux-x86_64-debian-clang, r-devel-linux-x86_64-debian-gcc, r-devel-linux-x86_64-fedora-clang, r-devel-linux-x86_64-fedora-gcc, r-patched-linux-x86_64, r-patched-solaris-x86, r-release-linux-x86_64