CRAN Package Check Results for Package pheatmap

Last updated on 2015-05-23 15:47:23.

Flavor Version Tinstall Tcheck Ttotal Status Flags
r-devel-linux-x86_64-debian-clang 1.0.2 1.02 18.30 19.32 OK
r-devel-linux-x86_64-debian-gcc 1.0.2 1.16 17.76 18.92 OK
r-devel-linux-x86_64-fedora-clang 1.0.2 36.46 OK
r-devel-linux-x86_64-fedora-gcc 1.0.2 34.76 OK
r-devel-osx-x86_64-clang 1.0.2 36.20 OK
r-devel-windows-ix86+x86_64 1.0.2 3.00 28.00 31.00 OK
r-patched-linux-x86_64 1.0.2 0.88 17.86 18.74 OK
r-patched-solaris-sparc 1.0.2 228.20 OK
r-patched-solaris-x86 1.0.2 52.90 OK
r-release-linux-x86_64 1.0.2 0.91 18.50 19.42 OK
r-release-osx-x86_64-mavericks 1.0.2 OK
r-release-osx-x86_64-snowleopard 1.0.2 ERROR
r-release-windows-ix86+x86_64 1.0.2 3.00 27.00 30.00 OK
r-oldrel-windows-ix86+x86_64 1.0.2 5.00 38.00 43.00 OK

Check Details

Version: 1.0.2
Check: package dependencies
Result: ERROR
    Package required but not available: ‘scales’
    
    See section ‘The DESCRIPTION file’ in the ‘Writing R Extensions’
    manual.
Flavor: r-release-osx-x86_64-snowleopard