CRAN Package Check Results for Package pheatmap

Last updated on 2022-10-05 00:04:37 CEST.

Flavor Version Tinstall Tcheck Ttotal Status Flags
r-devel-linux-x86_64-debian-clang 1.0.12 4.31 39.49 43.80 NOTE
r-devel-linux-x86_64-debian-gcc 1.0.12 2.88 29.48 32.36 NOTE
r-devel-linux-x86_64-fedora-clang 1.0.12 64.12 NOTE
r-devel-linux-x86_64-fedora-gcc 1.0.12 60.63 NOTE
r-devel-windows-x86_64 1.0.12 13.00 63.00 76.00 OK
r-patched-linux-x86_64 1.0.12 5.60 36.56 42.16 NOTE
r-release-linux-x86_64 1.0.12 3.46 37.93 41.39 NOTE
r-release-macos-arm64 1.0.12 18.00 OK
r-release-macos-x86_64 1.0.12 28.00 OK
r-release-windows-x86_64 1.0.12 21.00 62.00 83.00 OK
r-oldrel-macos-arm64 1.0.12 23.00 OK
r-oldrel-macos-x86_64 1.0.12 33.00 OK
r-oldrel-windows-ix86+x86_64 1.0.12 9.00 59.00 68.00 OK

Check Details

Version: 1.0.12
Check: for non-standard things in the check directory
Result: NOTE
    Found the following files/directories:
     'test.pdf'
Flavors: r-devel-linux-x86_64-debian-clang, r-devel-linux-x86_64-debian-gcc, r-devel-linux-x86_64-fedora-clang, r-devel-linux-x86_64-fedora-gcc, r-patched-linux-x86_64, r-release-linux-x86_64