CRAN Package Check Results for Package phenex

Last updated on 2015-09-03 14:48:28.

Flavor Version Tinstall Tcheck Ttotal Status Flags
r-devel-linux-x86_64-debian-clang 1.0-7 1.74 15.26 17.00 NOTE
r-devel-linux-x86_64-debian-gcc 1.0-7 1.77 15.40 17.16 NOTE
r-devel-linux-x86_64-fedora-clang 1.0-7 32.17 NOTE
r-devel-linux-x86_64-fedora-gcc 1.0-7 30.48 NOTE
r-devel-osx-x86_64-clang 1.0-7 31.32 NOTE
r-devel-windows-ix86+x86_64 1.0-7 20.00 37.00 57.00 NOTE
r-patched-linux-x86_64 1.0-7 1.85 16.06 17.92 NOTE
r-patched-solaris-sparc 1.0-7 222.60 NOTE
r-patched-solaris-x86 1.0-7 49.80 NOTE
r-release-linux-x86_64 1.0-7 1.85 16.16 18.01 NOTE
r-release-osx-x86_64-mavericks 1.0-7 NOTE
r-release-windows-ix86+x86_64 1.0-7 18.00 35.00 53.00 NOTE
r-oldrel-windows-ix86+x86_64 1.0-7 19.00 40.00 59.00 NOTE

Check Details

Version: 1.0-7
Check: dependencies in R code
Result: NOTE
    'library' or 'require' call to ‘foreach’ in package code.
     Please use :: or requireNamespace() instead.
     See section 'Suggested packages' in the 'Writing R Extensions' manual.
Flavors: r-devel-linux-x86_64-debian-clang, r-devel-linux-x86_64-debian-gcc, r-devel-linux-x86_64-fedora-clang, r-devel-linux-x86_64-fedora-gcc, r-devel-osx-x86_64-clang, r-devel-windows-ix86+x86_64, r-patched-linux-x86_64, r-patched-solaris-sparc, r-patched-solaris-x86, r-release-linux-x86_64, r-release-osx-x86_64-mavericks, r-release-windows-ix86+x86_64, r-oldrel-windows-ix86+x86_64

Version: 1.0-7
Check: R code for possible problems
Result: NOTE
    .dLogistic: no visible global function definition for ‘optim’
    .dLogistic: no visible global function definition for ‘nls’
    .dLogistic: no visible global function definition for ‘predict’
    .dSig: no visible global function definition for ‘optim’
    .dSig: no visible global function definition for ‘nls’
    .dSig: no visible global function definition for ‘predict’
    .dSigC : doublesigmoid : sigmoid: no visible global function definition
     for ‘na.omit’
    .dSigC : doublesigmoid: no visible global function definition for
     ‘na.omit’
    .fftfilter: no visible global function definition for ‘fft’
    .gauss: no visible global function definition for ‘var’
    .gauss: no visible global function definition for ‘na.omit’
    .gauss: no visible global function definition for ‘optim’
    .gauss: no visible global function definition for ‘nls’
    .gauss: no visible global function definition for ‘predict’
    .growth: no visible global function definition for ‘na.omit’
    .growth: no visible global function definition for ‘optim’
    .growth: no visible global function definition for ‘nls’
    .growth: no visible global function definition for ‘predict’
    .initNDVI : <anonymous>: no visible global function definition for
     ‘points’
    .initNDVI : <anonymous>: no visible global function definition for
     ‘lines’
    .initNDVI : <anonymous>: no visible global function definition for
     ‘var’
    .initNDVI : <anonymous>: no visible global function definition for
     ‘cor’
    .linIP: no visible global function definition for ‘approxfun’
    .spline: no visible global function definition for ‘splinefun’
    modelNDVI: no visible global function definition for ‘%dopar%’
    modelNDVI: no visible global function definition for ‘foreach’
    Undefined global functions or variables:
     %dopar% approxfun cor fft foreach lines na.omit nls optim points
     predict splinefun var
    Consider adding
     importFrom("graphics", "lines", "points")
     importFrom("stats", "approxfun", "cor", "fft", "na.omit", "nls",
     "optim", "predict", "splinefun", "var")
    to your NAMESPACE.
Flavors: r-devel-linux-x86_64-debian-clang, r-devel-linux-x86_64-debian-gcc, r-devel-linux-x86_64-fedora-clang, r-devel-linux-x86_64-fedora-gcc, r-devel-windows-ix86+x86_64

Version: 1.0-7
Check: R code for possible problems
Result: NOTE
    modelNDVI: no visible global function definition for ‘%dopar%’
    modelNDVI: no visible global function definition for ‘foreach’
    Undefined global functions or variables:
     %dopar% foreach
Flavor: r-devel-osx-x86_64-clang

Version: 1.0-7
Check: R code for possible problems
Result: NOTE
    modelNDVI: no visible global function definition for ‘%dopar%’
    modelNDVI: no visible global function definition for ‘foreach’
Flavors: r-patched-linux-x86_64, r-patched-solaris-sparc, r-patched-solaris-x86, r-release-linux-x86_64, r-release-osx-x86_64-mavericks, r-release-windows-ix86+x86_64, r-oldrel-windows-ix86+x86_64