CRAN Package Check Results for Package phenex

Last updated on 2017-02-20 22:59:12.

Flavor Version Tinstall Tcheck Ttotal Status Flags
r-devel-linux-x86_64-debian-clang 1.1-9 2.36 19.18 21.54 NOTE
r-devel-linux-x86_64-debian-gcc 1.1-9 2.22 19.38 21.60 NOTE
r-devel-linux-x86_64-fedora-clang 1.1-9 37.12 NOTE --no-stop-on-test-error
r-devel-linux-x86_64-fedora-gcc 1.1-9 35.26 NOTE --no-stop-on-test-error
r-devel-macos-x86_64-clang 1.1-9 32.54 NOTE --no-stop-on-test-error
r-devel-windows-ix86+x86_64 1.1-9 21.00 62.00 83.00 OK
r-patched-linux-x86_64 1.1-9 2.00 16.95 18.95 OK
r-patched-solaris-sparc 1.1-9 203.10 OK
r-patched-solaris-x86 1.1-9 43.50 OK
r-release-linux-x86_64 1.1-9 1.84 16.83 18.67 OK
r-release-osx-x86_64-mavericks 1.1-9 OK
r-release-windows-ix86+x86_64 1.1-9 14.00 100.00 114.00 OK
r-oldrel-windows-ix86+x86_64 1.1-9 14.00 55.00 69.00 OK

Check Details

Version: 1.1-9
Check: compiled code
Result: NOTE
    File ‘phenex/libs/phenex.so’:
     Found no calls to: ‘R_registerRoutines’, ‘R_useDynamicSymbols’
    
    It is good practice to register native routines and to disable symbol
    search.
    
    See ‘Writing portable packages’ in the ‘Writing R Extensions’ manual.
Flavors: r-devel-linux-x86_64-debian-clang, r-devel-linux-x86_64-debian-gcc

Version: 1.1-9
Flags: --no-stop-on-test-error
Check: compiled code
Result: NOTE
    File ‘phenex/libs/phenex.so’:
     Found no calls to: ‘R_registerRoutines’, ‘R_useDynamicSymbols’
    
    It is good practice to register native routines and to disable symbol
    search.
    
    See ‘Writing portable packages’ in the ‘Writing R Extensions’ manual.
Flavors: r-devel-linux-x86_64-fedora-clang, r-devel-linux-x86_64-fedora-gcc, r-devel-macos-x86_64-clang