CRAN Package Check Results for Package phenex

Last updated on 2014-12-19 20:48:22.

Flavor Version Tinstall Tcheck Ttotal Status Flags
r-devel-linux-x86_64-debian-clang 1.0-7 2.08 17.43 19.51 NOTE
r-devel-linux-x86_64-debian-gcc 1.0-7 1.86 16.38 18.25 NOTE
r-devel-linux-x86_64-fedora-clang 1.0-7 40.67 NOTE
r-devel-linux-x86_64-fedora-gcc 1.0-7 36.07 NOTE
r-devel-osx-x86_64-clang 1.0-7 37.30 NOTE
r-devel-windows-ix86+x86_64 1.0-7 14.00 34.00 48.00 NOTE
r-patched-linux-x86_64 1.0-7 2.70 17.80 20.51 NOTE
r-patched-solaris-sparc 1.0-7 250.90 NOTE
r-patched-solaris-x86 1.0-7 51.30 NOTE
r-release-linux-ix86 1.0-7 2.61 22.89 25.50 NOTE
r-release-linux-x86_64 1.0-7 1.97 17.07 19.04 NOTE
r-release-osx-x86_64-mavericks 1.0-7 OK
r-release-osx-x86_64-snowleopard 1.0-7 OK
r-release-windows-ix86+x86_64 1.0-7 14.00 36.00 50.00 NOTE
r-oldrel-windows-ix86+x86_64 1.0-7 13.00 35.00 48.00 OK

Check Details

Version: 1.0-7
Check: R code for possible problems
Result: NOTE
    modelNDVI: no visible global function definition for ‘%dopar%’
    modelNDVI: no visible global function definition for ‘foreach’
Flavors: r-devel-linux-x86_64-debian-clang, r-devel-linux-x86_64-debian-gcc, r-devel-linux-x86_64-fedora-clang, r-devel-linux-x86_64-fedora-gcc, r-devel-osx-x86_64-clang, r-devel-windows-ix86+x86_64, r-patched-linux-x86_64, r-patched-solaris-sparc, r-patched-solaris-x86, r-release-linux-ix86, r-release-linux-x86_64, r-release-windows-ix86+x86_64