CRAN Package Check Results for Package phenex

Last updated on 2014-09-30 23:47:48.

Flavor Version Tinstall Tcheck Ttotal Status Flags
r-devel-linux-x86_64-debian-clang 1.0-7 1.94 17.25 19.20 NOTE
r-devel-linux-x86_64-debian-gcc 1.0-7 1.99 16.53 18.52 NOTE
r-devel-linux-x86_64-fedora-clang 1.0-7 36.56 NOTE
r-devel-linux-x86_64-fedora-gcc 1.0-7 34.05 NOTE
r-devel-osx-x86_64-clang 1.0-7 35.46 NOTE
r-devel-windows-ix86+x86_64 1.0-7 13.00 35.00 48.00 NOTE
r-patched-linux-x86_64 1.0-7 2.00 17.89 19.88 OK
r-patched-solaris-sparc 1.0-7 218.00 OK
r-patched-solaris-x86 1.0-7 52.90 OK
r-release-linux-ix86 1.0-7 2.72 24.04 26.77 OK
r-release-linux-x86_64 1.0-7 1.92 17.81 19.73 OK
r-release-osx-x86_64-mavericks 1.0-7 OK
r-release-osx-x86_64-snowleopard 1.0-7 OK
r-release-windows-ix86+x86_64 1.0-7 15.00 33.00 48.00 OK
r-oldrel-windows-ix86+x86_64 1.0-7 15.00 35.00 50.00 OK

Check Details

Version: 1.0-7
Check: R code for possible problems
Result: NOTE
    modelNDVI: no visible global function definition for ‘%dopar%’
    modelNDVI: no visible global function definition for ‘foreach’
Flavors: r-devel-linux-x86_64-debian-clang, r-devel-linux-x86_64-debian-gcc, r-devel-linux-x86_64-fedora-clang, r-devel-linux-x86_64-fedora-gcc, r-devel-osx-x86_64-clang, r-devel-windows-ix86+x86_64