CRAN Package Check Results for Package phenex

Last updated on 2014-11-28 19:51:25.

Flavor Version Tinstall Tcheck Ttotal Status Flags
r-devel-linux-x86_64-debian-clang 1.0-7 1.86 17.82 19.68 NOTE
r-devel-linux-x86_64-debian-gcc 1.0-7 2.10 16.52 18.62 NOTE
r-devel-linux-x86_64-fedora-clang 1.0-7 38.57 NOTE
r-devel-linux-x86_64-fedora-gcc 1.0-7 37.86 NOTE
r-devel-osx-x86_64-clang 1.0-7 37.23 NOTE
r-devel-windows-ix86+x86_64 1.0-7 14.00 34.00 48.00 NOTE
r-patched-linux-x86_64 1.0-7 2.19 17.72 19.91 NOTE
r-patched-solaris-sparc 1.0-7 250.90 NOTE
r-patched-solaris-x86 1.0-7 51.40 NOTE
r-release-linux-ix86 1.0-7 2.64 23.10 25.74 NOTE
r-release-linux-x86_64 1.0-7 1.93 17.05 18.98 NOTE
r-release-osx-x86_64-mavericks 1.0-7 OK
r-release-osx-x86_64-snowleopard 1.0-7 OK
r-release-windows-ix86+x86_64 1.0-7 14.00 37.00 51.00 NOTE
r-oldrel-windows-ix86+x86_64 1.0-7 15.00 34.00 49.00 OK

Check Details

Version: 1.0-7
Check: R code for possible problems
Result: NOTE
    modelNDVI: no visible global function definition for ‘%dopar%’
    modelNDVI: no visible global function definition for ‘foreach’
Flavors: r-devel-linux-x86_64-debian-clang, r-devel-linux-x86_64-debian-gcc, r-devel-linux-x86_64-fedora-clang, r-devel-linux-x86_64-fedora-gcc, r-devel-osx-x86_64-clang, r-devel-windows-ix86+x86_64, r-patched-linux-x86_64, r-patched-solaris-sparc, r-patched-solaris-x86, r-release-linux-ix86, r-release-linux-x86_64, r-release-windows-ix86+x86_64