CRAN Package Check Results for Package phenex

Last updated on 2015-01-26 03:52:31.

Flavor Version Tinstall Tcheck Ttotal Status Flags
r-devel-linux-x86_64-debian-clang 1.0-7 1.88 16.28 18.16 NOTE
r-devel-linux-x86_64-debian-gcc 1.0-7 2.10 16.48 18.58 NOTE
r-devel-linux-x86_64-fedora-clang 1.0-7 42.32 NOTE
r-devel-linux-x86_64-fedora-gcc 1.0-7 35.89 NOTE
r-devel-osx-x86_64-clang 1.0-7 37.28 NOTE
r-devel-windows-ix86+x86_64 1.0-7 23.00 40.00 63.00 NOTE
r-patched-linux-x86_64 1.0-7 2.05 17.51 19.56 NOTE
r-patched-solaris-sparc 1.0-7 222.20 NOTE
r-patched-solaris-x86 1.0-7 52.70 NOTE
r-release-linux-ix86 1.0-7 2.64 23.18 25.83 NOTE
r-release-linux-x86_64 1.0-7 1.96 17.90 19.86 NOTE
r-release-osx-x86_64-mavericks 1.0-7 NOTE
r-release-osx-x86_64-snowleopard 1.0-7 OK
r-release-windows-ix86+x86_64 1.0-7 16.00 40.00 56.00 NOTE
r-oldrel-windows-ix86+x86_64 1.0-7 15.00 56.00 71.00 OK

Check Details

Version: 1.0-7
Check: dependencies in R code
Result: NOTE
    'library' or 'require' call to ‘foreach’ in package code.
     Please use :: or requireNamespace() instead.
     See section 'Suggested packages' in the 'Writing R Extensions' manual.
Flavors: r-devel-linux-x86_64-debian-clang, r-devel-linux-x86_64-debian-gcc, r-devel-linux-x86_64-fedora-clang, r-devel-linux-x86_64-fedora-gcc, r-devel-osx-x86_64-clang, r-devel-windows-ix86+x86_64

Version: 1.0-7
Check: R code for possible problems
Result: NOTE
    modelNDVI: no visible global function definition for ‘%dopar%’
    modelNDVI: no visible global function definition for ‘foreach’
Flavors: r-devel-linux-x86_64-debian-clang, r-devel-linux-x86_64-debian-gcc, r-devel-linux-x86_64-fedora-clang, r-devel-linux-x86_64-fedora-gcc, r-devel-osx-x86_64-clang, r-devel-windows-ix86+x86_64, r-patched-linux-x86_64, r-patched-solaris-sparc, r-patched-solaris-x86, r-release-linux-ix86, r-release-linux-x86_64, r-release-osx-x86_64-mavericks, r-release-windows-ix86+x86_64