CRAN Package Check Results for Package phenex

Last updated on 2014-10-25 11:48:43.

Flavor Version Tinstall Tcheck Ttotal Status Flags
r-devel-linux-x86_64-debian-clang 1.0-7 1.92 17.14 19.06 NOTE
r-devel-linux-x86_64-debian-gcc 1.0-7 1.92 16.61 18.54 NOTE
r-devel-linux-x86_64-fedora-clang 1.0-7 37.37 NOTE
r-devel-linux-x86_64-fedora-gcc 1.0-7 34.17 NOTE
r-devel-osx-x86_64-clang 1.0-7 36.82 NOTE
r-devel-windows-ix86+x86_64 1.0-7 13.00 32.00 45.00 NOTE
r-patched-linux-x86_64 1.0-7 2.06 17.73 19.79 NOTE
r-patched-solaris-sparc 1.0-7 250.90 NOTE
r-patched-solaris-x86 1.0-7 51.60 NOTE
r-release-linux-ix86 1.0-7 2.72 25.52 28.24 OK
r-release-linux-x86_64 1.0-7 1.99 18.32 20.32 OK
r-release-osx-x86_64-mavericks 1.0-7 OK
r-release-osx-x86_64-snowleopard 1.0-7 OK
r-release-windows-ix86+x86_64 1.0-7 12.00 37.00 49.00 OK
r-oldrel-windows-ix86+x86_64 1.0-7 14.00 35.00 49.00 OK

Check Details

Version: 1.0-7
Check: R code for possible problems
Result: NOTE
    modelNDVI: no visible global function definition for ‘%dopar%’
    modelNDVI: no visible global function definition for ‘foreach’
Flavors: r-devel-linux-x86_64-debian-clang, r-devel-linux-x86_64-debian-gcc, r-devel-linux-x86_64-fedora-clang, r-devel-linux-x86_64-fedora-gcc, r-devel-osx-x86_64-clang, r-devel-windows-ix86+x86_64, r-patched-linux-x86_64, r-patched-solaris-sparc, r-patched-solaris-x86