CRAN Package Check Results for Package phenex

Last updated on 2015-03-01 00:49:45.

Flavor Version Tinstall Tcheck Ttotal Status Flags
r-devel-linux-x86_64-debian-clang 1.0-7 1.81 16.14 17.95 NOTE
r-devel-linux-x86_64-debian-gcc 1.0-7 1.86 15.67 17.53 NOTE
r-devel-linux-x86_64-fedora-clang 1.0-7 35.31 NOTE
r-devel-linux-x86_64-fedora-gcc 1.0-7 33.14 NOTE
r-devel-osx-x86_64-clang 1.0-7 35.31 NOTE
r-devel-windows-ix86+x86_64 1.0-7 22.00 35.00 57.00 NOTE
r-patched-linux-x86_64 1.0-7 2.00 17.89 19.89 NOTE
r-patched-solaris-sparc 1.0-7 239.10 NOTE
r-patched-solaris-x86 1.0-7 53.10 NOTE
r-release-linux-ix86 1.0-7 2.66 23.85 26.52 NOTE
r-release-linux-x86_64 1.0-7 1.92 17.38 19.30 NOTE
r-release-osx-x86_64-mavericks 1.0-7 NOTE
r-release-osx-x86_64-snowleopard 1.0-7 OK
r-release-windows-ix86+x86_64 1.0-7 13.00 37.00 50.00 NOTE
r-oldrel-windows-ix86+x86_64 1.0-7 13.00 60.00 73.00 OK

Check Details

Version: 1.0-7
Check: dependencies in R code
Result: NOTE
    'library' or 'require' call to ‘foreach’ in package code.
     Please use :: or requireNamespace() instead.
     See section 'Suggested packages' in the 'Writing R Extensions' manual.
Flavors: r-devel-linux-x86_64-debian-clang, r-devel-linux-x86_64-debian-gcc, r-devel-linux-x86_64-fedora-clang, r-devel-linux-x86_64-fedora-gcc, r-devel-osx-x86_64-clang, r-devel-windows-ix86+x86_64, r-patched-linux-x86_64, r-patched-solaris-sparc, r-patched-solaris-x86

Version: 1.0-7
Check: R code for possible problems
Result: NOTE
    modelNDVI: no visible global function definition for ‘%dopar%’
    modelNDVI: no visible global function definition for ‘foreach’
Flavors: r-devel-linux-x86_64-debian-clang, r-devel-linux-x86_64-debian-gcc, r-devel-linux-x86_64-fedora-clang, r-devel-linux-x86_64-fedora-gcc, r-devel-osx-x86_64-clang, r-devel-windows-ix86+x86_64, r-patched-linux-x86_64, r-patched-solaris-sparc, r-patched-solaris-x86, r-release-linux-ix86, r-release-linux-x86_64, r-release-osx-x86_64-mavericks, r-release-windows-ix86+x86_64