CRAN Package Check Results for Package phenex

Last updated on 2017-03-27 17:47:41.

Flavor Version Tinstall Tcheck Ttotal Status Flags
r-devel-linux-x86_64-debian-clang 1.1-9 2.57 19.40 21.97 NOTE
r-devel-linux-x86_64-debian-gcc 1.1-9 2.11 18.81 20.93 NOTE
r-devel-linux-x86_64-fedora-clang 1.1-9 37.23 NOTE --no-stop-on-test-error
r-devel-linux-x86_64-fedora-gcc 1.1-9 35.70 NOTE --no-stop-on-test-error
r-devel-macos-x86_64-clang 1.1-9 31.74 NOTE --no-stop-on-test-error
r-devel-windows-ix86+x86_64 1.1-9 14.00 69.00 83.00 OK
r-patched-linux-x86_64 1.1-9 2.06 19.20 21.26 NOTE
r-patched-solaris-sparc 1.1-9 221.50 OK
r-patched-solaris-x86 1.1-9 49.20 OK
r-release-linux-x86_64 1.1-9 1.93 16.83 18.76 OK
r-release-osx-x86_64-mavericks 1.1-9 OK
r-release-windows-ix86+x86_64 1.1-9 23.00 42.00 65.00 OK
r-oldrel-windows-ix86+x86_64 1.1-9 19.00 41.00 60.00 OK

Check Details

Version: 1.1-9
Check: compiled code
Result: NOTE
    File ‘phenex/libs/phenex.so’:
     Found no calls to: ‘R_registerRoutines’, ‘R_useDynamicSymbols’
    
    It is good practice to register native routines and to disable symbol
    search.
    
    See ‘Writing portable packages’ in the ‘Writing R Extensions’ manual.
Flavors: r-devel-linux-x86_64-debian-clang, r-devel-linux-x86_64-debian-gcc, r-patched-linux-x86_64

Version: 1.1-9
Flags: --no-stop-on-test-error
Check: compiled code
Result: NOTE
    File ‘phenex/libs/phenex.so’:
     Found no calls to: ‘R_registerRoutines’, ‘R_useDynamicSymbols’
    
    It is good practice to register native routines and to disable symbol
    search.
    
    See ‘Writing portable packages’ in the ‘Writing R Extensions’ manual.
Flavors: r-devel-linux-x86_64-fedora-clang, r-devel-linux-x86_64-fedora-gcc, r-devel-macos-x86_64-clang