CRAN Package Check Results for Package phenex

Last updated on 2017-04-29 23:50:38.

Flavor Version Tinstall Tcheck Ttotal Status Flags
r-devel-linux-x86_64-debian-clang 1.1-9 2.63 19.31 21.94 NOTE
r-devel-linux-x86_64-debian-gcc 1.1-9 2.13 19.25 21.38 NOTE
r-devel-linux-x86_64-fedora-clang 1.1-9 38.10 NOTE --no-stop-on-test-error
r-devel-linux-x86_64-fedora-gcc 1.1-9 35.02 NOTE --no-stop-on-test-error
r-devel-windows-ix86+x86_64 1.1-9 25.00 50.00 75.00 OK
r-patched-linux-x86_64 1.1-9 2.10 19.28 21.38 NOTE
r-patched-solaris-sparc 1.1-9 221.50 OK
r-patched-solaris-x86 1.1-9 48.30 OK
r-release-linux-x86_64 1.1-9 1.99 19.33 21.32 NOTE
r-release-windows-ix86+x86_64 1.1-9 26.00 51.00 77.00 OK
r-release-osx-x86_64 1.1-9 OK
r-oldrel-windows-ix86+x86_64 1.1-9 25.00 55.00 80.00 OK
r-oldrel-osx-x86_64 1.1-9 OK

Check Details

Version: 1.1-9
Check: compiled code
Result: NOTE
    File ‘phenex/libs/phenex.so’:
     Found no calls to: ‘R_registerRoutines’, ‘R_useDynamicSymbols’
    
    It is good practice to register native routines and to disable symbol
    search.
    
    See ‘Writing portable packages’ in the ‘Writing R Extensions’ manual.
Flavors: r-devel-linux-x86_64-debian-clang, r-devel-linux-x86_64-debian-gcc, r-patched-linux-x86_64, r-release-linux-x86_64

Version: 1.1-9
Flags: --no-stop-on-test-error
Check: compiled code
Result: NOTE
    File ‘phenex/libs/phenex.so’:
     Found no calls to: ‘R_registerRoutines’, ‘R_useDynamicSymbols’
    
    It is good practice to register native routines and to disable symbol
    search.
    
    See ‘Writing portable packages’ in the ‘Writing R Extensions’ manual.
Flavors: r-devel-linux-x86_64-fedora-clang, r-devel-linux-x86_64-fedora-gcc