CRAN Package Check Results for Package phenex

Last updated on 2014-04-24 11:48:52.

Flavor Version Tinstall Tcheck Ttotal Status Flags
r-devel-linux-x86_64-debian-clang 1.0-7 1.89 17.66 19.55 OK
r-devel-linux-x86_64-debian-gcc 1.0-7 1.95 17.46 19.41 OK
r-devel-linux-x86_64-fedora-clang 1.0-7 37.91 OK
r-devel-linux-x86_64-fedora-gcc 1.0-7 37.06 OK
r-devel-osx-x86_64-clang 1.0-7 36.87 OK
r-devel-osx-x86_64-gcc 1.0-7 NOTE
r-devel-windows-ix86+x86_64 1.0-7 13.00 34.00 47.00 OK
r-patched-linux-x86_64 1.0-7 1.95 17.60 19.56 OK
r-patched-solaris-sparc 1.0-7 213.70 OK
r-patched-solaris-x86 1.0-7 51.50 OK
r-release-linux-ix86 1.0-7 4.00 34.00 38.00 OK
r-release-linux-x86_64 1.0-7 1.92 17.65 19.58 OK
r-release-osx-x86_64-mavericks 1.0-7 OK
r-release-osx-x86_64-snowleopard 1.0-7 OK
r-release-windows-ix86+x86_64 1.0-7 13.00 35.00 48.00 OK
r-oldrel-windows-ix86+x86_64 1.0-7 14.00 36.00 50.00 OK

Check Details

Version: 1.0-7
Check: package dependencies
Result: NOTE
    Package suggested but not available for checking: ‘foreach’
Flavor: r-devel-osx-x86_64-gcc

Version: 1.0-7
Check: R code for possible problems
Result: NOTE
    modelNDVI: no visible global function definition for ‘%dopar%’
    modelNDVI: no visible global function definition for ‘foreach’
Flavor: r-devel-osx-x86_64-gcc