CRAN Package Check Results for Package phenex

Last updated on 2015-05-05 23:47:53.

Flavor Version Tinstall Tcheck Ttotal Status Flags
r-devel-linux-x86_64-debian-clang 1.0-7 1.84 17.54 19.39 NOTE
r-devel-linux-x86_64-debian-gcc 1.0-7 1.85 16.34 18.20 NOTE
r-devel-linux-x86_64-fedora-clang 1.0-7 36.20 NOTE
r-devel-linux-x86_64-fedora-gcc 1.0-7 32.31 NOTE
r-devel-osx-x86_64-clang 1.0-7 34.90 NOTE
r-devel-windows-ix86+x86_64 1.0-7 13.00 34.00 47.00 NOTE
r-patched-linux-x86_64 1.0-7 1.86 16.93 18.79 NOTE
r-patched-solaris-sparc 1.0-7 217.20 NOTE
r-patched-solaris-x86 1.0-7 45.70 NOTE
r-release-linux-x86_64 1.0-7 1.84 16.34 18.18 NOTE
r-release-osx-x86_64-mavericks 1.0-7 NOTE
r-release-osx-x86_64-snowleopard 1.0-7 NOTE
r-release-windows-ix86+x86_64 1.0-7 17.00 33.00 50.00 NOTE
r-oldrel-windows-ix86+x86_64 1.0-7 14.00 47.00 61.00 NOTE

Check Details

Version: 1.0-7
Check: dependencies in R code
Result: NOTE
    'library' or 'require' call to ‘foreach’ in package code.
     Please use :: or requireNamespace() instead.
     See section 'Suggested packages' in the 'Writing R Extensions' manual.
Flavors: r-devel-linux-x86_64-debian-clang, r-devel-linux-x86_64-debian-gcc, r-devel-linux-x86_64-fedora-clang, r-devel-linux-x86_64-fedora-gcc, r-devel-osx-x86_64-clang, r-devel-windows-ix86+x86_64, r-patched-linux-x86_64, r-patched-solaris-sparc, r-patched-solaris-x86, r-release-linux-x86_64, r-release-osx-x86_64-mavericks, r-release-osx-x86_64-snowleopard, r-release-windows-ix86+x86_64, r-oldrel-windows-ix86+x86_64

Version: 1.0-7
Check: R code for possible problems
Result: NOTE
    modelNDVI: no visible global function definition for ‘%dopar%’
    modelNDVI: no visible global function definition for ‘foreach’
Flavors: r-devel-linux-x86_64-debian-clang, r-devel-linux-x86_64-debian-gcc, r-devel-linux-x86_64-fedora-clang, r-devel-linux-x86_64-fedora-gcc, r-devel-osx-x86_64-clang, r-devel-windows-ix86+x86_64, r-patched-linux-x86_64, r-patched-solaris-sparc, r-patched-solaris-x86, r-release-linux-x86_64, r-release-osx-x86_64-mavericks, r-release-osx-x86_64-snowleopard, r-release-windows-ix86+x86_64, r-oldrel-windows-ix86+x86_64