CRAN Package Check Results for Package phenex

Last updated on 2014-08-30 17:47:11.

Flavor Version Tinstall Tcheck Ttotal Status Flags
r-devel-linux-x86_64-debian-clang 1.0-7 1.72 17.08 18.79 NOTE
r-devel-linux-x86_64-debian-gcc 1.0-7 3.96 16.14 20.10 NOTE
r-devel-linux-x86_64-fedora-clang 1.0-7 36.26 NOTE
r-devel-linux-x86_64-fedora-gcc 1.0-7 35.15 NOTE
r-devel-osx-x86_64-clang 1.0-7 35.23 NOTE
r-devel-windows-ix86+x86_64 1.0-7 17.00 34.00 51.00 NOTE
r-patched-linux-x86_64 1.0-7 1.96 17.35 19.31 OK
r-patched-solaris-sparc 1.0-7 218.00 OK
r-patched-solaris-x86 1.0-7 50.70 OK
r-release-linux-ix86 1.0-7 2.75 23.75 26.50 OK
r-release-linux-x86_64 1.0-7 2.08 17.05 19.13 OK
r-release-osx-x86_64-mavericks 1.0-7 OK
r-release-osx-x86_64-snowleopard 1.0-7 OK
r-release-windows-ix86+x86_64 1.0-7 12.00 49.00 61.00 OK
r-oldrel-windows-ix86+x86_64 1.0-7 17.00 32.00 49.00 OK

Check Details

Version: 1.0-7
Check: R code for possible problems
Result: NOTE
    modelNDVI: no visible global function definition for ‘%dopar%’
    modelNDVI: no visible global function definition for ‘foreach’
Flavors: r-devel-linux-x86_64-debian-clang, r-devel-linux-x86_64-debian-gcc, r-devel-linux-x86_64-fedora-clang, r-devel-linux-x86_64-fedora-gcc, r-devel-osx-x86_64-clang, r-devel-windows-ix86+x86_64