CRAN Package Check Results for Package phenex

Last updated on 2015-07-03 11:47:15.

Flavor Version Tinstall Tcheck Ttotal Status Flags
r-devel-linux-x86_64-debian-clang 1.0-7 1.89 16.38 18.26 NOTE
r-devel-linux-x86_64-debian-gcc 1.0-7 1.87 15.59 17.46 NOTE
r-devel-linux-x86_64-fedora-clang 1.0-7 34.07 NOTE
r-devel-linux-x86_64-fedora-gcc 1.0-7 30.97 NOTE
r-devel-osx-x86_64-clang 1.0-7 31.40 NOTE
r-devel-windows-ix86+x86_64 1.0-7 15.00 32.00 47.00 NOTE
r-patched-linux-x86_64 1.0-7 1.79 16.07 17.86 NOTE
r-patched-solaris-sparc 1.0-7 193.70 NOTE
r-patched-solaris-x86 1.0-7 48.80 NOTE
r-release-linux-x86_64 1.0-7 1.84 15.99 17.83 NOTE
r-release-osx-x86_64-mavericks 1.0-7 NOTE
r-release-windows-ix86+x86_64 1.0-7 16.00 34.00 50.00 NOTE
r-oldrel-windows-ix86+x86_64 1.0-7 18.00 48.00 66.00 NOTE

Check Details

Version: 1.0-7
Check: dependencies in R code
Result: NOTE
    'library' or 'require' call to ‘foreach’ in package code.
     Please use :: or requireNamespace() instead.
     See section 'Suggested packages' in the 'Writing R Extensions' manual.
Flavors: r-devel-linux-x86_64-debian-clang, r-devel-linux-x86_64-debian-gcc, r-devel-linux-x86_64-fedora-clang, r-devel-linux-x86_64-fedora-gcc, r-devel-osx-x86_64-clang, r-devel-windows-ix86+x86_64, r-patched-linux-x86_64, r-patched-solaris-sparc, r-patched-solaris-x86, r-release-linux-x86_64, r-release-osx-x86_64-mavericks, r-release-windows-ix86+x86_64, r-oldrel-windows-ix86+x86_64

Version: 1.0-7
Check: R code for possible problems
Result: NOTE
    .dLogistic: no visible global function definition for ‘optim’
    .dLogistic: no visible global function definition for ‘nls’
    .dLogistic: no visible global function definition for ‘predict’
    .dSig: no visible global function definition for ‘optim’
    .dSig: no visible global function definition for ‘nls’
    .dSig: no visible global function definition for ‘predict’
    .dSigC : doublesigmoid : sigmoid: no visible global function definition
     for ‘na.omit’
    .dSigC : doublesigmoid: no visible global function definition for
     ‘na.omit’
    .fftfilter: no visible global function definition for ‘fft’
    .gauss: no visible global function definition for ‘var’
    .gauss: no visible global function definition for ‘na.omit’
    .gauss: no visible global function definition for ‘optim’
    .gauss: no visible global function definition for ‘nls’
    .gauss: no visible global function definition for ‘predict’
    .growth: no visible global function definition for ‘na.omit’
    .growth: no visible global function definition for ‘optim’
    .growth: no visible global function definition for ‘nls’
    .growth: no visible global function definition for ‘predict’
    .initNDVI : <anonymous>: no visible global function definition for
     ‘points’
    .initNDVI : <anonymous>: no visible global function definition for
     ‘lines’
    .initNDVI : <anonymous>: no visible global function definition for
     ‘var’
    .initNDVI : <anonymous>: no visible global function definition for
     ‘cor’
    .linIP: no visible global function definition for ‘approxfun’
    .spline: no visible global function definition for ‘splinefun’
    modelNDVI: no visible global function definition for ‘%dopar%’
    modelNDVI: no visible global function definition for ‘foreach’
    Undefined global functions or variables:
     %dopar% approxfun cor fft foreach lines na.omit nls optim points
     predict splinefun var
Flavors: r-devel-linux-x86_64-debian-clang, r-devel-linux-x86_64-debian-gcc, r-devel-linux-x86_64-fedora-clang, r-devel-linux-x86_64-fedora-gcc, r-devel-windows-ix86+x86_64

Version: 1.0-7
Check: R code for possible problems
Result: NOTE
    modelNDVI: no visible global function definition for ‘%dopar%’
    modelNDVI: no visible global function definition for ‘foreach’
    Undefined global functions or variables:
     %dopar% foreach
Flavor: r-devel-osx-x86_64-clang

Version: 1.0-7
Check: R code for possible problems
Result: NOTE
    modelNDVI: no visible global function definition for ‘%dopar%’
    modelNDVI: no visible global function definition for ‘foreach’
Flavors: r-patched-linux-x86_64, r-patched-solaris-sparc, r-patched-solaris-x86, r-release-linux-x86_64, r-release-osx-x86_64-mavericks, r-release-windows-ix86+x86_64, r-oldrel-windows-ix86+x86_64