CRAN Package Check Results for Package phenmod

Last updated on 2014-04-24 15:50:44.

Flavor Version Tinstall Tcheck Ttotal Status Flags
r-devel-linux-x86_64-debian-clang 1.2-3 3.79 38.44 42.24 OK
r-devel-linux-x86_64-debian-gcc 1.2-3 3.69 38.26 41.95 OK
r-devel-linux-x86_64-fedora-clang 1.2-3 87.40 OK
r-devel-linux-x86_64-fedora-gcc 1.2-3 84.83 OK
r-devel-osx-x86_64-clang 1.2-3 80.25 OK
r-devel-osx-x86_64-gcc 1.2-3 ERROR
r-devel-windows-ix86+x86_64 1.2-3 11.00 74.00 85.00 OK
r-patched-linux-x86_64 1.2-3 3.79 38.36 42.16 OK
r-patched-solaris-sparc 1.2-3 429.40 OK
r-patched-solaris-x86 1.2-3 109.40 OK
r-release-linux-ix86 1.2-3 6.00 65.00 71.00 OK
r-release-linux-x86_64 1.2-3 3.75 38.01 41.76 OK
r-release-osx-x86_64-mavericks 1.2-3 ERROR
r-release-osx-x86_64-snowleopard 1.2-3 ERROR
r-release-windows-ix86+x86_64 1.2-3 12.00 74.00 86.00 OK
r-oldrel-windows-ix86+x86_64 1.2-3 12.00 77.00 89.00 OK

Check Details

Version: 1.2-3
Check: package dependencies
Result: ERROR
    Packages required but not available: ‘gstat’ ‘pheno’
    
    See the information on DESCRIPTION files in the chapter ‘Creating R
    packages’ of the ‘Writing R Extensions’ manual.
Flavor: r-devel-osx-x86_64-gcc

Version: 1.2-3
Check: package dependencies
Result: ERROR
    Package required but not available: ‘gstat’
    
    See the information on DESCRIPTION files in the chapter ‘Creating R
    packages’ of the ‘Writing R Extensions’ manual.
Flavor: r-release-osx-x86_64-mavericks

Version: 1.2-3
Check: whether package can be installed
Result: ERROR
    Installation failed.
    See ‘/Volumes/XT3/Builds/R-dev-web/QA/Simon/packages/snowleopard-x86_64/results/3.1/phenmod.Rcheck/00install.out’ for details.
Flavor: r-release-osx-x86_64-snowleopard