CRAN Package Check Results for Package phenmod

Last updated on 2015-01-27 17:53:24.

Flavor Version Tinstall Tcheck Ttotal Status Flags
r-devel-linux-x86_64-debian-clang 1.2-3 3.04 32.19 35.23 OK
r-devel-linux-x86_64-debian-gcc 1.2-3 3.68 30.05 33.72 OK
r-devel-linux-x86_64-fedora-clang 1.2-3 94.07 OK
r-devel-linux-x86_64-fedora-gcc 1.2-3 83.66 OK
r-devel-osx-x86_64-clang 1.2-3 78.92 OK
r-devel-windows-ix86+x86_64 1.2-3 10.00 59.00 69.00 OK
r-patched-linux-x86_64 1.2-3 3.26 38.50 41.76 OK
r-patched-solaris-sparc 1.2-3 543.40 OK
r-patched-solaris-x86 1.2-3 114.30 OK
r-release-linux-ix86 1.2-3 3.94 46.28 50.22 OK
r-release-linux-x86_64 1.2-3 3.26 40.02 43.28 OK
r-release-osx-x86_64-mavericks 1.2-3 OK
r-release-osx-x86_64-snowleopard 1.2-3 ERROR
r-release-windows-ix86+x86_64 1.2-3 14.00 78.00 92.00 OK
r-oldrel-windows-ix86+x86_64 1.2-3 12.00 79.00 91.00 OK

Check Details

Version: 1.2-3
Check: whether package can be installed
Result: ERROR
    Installation failed.
Flavor: r-release-osx-x86_64-snowleopard