CRAN Package Check Results for Package phenmod

Last updated on 2014-07-26 08:50:54.

Flavor Version Tinstall Tcheck Ttotal Status Flags
r-devel-linux-x86_64-debian-clang 1.2-3 3.45 37.38 40.82 OK
r-devel-linux-x86_64-debian-gcc 1.2-3 3.42 35.56 38.97 OK
r-devel-linux-x86_64-fedora-clang 1.2-3 88.30 OK
r-devel-linux-x86_64-fedora-gcc 1.2-3 80.44 OK
r-devel-osx-x86_64-clang 1.2-3 74.87 OK
r-devel-windows-ix86+x86_64 1.2-3 14.00 76.00 90.00 OK
r-patched-linux-x86_64 1.2-3 3.50 36.06 39.56 OK
r-patched-solaris-sparc 1.2-3 429.40 OK
r-patched-solaris-x86 1.2-3 108.90 OK
r-release-linux-ix86 1.2-3 4.38 46.14 50.52 OK
r-release-linux-x86_64 1.2-3 3.60 37.34 40.95 OK
r-release-osx-x86_64-mavericks 1.2-3 ERROR
r-release-osx-x86_64-snowleopard 1.2-3 ERROR
r-release-windows-ix86+x86_64 1.2-3 11.00 79.00 90.00 OK
r-oldrel-windows-ix86+x86_64 1.2-3 12.00 75.00 87.00 OK

Check Details

Version: 1.2-3
Check: package dependencies
Result: ERROR
    Package required but not available: ‘gstat’
    
    See the information on DESCRIPTION files in the chapter ‘Creating R
    packages’ of the ‘Writing R Extensions’ manual.
Flavor: r-release-osx-x86_64-mavericks

Version: 1.2-3
Check: whether package can be installed
Result: ERROR
    Installation failed.
    See ‘/Volumes/XT3/Builds/R-dev-web/QA/Simon/packages/snowleopard-x86_64/results/3.1/phenmod.Rcheck/00install.out’ for details.
Flavor: r-release-osx-x86_64-snowleopard