CRAN Package Check Results for Package phenmod

Last updated on 2014-08-21 01:47:48.

Flavor Version Tinstall Tcheck Ttotal Status Flags
r-devel-linux-x86_64-debian-clang 1.2-3 4.21 36.18 40.39 OK
r-devel-linux-x86_64-debian-gcc 1.2-3 3.50 35.38 38.88 OK
r-devel-linux-x86_64-fedora-clang 1.2-3 85.50 OK
r-devel-linux-x86_64-fedora-gcc 1.2-3 86.33 OK
r-devel-osx-x86_64-clang 1.2-3 71.88 OK
r-devel-windows-ix86+x86_64 1.2-3 12.00 70.00 82.00 OK
r-patched-linux-x86_64 1.2-3 3.44 36.96 40.40 OK
r-patched-solaris-sparc 1.2-3 482.70 OK
r-patched-solaris-x86 1.2-3 109.60 OK
r-release-linux-ix86 1.2-3 4.40 46.51 50.90 OK
r-release-linux-x86_64 1.2-3 3.59 37.10 40.70 OK
r-release-osx-x86_64-mavericks 1.2-3 ERROR
r-release-osx-x86_64-snowleopard 1.2-3 ERROR
r-release-windows-ix86+x86_64 1.2-3 14.00 78.00 92.00 OK
r-oldrel-windows-ix86+x86_64 1.2-3 14.00 77.00 91.00 OK

Check Details

Version: 1.2-3
Check: package dependencies
Result: ERROR
    Package required but not available: ‘gstat’
    
    See the information on DESCRIPTION files in the chapter ‘Creating R
    packages’ of the ‘Writing R Extensions’ manual.
Flavor: r-release-osx-x86_64-mavericks

Version: 1.2-3
Check: whether package can be installed
Result: ERROR
    Installation failed.
Flavor: r-release-osx-x86_64-snowleopard