CRAN Package Check Results for Package phenmod

Last updated on 2015-04-01 23:49:21.

Flavor Version Tinstall Tcheck Ttotal Status Flags
r-devel-linux-x86_64-debian-clang 1.2-3 2.59 28.73 31.32 OK
r-devel-linux-x86_64-debian-gcc 1.2-3 2.38 28.18 30.56 OK
r-devel-linux-x86_64-fedora-clang 1.2-3 63.24 OK
r-devel-linux-x86_64-fedora-gcc 1.2-3 69.60 OK
r-devel-osx-x86_64-clang 1.2-3 64.57 OK
r-prerel-windows-ix86+x86_64 1.2-3 9.00 65.00 74.00 OK
r-prerel-linux-x86_64 1.2-3 2.69 28.77 31.46 OK
r-prerel-solaris-sparc 1.2-3 388.10 OK
r-prerel-solaris-x86 1.2-3 81.70 OK
r-release-linux-x86_64 1.2-3 3.80 40.14 43.94 OK
r-release-osx-x86_64-mavericks 1.2-3 OK
r-release-osx-x86_64-snowleopard 1.2-3 ERROR
r-release-windows-ix86+x86_64 1.2-3 14.00 83.00 97.00 OK
r-oldrel-windows-ix86+x86_64 1.2-3 12.00 85.00 97.00 OK

Check Details

Version: 1.2-3
Check: whether package can be installed
Result: ERROR
    Installation failed.
Flavor: r-release-osx-x86_64-snowleopard