CRAN Package Check Results for Package phenmod

Last updated on 2014-09-23 23:47:07.

Flavor Version Tinstall Tcheck Ttotal Status Flags
r-devel-linux-x86_64-debian-clang 1.2-3 3.36 39.46 42.83 OK
r-devel-linux-x86_64-debian-gcc 1.2-3 3.48 38.34 41.82 OK
r-devel-linux-x86_64-fedora-clang 1.2-3 93.95 OK
r-devel-linux-x86_64-fedora-gcc 1.2-3 85.67 OK
r-devel-osx-x86_64-clang 1.2-3 79.93 OK
r-devel-windows-ix86+x86_64 1.2-3 15.00 80.00 95.00 OK
r-patched-linux-x86_64 1.2-3 3.71 41.44 45.15 OK
r-patched-solaris-sparc 1.2-3 482.70 OK
r-patched-solaris-x86 1.2-3 118.90 OK
r-release-linux-ix86 1.2-3 4.57 49.94 54.51 OK
r-release-linux-x86_64 1.2-3 4.42 41.04 45.46 OK
r-release-osx-x86_64-mavericks 1.2-3 ERROR
r-release-osx-x86_64-snowleopard 1.2-3 ERROR
r-release-windows-ix86+x86_64 1.2-3 14.00 83.00 97.00 OK
r-oldrel-windows-ix86+x86_64 1.2-3 13.00 81.00 94.00 OK

Check Details

Version: 1.2-3
Check: package dependencies
Result: ERROR
    Package required but not available: ‘gstat’
    
    See the information on DESCRIPTION files in the chapter ‘Creating R
    packages’ of the ‘Writing R Extensions’ manual.
Flavor: r-release-osx-x86_64-mavericks

Version: 1.2-3
Check: whether package can be installed
Result: ERROR
    Installation failed.
Flavor: r-release-osx-x86_64-snowleopard