CRAN Package Check Results for Package phenmod

Last updated on 2014-12-19 01:48:25.

Flavor Version Tinstall Tcheck Ttotal Status Flags
r-devel-linux-x86_64-debian-clang 1.2-3 3.54 42.10 45.64 OK
r-devel-linux-x86_64-debian-gcc 1.2-3 3.35 40.88 44.24 OK
r-devel-linux-x86_64-fedora-clang 1.2-3 96.78 OK
r-devel-linux-x86_64-fedora-gcc 1.2-3 89.60 OK
r-devel-osx-x86_64-clang 1.2-3 83.62 OK
r-devel-windows-ix86+x86_64 1.2-3 15.00 84.00 99.00 OK
r-patched-linux-x86_64 1.2-3 3.49 40.89 44.38 OK
r-patched-solaris-sparc 1.2-3 482.70 OK
r-patched-solaris-x86 1.2-3 119.40 OK
r-release-linux-ix86 1.2-3 4.26 48.53 52.79 OK
r-release-linux-x86_64 1.2-3 3.63 40.78 44.40 OK
r-release-osx-x86_64-mavericks 1.2-3 ERROR
r-release-osx-x86_64-snowleopard 1.2-3 ERROR
r-release-windows-ix86+x86_64 1.2-3 14.00 82.00 96.00 OK
r-oldrel-windows-ix86+x86_64 1.2-3 15.00 84.00 99.00 OK

Check Details

Version: 1.2-3
Check: package dependencies
Result: ERROR
    Package required but not available: ‘gstat’
    
    See the information on DESCRIPTION files in the chapter ‘Creating R
    packages’ of the ‘Writing R Extensions’ manual.
Flavor: r-release-osx-x86_64-mavericks

Version: 1.2-3
Check: whether package can be installed
Result: ERROR
    Installation failed.
Flavor: r-release-osx-x86_64-snowleopard