CRAN Package Check Results for Package phenmod

Last updated on 2017-04-29 23:50:38.

Flavor Version Tinstall Tcheck Ttotal Status Flags
r-devel-linux-x86_64-debian-clang 1.2-3 4.12 49.72 53.85 NOTE
r-devel-linux-x86_64-debian-gcc 1.2-3 4.07 48.56 52.63 NOTE
r-devel-linux-x86_64-fedora-clang 1.2-3 121.94 NOTE --no-stop-on-test-error
r-devel-linux-x86_64-fedora-gcc 1.2-3 114.03 NOTE --no-stop-on-test-error
r-devel-windows-ix86+x86_64 1.2-3 26.00 151.00 177.00 NOTE
r-patched-linux-x86_64 1.2-3 4.58 48.73 53.31 NOTE
r-patched-solaris-sparc 1.2-3 665.60 NOTE
r-patched-solaris-x86 1.2-3 152.10 NOTE
r-release-linux-x86_64 1.2-3 4.43 48.71 53.14 NOTE
r-release-windows-ix86+x86_64 1.2-3 20.00 145.00 165.00 NOTE
r-release-osx-x86_64 1.2-3 NOTE
r-oldrel-windows-ix86+x86_64 1.2-3 26.00 144.00 170.00 NOTE
r-oldrel-osx-x86_64 1.2-3 NOTE

Check Details

Version: 1.2-3
Check: R code for possible problems
Result: NOTE
    data.addTemperatures: no visible global function definition for
     ‘flush.console’
    data.combine.clusters: no visible global function definition for
     ‘flush.console’
    data.combine.stationNet: no visible global function definition for
     ‘flush.console’
    data.combine.timeseries: no visible global function definition for
     ‘flush.console’
    data.extract: no visible global function definition for ‘flush.console’
    data.read.phase: no visible global function definition for ‘read.delim’
    result.extract.interpolate: no visible global function definition for
     ‘rnorm’
    result.extract.interpolate: no visible binding for global variable
     ‘na.pass’
    result.pic.histogramm: no visible global function definition for ‘png’
    result.pic.histogramm: no visible global function definition for ‘hist’
    result.pic.histogramm: no visible global function definition for ‘gray’
    result.pic.histogramm: no visible global function definition for ‘axis’
    result.pic.histogramm: no visible global function definition for
     ‘dev.off’
    result.pic.maps: no visible global function definition for ‘png’
    result.pic.maps: no visible global function definition for ‘dev.off’
    result.pic.scatterplot: no visible global function definition for ‘lm’
    result.pic.scatterplot: no visible global function definition for ‘pf’
    result.pic.scatterplot: no visible global function definition for ‘png’
    result.pic.scatterplot: no visible global function definition for
     ‘plot’
    result.pic.scatterplot: no visible global function definition for
     ‘axis’
    result.pic.scatterplot: no visible global function definition for
     ‘lines’
    result.pic.scatterplot: no visible global function definition for
     ‘abline’
    result.pic.scatterplot: no visible global function definition for
     ‘legend’
    result.pic.scatterplot: no visible global function definition for
     ‘dev.off’
    Undefined global functions or variables:
     abline axis dev.off flush.console gray hist legend lines lm na.pass
     pf plot png read.delim rnorm
    Consider adding
     importFrom("grDevices", "dev.off", "gray", "png")
     importFrom("graphics", "abline", "axis", "hist", "legend", "lines",
     "plot")
     importFrom("stats", "lm", "na.pass", "pf", "rnorm")
     importFrom("utils", "flush.console", "read.delim")
    to your NAMESPACE file.
Flavors: r-devel-linux-x86_64-debian-clang, r-devel-linux-x86_64-debian-gcc, r-devel-windows-ix86+x86_64, r-patched-linux-x86_64, r-patched-solaris-sparc, r-patched-solaris-x86, r-release-linux-x86_64, r-release-windows-ix86+x86_64, r-release-osx-x86_64, r-oldrel-windows-ix86+x86_64, r-oldrel-osx-x86_64

Version: 1.2-3
Check: compiled code
Result: NOTE
    File ‘phenmod/libs/phenmod.so’:
     Found no calls to: ‘R_registerRoutines’, ‘R_useDynamicSymbols’
    
    It is good practice to register native routines and to disable symbol
    search.
    
    See ‘Writing portable packages’ in the ‘Writing R Extensions’ manual.
Flavors: r-devel-linux-x86_64-debian-clang, r-devel-linux-x86_64-debian-gcc, r-patched-linux-x86_64, r-release-linux-x86_64

Version: 1.2-3
Flags: --no-stop-on-test-error
Check: R code for possible problems
Result: NOTE
    data.addTemperatures: no visible global function definition for
     ‘flush.console’
    data.combine.clusters: no visible global function definition for
     ‘flush.console’
    data.combine.stationNet: no visible global function definition for
     ‘flush.console’
    data.combine.timeseries: no visible global function definition for
     ‘flush.console’
    data.extract: no visible global function definition for ‘flush.console’
    data.read.phase: no visible global function definition for ‘read.delim’
    result.extract.interpolate: no visible global function definition for
     ‘rnorm’
    result.extract.interpolate: no visible binding for global variable
     ‘na.pass’
    result.pic.histogramm: no visible global function definition for ‘png’
    result.pic.histogramm: no visible global function definition for ‘hist’
    result.pic.histogramm: no visible global function definition for ‘gray’
    result.pic.histogramm: no visible global function definition for ‘axis’
    result.pic.histogramm: no visible global function definition for
     ‘dev.off’
    result.pic.maps: no visible global function definition for ‘png’
    result.pic.maps: no visible global function definition for ‘dev.off’
    result.pic.scatterplot: no visible global function definition for ‘lm’
    result.pic.scatterplot: no visible global function definition for ‘pf’
    result.pic.scatterplot: no visible global function definition for ‘png’
    result.pic.scatterplot: no visible global function definition for
     ‘plot’
    result.pic.scatterplot: no visible global function definition for
     ‘axis’
    result.pic.scatterplot: no visible global function definition for
     ‘lines’
    result.pic.scatterplot: no visible global function definition for
     ‘abline’
    result.pic.scatterplot: no visible global function definition for
     ‘legend’
    result.pic.scatterplot: no visible global function definition for
     ‘dev.off’
    Undefined global functions or variables:
     abline axis dev.off flush.console gray hist legend lines lm na.pass
     pf plot png read.delim rnorm
    Consider adding
     importFrom("grDevices", "dev.off", "gray", "png")
     importFrom("graphics", "abline", "axis", "hist", "legend", "lines",
     "plot")
     importFrom("stats", "lm", "na.pass", "pf", "rnorm")
     importFrom("utils", "flush.console", "read.delim")
    to your NAMESPACE file.
Flavors: r-devel-linux-x86_64-fedora-clang, r-devel-linux-x86_64-fedora-gcc

Version: 1.2-3
Flags: --no-stop-on-test-error
Check: compiled code
Result: NOTE
    File ‘phenmod/libs/phenmod.so’:
     Found no calls to: ‘R_registerRoutines’, ‘R_useDynamicSymbols’
    
    It is good practice to register native routines and to disable symbol
    search.
    
    See ‘Writing portable packages’ in the ‘Writing R Extensions’ manual.
Flavors: r-devel-linux-x86_64-fedora-clang, r-devel-linux-x86_64-fedora-gcc