CRAN Package Check Results for Package phenmod

Last updated on 2015-03-04 13:49:03.

Flavor Version Tinstall Tcheck Ttotal Status Flags
r-devel-linux-x86_64-debian-clang 1.2-3 2.64 29.57 32.21 OK
r-devel-linux-x86_64-debian-gcc 1.2-3 2.40 27.23 29.62 OK
r-devel-linux-x86_64-fedora-clang 1.2-3 64.24 OK
r-devel-linux-x86_64-fedora-gcc 1.2-3 60.96 OK
r-devel-osx-x86_64-clang 1.2-3 60.08 OK
r-devel-windows-ix86+x86_64 1.2-3 12.00 58.00 70.00 OK
r-patched-linux-x86_64 1.2-3 3.61 39.26 42.88 OK
r-patched-solaris-sparc 1.2-3 525.50 OK
r-patched-solaris-x86 1.2-3 113.90 OK
r-release-linux-ix86 1.2-3 4.34 47.18 51.53 OK
r-release-linux-x86_64 1.2-3 3.73 39.11 42.84 OK
r-release-osx-x86_64-mavericks 1.2-3 OK
r-release-osx-x86_64-snowleopard 1.2-3 ERROR
r-release-windows-ix86+x86_64 1.2-3 13.00 79.00 92.00 OK
r-oldrel-windows-ix86+x86_64 1.2-3 13.00 77.00 90.00 OK

Check Details

Version: 1.2-3
Check: whether package can be installed
Result: ERROR
    Installation failed.
Flavor: r-release-osx-x86_64-snowleopard