CRAN Package Check Results for Package phenmod

Last updated on 2015-05-23 17:48:50.

Flavor Version Tinstall Tcheck Ttotal Status Flags
r-devel-linux-x86_64-debian-clang 1.2-3 2.68 28.78 31.46 OK
r-devel-linux-x86_64-debian-gcc 1.2-3 2.42 27.92 30.34 OK
r-devel-linux-x86_64-fedora-clang 1.2-3 64.02 OK
r-devel-linux-x86_64-fedora-gcc 1.2-3 61.29 OK
r-devel-osx-x86_64-clang 1.2-3 58.61 OK
r-devel-windows-ix86+x86_64 1.2-3 9.00 62.00 71.00 OK
r-patched-linux-x86_64 1.2-3 2.54 28.04 30.58 OK
r-patched-solaris-sparc 1.2-3 366.90 OK
r-patched-solaris-x86 1.2-3 90.70 OK
r-release-linux-x86_64 1.2-3 2.52 28.78 31.30 OK
r-release-osx-x86_64-mavericks 1.2-3 OK
r-release-osx-x86_64-snowleopard 1.2-3 ERROR
r-release-windows-ix86+x86_64 1.2-3 10.00 54.00 64.00 OK
r-oldrel-windows-ix86+x86_64 1.2-3 14.00 86.00 100.00 OK

Check Details

Version: 1.2-3
Check: package dependencies
Result: ERROR
    Packages required but not available: ‘gstat’ ‘pheno’
    
    See section ‘The DESCRIPTION file’ in the ‘Writing R Extensions’
    manual.
Flavor: r-release-osx-x86_64-snowleopard