CRAN Package Check Results for Package phenmod

Last updated on 2015-07-02 19:47:26.

Flavor Version Tinstall Tcheck Ttotal Status Flags
r-devel-linux-x86_64-debian-clang 1.2-3 2.54 28.00 30.55 NOTE
r-devel-linux-x86_64-debian-gcc 1.2-3 2.33 27.76 30.08 NOTE
r-devel-linux-x86_64-fedora-clang 1.2-3 62.98 NOTE
r-devel-linux-x86_64-fedora-gcc 1.2-3 58.24 NOTE
r-devel-osx-x86_64-clang 1.2-3 61.21 OK
r-devel-windows-ix86+x86_64 1.2-3 10.00 57.00 67.00 NOTE
r-patched-linux-x86_64 1.2-3 2.45 27.96 30.41 OK
r-patched-solaris-sparc 1.2-3 385.90 OK
r-patched-solaris-x86 1.2-3 88.20 OK
r-release-linux-x86_64 1.2-3 3.06 28.26 31.32 OK
r-release-osx-x86_64-mavericks 1.2-3 OK
r-release-windows-ix86+x86_64 1.2-3 10.00 64.00 74.00 OK
r-oldrel-windows-ix86+x86_64 1.2-3 17.00 84.00 101.00 OK

Check Details

Version: 1.2-3
Check: R code for possible problems
Result: NOTE
    data.addTemperatures: no visible global function definition for
     ‘flush.console’
    data.combine.clusters: no visible global function definition for
     ‘flush.console’
    data.combine.stationNet: no visible global function definition for
     ‘flush.console’
    data.combine.timeseries: no visible global function definition for
     ‘flush.console’
    data.extract: no visible global function definition for ‘flush.console’
    data.read.phase: no visible global function definition for ‘read.delim’
    result.extract.interpolate: no visible global function definition for
     ‘rnorm’
    result.extract.interpolate: no visible binding for global variable
     ‘na.pass’
    result.pic.histogramm: no visible global function definition for ‘png’
    result.pic.histogramm: no visible global function definition for ‘hist’
    result.pic.histogramm: no visible global function definition for ‘gray’
    result.pic.histogramm: no visible global function definition for ‘axis’
    result.pic.histogramm: no visible global function definition for
     ‘dev.off’
    result.pic.maps: no visible global function definition for ‘png’
    result.pic.maps: no visible global function definition for ‘dev.off’
    result.pic.scatterplot: no visible global function definition for ‘lm’
    result.pic.scatterplot: no visible global function definition for ‘pf’
    result.pic.scatterplot: no visible global function definition for ‘png’
    result.pic.scatterplot: no visible global function definition for
     ‘plot’
    result.pic.scatterplot: no visible global function definition for
     ‘axis’
    result.pic.scatterplot: no visible global function definition for
     ‘lines’
    result.pic.scatterplot: no visible global function definition for
     ‘abline’
    result.pic.scatterplot: no visible global function definition for
     ‘legend’
    result.pic.scatterplot: no visible global function definition for
     ‘dev.off’
    Undefined global functions or variables:
     abline axis dev.off flush.console gray hist legend lines lm na.pass
     pf plot png read.delim rnorm
Flavors: r-devel-linux-x86_64-debian-clang, r-devel-linux-x86_64-fedora-clang, r-devel-linux-x86_64-fedora-gcc

Version: 1.2-3
Check: R code for possible problems
Result: NOTE
    data.addTemperatures: no visible global function definition for
     ‘flush.console’
    data.combine.clusters: no visible global function definition for
     ‘flush.console’
    data.combine.stationNet: no visible global function definition for
     ‘flush.console’
    data.combine.timeseries: no visible global function definition for
     ‘flush.console’
    data.extract: no visible global function definition for ‘flush.console’
    data.read.phase: no visible global function definition for ‘read.delim’
    result.extract.interpolate: no visible global function definition for
     ‘rnorm’
    result.extract.interpolate: no visible binding for global variable
     ‘na.pass’
    result.pic.histogramm: no visible global function definition for ‘png’
    result.pic.histogramm: no visible global function definition for ‘hist’
    result.pic.histogramm: no visible global function definition for ‘gray’
    result.pic.histogramm: no visible global function definition for ‘axis’
    result.pic.histogramm: no visible global function definition for
     ‘dev.off’
    result.pic.maps: no visible global function definition for ‘png’
    result.pic.maps: no visible global function definition for ‘dev.off’
    result.pic.scatterplot: no visible global function definition for ‘lm’
    result.pic.scatterplot: no visible global function definition for ‘pf’
    result.pic.scatterplot: no visible global function definition for ‘png’
    result.pic.scatterplot: no visible global function definition for
     ‘plot’
    result.pic.scatterplot: no visible global function definition for
     ‘axis’
    result.pic.scatterplot: no visible global function definition for
     ‘lines’
    result.pic.scatterplot: no visible global function definition for
     ‘abline’
    result.pic.scatterplot: no visible global function definition for
     ‘legend’
    result.pic.scatterplot: no visible global function definition for
     ‘dev.off’
Flavors: r-devel-linux-x86_64-debian-gcc, r-devel-windows-ix86+x86_64