CRAN Package Check Results for Package phenmod

Last updated on 2015-08-03 14:47:35.

Flavor Version Tinstall Tcheck Ttotal Status Flags
r-devel-linux-x86_64-debian-clang 1.2-3 2.68 28.72 31.40 NOTE
r-devel-linux-x86_64-debian-gcc 1.2-3 2.46 28.44 30.90 NOTE
r-devel-linux-x86_64-fedora-clang 1.2-3 64.07 NOTE
r-devel-linux-x86_64-fedora-gcc 1.2-3 59.65 NOTE
r-devel-osx-x86_64-clang 1.2-3 54.98 OK
r-devel-windows-ix86+x86_64 1.2-3 10.00 63.00 73.00 NOTE
r-patched-linux-x86_64 1.2-3 2.57 29.08 31.65 OK
r-patched-solaris-sparc 1.2-3 392.20 OK
r-patched-solaris-x86 1.2-3 87.70 OK
r-release-linux-x86_64 1.2-3 2.46 28.00 30.46 OK
r-release-osx-x86_64-mavericks 1.2-3 OK
r-release-windows-ix86+x86_64 1.2-3 17.00 63.00 80.00 OK
r-oldrel-windows-ix86+x86_64 1.2-3 15.00 96.00 111.00 OK

Check Details

Version: 1.2-3
Check: R code for possible problems
Result: NOTE
    data.addTemperatures: no visible global function definition for
     ‘flush.console’
    data.combine.clusters: no visible global function definition for
     ‘flush.console’
    data.combine.stationNet: no visible global function definition for
     ‘flush.console’
    data.combine.timeseries: no visible global function definition for
     ‘flush.console’
    data.extract: no visible global function definition for ‘flush.console’
    data.read.phase: no visible global function definition for ‘read.delim’
    result.extract.interpolate: no visible global function definition for
     ‘rnorm’
    result.extract.interpolate: no visible binding for global variable
     ‘na.pass’
    result.pic.histogramm: no visible global function definition for ‘png’
    result.pic.histogramm: no visible global function definition for ‘hist’
    result.pic.histogramm: no visible global function definition for ‘gray’
    result.pic.histogramm: no visible global function definition for ‘axis’
    result.pic.histogramm: no visible global function definition for
     ‘dev.off’
    result.pic.maps: no visible global function definition for ‘png’
    result.pic.maps: no visible global function definition for ‘dev.off’
    result.pic.scatterplot: no visible global function definition for ‘lm’
    result.pic.scatterplot: no visible global function definition for ‘pf’
    result.pic.scatterplot: no visible global function definition for ‘png’
    result.pic.scatterplot: no visible global function definition for
     ‘plot’
    result.pic.scatterplot: no visible global function definition for
     ‘axis’
    result.pic.scatterplot: no visible global function definition for
     ‘lines’
    result.pic.scatterplot: no visible global function definition for
     ‘abline’
    result.pic.scatterplot: no visible global function definition for
     ‘legend’
    result.pic.scatterplot: no visible global function definition for
     ‘dev.off’
    Undefined global functions or variables:
     abline axis dev.off flush.console gray hist legend lines lm na.pass
     pf plot png read.delim rnorm
    Consider adding
     importFrom("grDevices", "dev.off", "gray", "png")
     importFrom("graphics", "abline", "axis", "hist", "legend", "lines",
     "plot")
     importFrom("stats", "lm", "na.pass", "pf", "rnorm")
     importFrom("utils", "flush.console", "read.delim")
    to your NAMESPACE.
Flavors: r-devel-linux-x86_64-debian-clang, r-devel-linux-x86_64-debian-gcc, r-devel-linux-x86_64-fedora-clang, r-devel-linux-x86_64-fedora-gcc, r-devel-windows-ix86+x86_64