CRAN Package Check Results for Package pheno

Last updated on 2014-12-19 17:50:29.

Flavor Version Tinstall Tcheck Ttotal Status Flags
r-devel-linux-x86_64-debian-clang 1.6 1.56 18.84 20.40 NOTE
r-devel-linux-x86_64-debian-gcc 1.6 1.54 18.65 20.18 NOTE
r-devel-linux-x86_64-fedora-clang 1.6 41.69 NOTE
r-devel-linux-x86_64-fedora-gcc 1.6 38.87 NOTE
r-devel-osx-x86_64-clang 1.6 39.84 OK
r-devel-windows-ix86+x86_64 1.6 8.00 37.00 45.00 OK
r-patched-linux-x86_64 1.6 1.73 18.75 20.48 NOTE
r-patched-solaris-sparc 1.6 232.70 OK
r-patched-solaris-x86 1.6 55.50 OK
r-release-linux-ix86 1.6 2.10 24.64 26.73 OK
r-release-linux-x86_64 1.6 1.64 19.00 20.64 NOTE
r-release-osx-x86_64-mavericks 1.6 OK
r-release-osx-x86_64-snowleopard 1.6 OK
r-release-windows-ix86+x86_64 1.6 8.00 37.00 45.00 OK
r-oldrel-windows-ix86+x86_64 1.6 9.00 41.00 50.00 OK

Check Details

Version: 1.6
Check: Rd line widths
Result: NOTE
    Rd file 'pheno.mlm.fit.Rd':
     \examples lines wider than 100 characters:
     R <- pheno.mlm.fit(DWD) # parameter estimation
     summary(tr)$coef[2] # slope of trend
     summary(tr)$coef[4] # standard error of trend
    
    These lines will be truncated in the PDF manual.
Flavors: r-devel-linux-x86_64-debian-clang, r-devel-linux-x86_64-debian-gcc, r-devel-linux-x86_64-fedora-clang, r-devel-linux-x86_64-fedora-gcc, r-patched-linux-x86_64, r-release-linux-x86_64