CRAN Package Check Results for Package pheno

Last updated on 2014-11-21 04:47:03.

Flavor Version Tinstall Tcheck Ttotal Status Flags
r-devel-linux-x86_64-debian-clang 1.6 1.64 19.00 20.64 NOTE
r-devel-linux-x86_64-debian-gcc 1.6 1.58 18.96 20.54 NOTE
r-devel-linux-x86_64-fedora-clang 1.6 41.91 NOTE
r-devel-linux-x86_64-fedora-gcc 1.6 39.08 NOTE
r-devel-osx-x86_64-clang 1.6 39.93 OK
r-devel-windows-ix86+x86_64 1.6 6.00 37.00 43.00 OK
r-patched-linux-x86_64 1.6 1.63 18.60 20.23 NOTE
r-patched-solaris-sparc 1.6 232.70 OK
r-patched-solaris-x86 1.6 55.70 OK
r-release-linux-ix86 1.6 2.10 24.67 26.78 OK
r-release-linux-x86_64 1.6 1.73 19.13 20.86 NOTE
r-release-osx-x86_64-mavericks 1.6 OK
r-release-osx-x86_64-snowleopard 1.6 OK
r-release-windows-ix86+x86_64 1.6 9.00 38.00 47.00 OK
r-oldrel-windows-ix86+x86_64 1.6 7.00 39.00 46.00 OK

Check Details

Version: 1.6
Check: Rd line widths
Result: NOTE
    Rd file 'pheno.mlm.fit.Rd':
     \examples lines wider than 100 characters:
     R <- pheno.mlm.fit(DWD) # parameter estimation
     summary(tr)$coef[2] # slope of trend
     summary(tr)$coef[4] # standard error of trend
    
    These lines will be truncated in the PDF manual.
Flavors: r-devel-linux-x86_64-debian-clang, r-devel-linux-x86_64-debian-gcc, r-devel-linux-x86_64-fedora-clang, r-devel-linux-x86_64-fedora-gcc, r-patched-linux-x86_64, r-release-linux-x86_64