CRAN Package Check Results for Package pheno

Last updated on 2014-08-22 22:46:44.

Flavor Version Tinstall Tcheck Ttotal Status Flags
r-devel-linux-x86_64-debian-clang 1.6 1.58 18.20 19.78 OK
r-devel-linux-x86_64-debian-gcc 1.6 1.68 17.74 19.43 OK
r-devel-linux-x86_64-fedora-clang 1.6 40.24 NOTE
r-devel-linux-x86_64-fedora-gcc 1.6 37.00 NOTE
r-devel-osx-x86_64-clang 1.6 37.47 OK
r-devel-windows-ix86+x86_64 1.6 7.00 36.00 43.00 OK
r-patched-linux-x86_64 1.6 1.63 18.35 19.98 OK
r-patched-solaris-sparc 1.6 232.70 OK
r-patched-solaris-x86 1.6 55.40 OK
r-release-linux-ix86 1.6 2.24 25.66 27.90 OK
r-release-linux-x86_64 1.6 1.68 19.12 20.80 OK
r-release-osx-x86_64-mavericks 1.6 OK
r-release-osx-x86_64-snowleopard 1.6 OK
r-release-windows-ix86+x86_64 1.6 8.00 35.00 43.00 OK
r-oldrel-windows-ix86+x86_64 1.6 8.00 36.00 44.00 OK

Check Details

Version: 1.6
Check: Rd line widths
Result: NOTE
    Rd file 'pheno.mlm.fit.Rd':
     \examples lines wider than 100 characters:
     R <- pheno.mlm.fit(DWD) # parameter estimation
     summary(tr)$coef[2] # slope of trend
     summary(tr)$coef[4] # standard error of trend
    
    These lines will be truncated in the PDF manual.
Flavors: r-devel-linux-x86_64-fedora-clang, r-devel-linux-x86_64-fedora-gcc