CRAN Package Check Results for Package pheno

Last updated on 2016-09-26 05:47:41.

Flavor Version Tinstall Tcheck Ttotal Status Flags
r-devel-linux-x86_64-debian-clang 1.6 2.94 30.62 33.57 NOTE
r-devel-linux-x86_64-debian-gcc 1.6 2.86 30.25 33.11 NOTE
r-devel-linux-x86_64-fedora-clang 1.6 73.52 NOTE
r-devel-linux-x86_64-fedora-gcc 1.6 71.06 NOTE
r-devel-macos-x86_64-clang 1.6 57.73 NOTE
r-devel-windows-ix86+x86_64 1.6 13.00 102.00 115.00 NOTE
r-patched-linux-x86_64 1.6 3.38 30.97 34.34 NOTE
r-patched-solaris-sparc 1.6 444.60 NOTE
r-patched-solaris-x86 1.6 98.40 NOTE
r-release-linux-x86_64 1.6 3.10 31.09 34.19 NOTE
r-release-osx-x86_64-mavericks 1.6 NOTE
r-release-windows-ix86+x86_64 1.6 15.00 101.00 116.00 NOTE
r-oldrel-windows-ix86+x86_64 1.6 16.00 97.00 113.00 OK

Check Details

Version: 1.6
Check: R code for possible problems
Result: NOTE
    pheno.ddm: no visible global function definition for ‘new’
    pheno.flm.fit: no visible binding for global variable ‘na.exclude’
    pheno.flm.fit: no visible global function definition for ‘terms’
    pheno.flm.fit: no visible global function definition for ‘residuals’
    pheno.flm.fit: no visible global function definition for ‘qt’
    pheno.lad.fit: no visible binding for global variable ‘na.exclude’
    pheno.mlm.fit: no visible binding for global variable ‘na.exclude’
    pheno.mlm.fit: no visible global function definition for ‘residuals’
    Undefined global functions or variables:
     na.exclude new qt residuals terms
    Consider adding
     importFrom("methods", "new")
     importFrom("stats", "na.exclude", "qt", "residuals", "terms")
    to your NAMESPACE file (and ensure that your DESCRIPTION Imports field
    contains 'methods').
Flavors: r-devel-linux-x86_64-debian-clang, r-devel-linux-x86_64-debian-gcc, r-devel-linux-x86_64-fedora-clang, r-devel-linux-x86_64-fedora-gcc, r-devel-macos-x86_64-clang, r-devel-windows-ix86+x86_64, r-patched-linux-x86_64, r-patched-solaris-sparc, r-patched-solaris-x86, r-release-linux-x86_64, r-release-osx-x86_64-mavericks, r-release-windows-ix86+x86_64

Version: 1.6
Check: Rd line widths
Result: NOTE
    Rd file 'pheno.mlm.fit.Rd':
     \examples lines wider than 100 characters:
     R <- pheno.mlm.fit(DWD) # parameter estimation
     summary(tr)$coef[2] # slope of trend
     summary(tr)$coef[4] # standard error of trend
    
    These lines will be truncated in the PDF manual.
Flavors: r-devel-linux-x86_64-debian-clang, r-devel-linux-x86_64-debian-gcc, r-devel-linux-x86_64-fedora-clang, r-devel-linux-x86_64-fedora-gcc, r-patched-linux-x86_64, r-release-linux-x86_64