CRAN Package Check Results for Package pheno

Last updated on 2014-09-21 03:49:08.

Flavor Version Tinstall Tcheck Ttotal Status Flags
r-devel-linux-x86_64-debian-clang 1.6 1.55 18.20 19.74 NOTE
r-devel-linux-x86_64-debian-gcc 1.6 1.55 18.03 19.58 NOTE
r-devel-linux-x86_64-fedora-clang 1.6 39.40 NOTE
r-devel-linux-x86_64-fedora-gcc 1.6 37.11 NOTE
r-devel-osx-x86_64-clang 1.6 39.78 OK
r-devel-windows-ix86+x86_64 1.6 7.00 34.00 41.00 OK
r-patched-linux-x86_64 1.6 1.66 18.48 20.14 NOTE
r-patched-solaris-sparc 1.6 232.70 OK
r-patched-solaris-x86 1.6 55.00 OK
r-release-linux-ix86 1.6 2.24 27.52 29.76 OK
r-release-linux-x86_64 1.6 1.68 19.63 21.31 NOTE
r-release-osx-x86_64-mavericks 1.6 OK
r-release-osx-x86_64-snowleopard 1.6 OK
r-release-windows-ix86+x86_64 1.6 7.00 37.00 44.00 OK
r-oldrel-windows-ix86+x86_64 1.6 8.00 38.00 46.00 OK

Check Details

Version: 1.6
Check: Rd line widths
Result: NOTE
    Rd file 'pheno.mlm.fit.Rd':
     \examples lines wider than 100 characters:
     R <- pheno.mlm.fit(DWD) # parameter estimation
     summary(tr)$coef[2] # slope of trend
     summary(tr)$coef[4] # standard error of trend
    
    These lines will be truncated in the PDF manual.
Flavors: r-devel-linux-x86_64-debian-clang, r-devel-linux-x86_64-debian-gcc, r-devel-linux-x86_64-fedora-clang, r-devel-linux-x86_64-fedora-gcc, r-patched-linux-x86_64, r-release-linux-x86_64