CRAN Package Check Results for Package pheno

Last updated on 2016-02-05 23:48:50.

Flavor Version Tinstall Tcheck Ttotal Status Flags
r-devel-linux-x86_64-debian-gcc 1.6 3.39 34.28 37.66 NOTE
r-devel-linux-x86_64-fedora-clang 1.6 75.05 NOTE
r-devel-linux-x86_64-fedora-gcc 1.6 72.49 NOTE
r-devel-osx-x86_64-clang 1.6 78.24 OK
r-devel-windows-ix86+x86_64 1.6 15.00 99.00 114.00 NOTE
r-patched-linux-x86_64 1.6 3.74 36.15 39.89 NOTE
r-patched-solaris-sparc 1.6 473.30 OK
r-patched-solaris-x86 1.6 116.60 OK
r-release-linux-x86_64 1.6 3.84 36.16 40.00 NOTE
r-release-osx-x86_64-mavericks 1.6 OK
r-release-windows-ix86+x86_64 1.6 15.00 84.00 99.00 OK
r-oldrel-windows-ix86+x86_64 1.6 18.00 102.00 120.00 OK

Check Details

Version: 1.6
Check: R code for possible problems
Result: NOTE
    pheno.ddm: no visible global function definition for ‘new’
    pheno.flm.fit: no visible binding for global variable ‘na.exclude’
    pheno.flm.fit: no visible global function definition for ‘terms’
    pheno.flm.fit: no visible global function definition for ‘residuals’
    pheno.flm.fit: no visible global function definition for ‘qt’
    pheno.lad.fit: no visible binding for global variable ‘na.exclude’
    pheno.mlm.fit: no visible binding for global variable ‘na.exclude’
    pheno.mlm.fit: no visible global function definition for ‘residuals’
    Undefined global functions or variables:
     na.exclude new qt residuals terms
    Consider adding
     importFrom("methods", "new")
     importFrom("stats", "na.exclude", "qt", "residuals", "terms")
    to your NAMESPACE (and ensure that your DESCRIPTION Imports field
    contains 'methods').
Flavors: r-devel-linux-x86_64-debian-gcc, r-devel-linux-x86_64-fedora-clang, r-devel-linux-x86_64-fedora-gcc, r-devel-windows-ix86+x86_64

Version: 1.6
Check: Rd line widths
Result: NOTE
    Rd file 'pheno.mlm.fit.Rd':
     \examples lines wider than 100 characters:
     R <- pheno.mlm.fit(DWD) # parameter estimation
     summary(tr)$coef[2] # slope of trend
     summary(tr)$coef[4] # standard error of trend
    
    These lines will be truncated in the PDF manual.
Flavors: r-devel-linux-x86_64-debian-gcc, r-devel-linux-x86_64-fedora-clang, r-devel-linux-x86_64-fedora-gcc, r-patched-linux-x86_64, r-release-linux-x86_64