CRAN Package Check Results for Package pheno

Last updated on 2015-01-29 07:48:53.

Flavor Version Tinstall Tcheck Ttotal Status Flags
r-devel-linux-x86_64-debian-clang 1.6 1.52 16.55 18.06 NOTE
r-devel-linux-x86_64-debian-gcc 1.6 1.46 15.82 17.28 NOTE
r-devel-linux-x86_64-fedora-clang 1.6 45.37 NOTE
r-devel-linux-x86_64-fedora-gcc 1.6 38.86 NOTE
r-devel-osx-x86_64-clang 1.6 40.87 OK
r-devel-windows-ix86+x86_64 1.6 9.00 35.00 44.00 OK
r-patched-linux-x86_64 1.6 1.67 18.96 20.63 NOTE
r-patched-solaris-sparc 1.6 235.20 OK
r-patched-solaris-x86 1.6 57.00 OK
r-release-linux-ix86 1.6 2.16 24.89 27.05 OK
r-release-linux-x86_64 1.6 1.65 19.52 21.17 NOTE
r-release-osx-x86_64-mavericks 1.6 OK
r-release-osx-x86_64-snowleopard 1.6 OK
r-release-windows-ix86+x86_64 1.6 8.00 38.00 46.00 OK
r-oldrel-windows-ix86+x86_64 1.6 8.00 39.00 47.00 OK

Check Details

Version: 1.6
Check: Rd line widths
Result: NOTE
    Rd file 'pheno.mlm.fit.Rd':
     \examples lines wider than 100 characters:
     R <- pheno.mlm.fit(DWD) # parameter estimation
     summary(tr)$coef[2] # slope of trend
     summary(tr)$coef[4] # standard error of trend
    
    These lines will be truncated in the PDF manual.
Flavors: r-devel-linux-x86_64-debian-clang, r-devel-linux-x86_64-debian-gcc, r-devel-linux-x86_64-fedora-clang, r-devel-linux-x86_64-fedora-gcc, r-patched-linux-x86_64, r-release-linux-x86_64