CRAN Package Check Results for Package pheno

Last updated on 2014-04-24 09:49:07.

Flavor Version Tinstall Tcheck Ttotal Status Flags
r-devel-linux-x86_64-debian-clang 1.6 1.68 19.16 20.84 OK
r-devel-linux-x86_64-debian-gcc 1.6 1.71 19.16 20.88 OK
r-devel-linux-x86_64-fedora-clang 1.6 41.18 NOTE
r-devel-linux-x86_64-fedora-gcc 1.6 39.67 NOTE
r-devel-osx-x86_64-clang 1.6 41.00 OK
r-devel-osx-x86_64-gcc 1.6 ERROR
r-devel-windows-ix86+x86_64 1.6 7.00 37.00 44.00 OK
r-patched-linux-x86_64 1.6 1.75 19.37 21.12 OK
r-patched-solaris-sparc 1.6 230.00 OK
r-patched-solaris-x86 1.6 55.70 OK
r-release-linux-ix86 1.6 3.00 36.00 39.00 OK
r-release-linux-x86_64 1.6 1.80 19.07 20.87 OK
r-release-osx-x86_64-mavericks 1.6 WARN
r-release-osx-x86_64-snowleopard 1.6 OK
r-release-windows-ix86+x86_64 1.6 7.00 38.00 45.00 OK
r-oldrel-windows-ix86+x86_64 1.6 7.00 39.00 46.00 OK

Check Details

Version: 1.6
Check: Rd line widths
Result: NOTE
    Rd file 'pheno.mlm.fit.Rd':
     \examples lines wider than 100 characters:
     R <- pheno.mlm.fit(DWD) # parameter estimation
     summary(tr)$coef[2] # slope of trend
     summary(tr)$coef[4] # standard error of trend
    
    These lines will be truncated in the PDF manual.
Flavors: r-devel-linux-x86_64-fedora-clang, r-devel-linux-x86_64-fedora-gcc

Version: 1.6
Check: package dependencies
Result: ERROR
    Package required but not available: ‘quantreg’
    
    See the information on DESCRIPTION files in the chapter ‘Creating R
    packages’ of the ‘Writing R Extensions’ manual.
Flavor: r-devel-osx-x86_64-gcc

Version: 1.6
Check: PDF version of manual
Result: WARNING
    LaTeX errors when creating PDF version.
    This typically indicates Rd problems.
    LaTeX errors found:
    ! LaTeX Error: File `upquote.sty' not found.
    
    Type X to quit or <RETURN> to proceed,
    or enter new name. (Default extension: sty)
    
    7d89e10/Rd2.tex:8: ==> Fatal error occurred, no output PDF file produced!
Flavor: r-release-osx-x86_64-mavericks