CRAN Package Check Results for Package pheno

Last updated on 2015-08-03 23:48:00.

Flavor Version Tinstall Tcheck Ttotal Status Flags
r-devel-linux-x86_64-debian-clang 1.6 1.38 15.54 16.92 NOTE
r-devel-linux-x86_64-debian-gcc 1.6 1.43 15.84 17.26 NOTE
r-devel-linux-x86_64-fedora-clang 1.6 33.16 NOTE
r-devel-linux-x86_64-fedora-gcc 1.6 31.85 NOTE
r-devel-osx-x86_64-clang 1.6 31.74 OK
r-devel-windows-ix86+x86_64 1.6 7.00 36.00 43.00 NOTE
r-patched-linux-x86_64 1.6 1.72 15.82 17.54 NOTE
r-patched-solaris-sparc 1.6 223.10 OK
r-patched-solaris-x86 1.6 50.50 OK
r-release-linux-x86_64 1.6 1.65 16.00 17.66 NOTE
r-release-osx-x86_64-mavericks 1.6 OK
r-release-windows-ix86+x86_64 1.6 10.00 35.00 45.00 OK
r-oldrel-windows-ix86+x86_64 1.6 12.00 45.00 57.00 OK

Check Details

Version: 1.6
Check: R code for possible problems
Result: NOTE
    pheno.ddm: no visible global function definition for ‘new’
    pheno.flm.fit: no visible binding for global variable ‘na.exclude’
    pheno.flm.fit: no visible global function definition for ‘terms’
    pheno.flm.fit: no visible global function definition for ‘residuals’
    pheno.flm.fit: no visible global function definition for ‘qt’
    pheno.lad.fit: no visible binding for global variable ‘na.exclude’
    pheno.mlm.fit: no visible binding for global variable ‘na.exclude’
    pheno.mlm.fit: no visible global function definition for ‘residuals’
    Undefined global functions or variables:
     na.exclude new qt residuals terms
    Consider adding
     importFrom("methods", "new")
     importFrom("stats", "na.exclude", "qt", "residuals", "terms")
    to your NAMESPACE.
Flavors: r-devel-linux-x86_64-debian-clang, r-devel-linux-x86_64-debian-gcc, r-devel-linux-x86_64-fedora-clang, r-devel-linux-x86_64-fedora-gcc, r-devel-windows-ix86+x86_64

Version: 1.6
Check: Rd line widths
Result: NOTE
    Rd file 'pheno.mlm.fit.Rd':
     \examples lines wider than 100 characters:
     R <- pheno.mlm.fit(DWD) # parameter estimation
     summary(tr)$coef[2] # slope of trend
     summary(tr)$coef[4] # standard error of trend
    
    These lines will be truncated in the PDF manual.
Flavors: r-devel-linux-x86_64-debian-clang, r-devel-linux-x86_64-debian-gcc, r-devel-linux-x86_64-fedora-clang, r-devel-linux-x86_64-fedora-gcc, r-patched-linux-x86_64, r-release-linux-x86_64