CRAN Package Check Results for Package pheno

Last updated on 2015-04-28 21:46:42.

Flavor Version Tinstall Tcheck Ttotal Status Flags
r-devel-linux-x86_64-debian-clang 1.6 1.44 16.46 17.89 NOTE
r-devel-linux-x86_64-debian-gcc 1.6 1.56 16.36 17.92 NOTE
r-devel-linux-x86_64-fedora-clang 1.6 35.39 NOTE
r-devel-linux-x86_64-fedora-gcc 1.6 32.56 NOTE
r-devel-osx-x86_64-clang 1.6 34.80 OK
r-devel-windows-ix86+x86_64 1.6 7.00 34.00 41.00 OK
r-patched-linux-x86_64 1.6 1.43 15.86 17.29 NOTE
r-patched-solaris-sparc 1.6 213.20 OK
r-patched-solaris-x86 1.6 47.40 OK
r-release-linux-x86_64 1.6 1.41 15.92 17.33 NOTE
r-release-osx-x86_64-mavericks 1.6 OK
r-release-osx-x86_64-snowleopard 1.6 ERROR
r-release-windows-ix86+x86_64 1.6 7.00 35.00 42.00 OK
r-oldrel-windows-ix86+x86_64 1.6 6.00 37.00 43.00 OK

Check Details

Version: 1.6
Check: Rd line widths
Result: NOTE
    Rd file 'pheno.mlm.fit.Rd':
     \examples lines wider than 100 characters:
     R <- pheno.mlm.fit(DWD) # parameter estimation
     summary(tr)$coef[2] # slope of trend
     summary(tr)$coef[4] # standard error of trend
    
    These lines will be truncated in the PDF manual.
Flavors: r-devel-linux-x86_64-debian-clang, r-devel-linux-x86_64-debian-gcc, r-devel-linux-x86_64-fedora-clang, r-devel-linux-x86_64-fedora-gcc, r-patched-linux-x86_64, r-release-linux-x86_64

Version: 1.6
Check: package dependencies
Result: ERROR
    Package required but not available: ‘quantreg’
    
    See section ‘The DESCRIPTION file’ in the ‘Writing R Extensions’
    manual.
Flavor: r-release-osx-x86_64-snowleopard