CRAN Package Check Results for Package pheno

Last updated on 2015-03-01 19:48:12.

Flavor Version Tinstall Tcheck Ttotal Status Flags
r-devel-linux-x86_64-debian-clang 1.6 1.49 16.06 17.56 NOTE
r-devel-linux-x86_64-debian-gcc 1.6 1.41 15.72 17.13 NOTE
r-devel-linux-x86_64-fedora-clang 1.6 34.97 NOTE
r-devel-linux-x86_64-fedora-gcc 1.6 33.03 NOTE
r-devel-osx-x86_64-clang 1.6 34.95 OK
r-devel-windows-ix86+x86_64 1.6 7.00 33.00 40.00 OK
r-patched-linux-x86_64 1.6 1.81 19.11 20.92 NOTE
r-patched-solaris-sparc 1.6 235.20 OK
r-patched-solaris-x86 1.6 57.50 OK
r-release-linux-ix86 1.6 2.12 25.81 27.93 NOTE
r-release-linux-x86_64 1.6 1.85 19.38 21.23 NOTE
r-release-osx-x86_64-mavericks 1.6 OK
r-release-osx-x86_64-snowleopard 1.6 OK
r-release-windows-ix86+x86_64 1.6 8.00 37.00 45.00 OK
r-oldrel-windows-ix86+x86_64 1.6 8.00 39.00 47.00 OK

Check Details

Version: 1.6
Check: Rd line widths
Result: NOTE
    Rd file 'pheno.mlm.fit.Rd':
     \examples lines wider than 100 characters:
     R <- pheno.mlm.fit(DWD) # parameter estimation
     summary(tr)$coef[2] # slope of trend
     summary(tr)$coef[4] # standard error of trend
    
    These lines will be truncated in the PDF manual.
Flavors: r-devel-linux-x86_64-debian-clang, r-devel-linux-x86_64-debian-gcc, r-devel-linux-x86_64-fedora-clang, r-devel-linux-x86_64-fedora-gcc, r-patched-linux-x86_64, r-release-linux-ix86, r-release-linux-x86_64