CRAN Package Check Results for Package pheno

Last updated on 2014-07-24 15:52:24.

Flavor Version Tinstall Tcheck Ttotal Status Flags
r-devel-linux-x86_64-debian-clang 1.6 1.61 18.16 19.78 OK
r-devel-linux-x86_64-debian-gcc 1.6 1.65 18.06 19.71 OK
r-devel-linux-x86_64-fedora-clang 1.6 41.03 NOTE
r-devel-linux-x86_64-fedora-gcc 1.6 40.60 NOTE
r-devel-osx-x86_64-clang 1.6 39.19 OK
r-devel-windows-ix86+x86_64 1.6 7.00 38.00 45.00 OK
r-patched-linux-x86_64 1.6 1.65 18.16 19.81 OK
r-patched-solaris-sparc 1.6 230.00 OK
r-patched-solaris-x86 1.6 55.10 OK
r-release-linux-ix86 1.6 2.24 25.56 27.80 OK
r-release-linux-x86_64 1.6 1.68 18.78 20.46 OK
r-release-osx-x86_64-mavericks 1.6 OK
r-release-osx-x86_64-snowleopard 1.6 OK
r-release-windows-ix86+x86_64 1.6 7.00 37.00 44.00 OK
r-oldrel-windows-ix86+x86_64 1.6 8.00 37.00 45.00 OK

Check Details

Version: 1.6
Check: Rd line widths
Result: NOTE
    Rd file 'pheno.mlm.fit.Rd':
     \examples lines wider than 100 characters:
     R <- pheno.mlm.fit(DWD) # parameter estimation
     summary(tr)$coef[2] # slope of trend
     summary(tr)$coef[4] # standard error of trend
    
    These lines will be truncated in the PDF manual.
Flavors: r-devel-linux-x86_64-fedora-clang, r-devel-linux-x86_64-fedora-gcc