CRAN Package Check Results for Package pheno2geno

Last updated on 2016-06-30 03:47:08.

Flavor Version Tinstall Tcheck Ttotal Status Flags
r-devel-linux-x86_64-debian-gcc 1.3.1 1.89 46.01 47.90 NOTE
r-devel-linux-x86_64-fedora-clang 1.3.1 87.69 NOTE
r-devel-linux-x86_64-fedora-gcc 1.3.1 82.57 NOTE
r-devel-osx-x86_64-clang 1.3.1 72.15 NOTE
r-devel-windows-ix86+x86_64 1.3.1 6.00 82.00 88.00 NOTE
r-patched-linux-x86_64 1.3.1 1.82 45.77 47.59 NOTE
r-patched-solaris-sparc 1.3.1 537.70 NOTE
r-patched-solaris-x86 1.3.1 108.90 NOTE
r-release-linux-x86_64 1.3.1 1.74 44.00 45.74 NOTE
r-release-osx-x86_64-mavericks 1.3.1 NOTE
r-release-windows-ix86+x86_64 1.3.1 9.00 104.00 113.00 NOTE
r-oldrel-windows-ix86+x86_64 1.3.1 10.00 81.00 91.00 OK

Check Details

Version: 1.3.1
Check: R code for possible problems
Result: NOTE
    markersCorPlot: no visible global function definition for ‘rgb’
    plotMarkerDistribution: no visible global function definition for ‘rgb’
    Undefined global functions or variables:
     rgb
    Consider adding
     importFrom("grDevices", "rgb")
    to your NAMESPACE file.
Flavors: r-devel-linux-x86_64-debian-gcc, r-devel-linux-x86_64-fedora-clang, r-devel-linux-x86_64-fedora-gcc, r-devel-osx-x86_64-clang, r-devel-windows-ix86+x86_64, r-patched-linux-x86_64, r-patched-solaris-sparc, r-patched-solaris-x86, r-release-linux-x86_64, r-release-osx-x86_64-mavericks, r-release-windows-ix86+x86_64