CRAN Package Check Results for Package pheno2geno

Last updated on 2015-07-06 14:48:47.

Flavor Version Tinstall Tcheck Ttotal Status Flags
r-devel-linux-x86_64-debian-clang 1.3.1 1.83 44.96 46.79 NOTE
r-devel-linux-x86_64-debian-gcc 1.3.1 1.82 45.46 47.28 NOTE
r-devel-linux-x86_64-fedora-clang 1.3.1 90.83 NOTE
r-devel-linux-x86_64-fedora-gcc 1.3.1 87.70 NOTE
r-devel-osx-x86_64-clang 1.3.1 78.71 OK
r-devel-windows-ix86+x86_64 1.3.1 8.00 70.00 78.00 NOTE
r-patched-linux-x86_64 1.3.1 1.80 44.45 46.25 OK
r-patched-solaris-sparc 1.3.1 552.10 OK
r-patched-solaris-x86 1.3.1 125.00 OK
r-release-linux-x86_64 1.3.1 1.80 44.51 46.31 OK
r-release-osx-x86_64-mavericks 1.3.1 NOTE
r-release-windows-ix86+x86_64 1.3.1 10.00 70.00 80.00 OK
r-oldrel-windows-ix86+x86_64 1.3.1 8.00 78.00 86.00 OK

Check Details

Version: 1.3.1
Check: R code for possible problems
Result: NOTE
    markersCorPlot: no visible global function definition for ‘rgb’
    plotMarkerDistribution: no visible global function definition for ‘rgb’
    Undefined global functions or variables:
     rgb
Flavors: r-devel-linux-x86_64-debian-clang, r-devel-linux-x86_64-debian-gcc, r-devel-linux-x86_64-fedora-clang, r-devel-linux-x86_64-fedora-gcc, r-devel-windows-ix86+x86_64

Version: 1.3.1
Check: package dependencies
Result: NOTE
    Package suggested but not available for checking: ‘RankProd’
Flavor: r-release-osx-x86_64-mavericks

Version: 1.3.1
Check: Rd cross-references
Result: NOTE
    Package unavailable to check Rd xrefs: ‘RankProd’
Flavor: r-release-osx-x86_64-mavericks