CRAN Package Check Results for Package pheno2geno

Last updated on 2018-01-16 23:49:01 CET.

Flavor Version Tinstall Tcheck Ttotal Status Flags
r-devel-linux-x86_64-debian-clang 1.3.1 4.73 112.76 117.49 NOTE
r-devel-linux-x86_64-debian-gcc 1.3.1 3.33 83.35 86.68 NOTE
r-devel-linux-x86_64-fedora-clang 1.3.1 129.82 NOTE
r-devel-linux-x86_64-fedora-gcc 1.3.1 134.97 NOTE
r-devel-windows-ix86+x86_64 1.3.1 11.00 111.00 122.00 NOTE
r-patched-linux-x86_64 1.3.1 5.12 114.74 119.86 NOTE
r-patched-solaris-x86 1.3.1 211.20 NOTE
r-release-linux-x86_64 1.3.1 5.89 119.22 125.11 NOTE
r-release-windows-ix86+x86_64 1.3.1 13.00 157.00 170.00 NOTE
r-release-osx-x86_64 1.3.1 NOTE
r-oldrel-windows-ix86+x86_64 1.3.1 12.00 139.00 151.00 NOTE
r-oldrel-osx-x86_64 1.3.1 NOTE

Check Details

Version: 1.3.1
Check: R code for possible problems
Result: NOTE
    markersCorPlot: no visible global function definition for ‘rgb’
    plotMarkerDistribution: no visible global function definition for ‘rgb’
    Undefined global functions or variables:
     rgb
    Consider adding
     importFrom("grDevices", "rgb")
    to your NAMESPACE file.
Flavors: r-devel-linux-x86_64-debian-clang, r-devel-linux-x86_64-debian-gcc, r-devel-linux-x86_64-fedora-clang, r-devel-linux-x86_64-fedora-gcc, r-devel-windows-ix86+x86_64, r-patched-linux-x86_64, r-patched-solaris-x86, r-release-linux-x86_64, r-release-windows-ix86+x86_64, r-release-osx-x86_64, r-oldrel-windows-ix86+x86_64, r-oldrel-osx-x86_64

Version: 1.3.1
Check: package dependencies
Result: NOTE
    Package suggested but not available for checking: ‘RankProd’
Flavors: r-devel-linux-x86_64-fedora-clang, r-devel-linux-x86_64-fedora-gcc, r-release-osx-x86_64

Version: 1.3.1
Check: Rd cross-references
Result: NOTE
    Package unavailable to check Rd xrefs: ‘RankProd’
Flavors: r-devel-linux-x86_64-fedora-clang, r-devel-linux-x86_64-fedora-gcc, r-release-osx-x86_64