CRAN Package Check Results for Package pheno2geno

Last updated on 2016-02-06 22:47:12.

Flavor Version Tinstall Tcheck Ttotal Status Flags
r-devel-linux-x86_64-debian-gcc 1.3.1 1.85 43.83 45.68 NOTE
r-devel-linux-x86_64-fedora-clang 1.3.1 96.10 NOTE
r-devel-linux-x86_64-fedora-gcc 1.3.1 82.52 NOTE
r-devel-osx-x86_64-clang 1.3.1 91.87 NOTE
r-devel-windows-ix86+x86_64 1.3.1 11.00 76.00 87.00 NOTE
r-patched-linux-x86_64 1.3.1 1.91 45.45 47.36 OK
r-patched-solaris-sparc 1.3.1 551.50 OK
r-patched-solaris-x86 1.3.1 122.90 OK
r-release-linux-x86_64 1.3.1 1.92 45.52 47.44 OK
r-release-osx-x86_64-mavericks 1.3.1 NOTE
r-release-windows-ix86+x86_64 1.3.1 7.00 116.00 123.00 OK
r-oldrel-windows-ix86+x86_64 1.3.1 11.00 116.00 127.00 OK

Check Details

Version: 1.3.1
Check: R code for possible problems
Result: NOTE
    markersCorPlot: no visible global function definition for ‘rgb’
    plotMarkerDistribution: no visible global function definition for ‘rgb’
    Undefined global functions or variables:
     rgb
    Consider adding
     importFrom("grDevices", "rgb")
    to your NAMESPACE file.
Flavors: r-devel-linux-x86_64-debian-gcc, r-devel-linux-x86_64-fedora-clang, r-devel-osx-x86_64-clang

Version: 1.3.1
Check: R code for possible problems
Result: NOTE
    markersCorPlot: no visible global function definition for ‘rgb’
    plotMarkerDistribution: no visible global function definition for ‘rgb’
    Undefined global functions or variables:
     rgb
    Consider adding
     importFrom("grDevices", "rgb")
    to your NAMESPACE.
Flavors: r-devel-linux-x86_64-fedora-gcc, r-devel-windows-ix86+x86_64

Version: 1.3.1
Check: package dependencies
Result: NOTE
    Package suggested but not available for checking: ‘RankProd’
Flavor: r-release-osx-x86_64-mavericks

Version: 1.3.1
Check: Rd cross-references
Result: NOTE
    Package unavailable to check Rd xrefs: ‘RankProd’
Flavor: r-release-osx-x86_64-mavericks