CRAN Package Check Results for Package pheno2geno

Last updated on 2015-08-01 10:47:05.

Flavor Version Tinstall Tcheck Ttotal Status Flags
r-devel-linux-x86_64-debian-clang 1.3.1 1.87 44.89 46.76 NOTE
r-devel-linux-x86_64-debian-gcc 1.3.1 1.77 44.12 45.88 NOTE
r-devel-linux-x86_64-fedora-clang 1.3.1 91.58 NOTE
r-devel-linux-x86_64-fedora-gcc 1.3.1 88.61 NOTE
r-devel-osx-x86_64-clang 1.3.1 77.28 OK
r-devel-windows-ix86+x86_64 1.3.1 10.00 107.00 117.00 NOTE
r-patched-linux-x86_64 1.3.1 1.98 44.52 46.49 OK
r-patched-solaris-sparc 1.3.1 569.10 OK
r-patched-solaris-x86 1.3.1 122.40 OK
r-release-linux-x86_64 1.3.1 2.34 47.84 50.18 OK
r-release-osx-x86_64-mavericks 1.3.1 NOTE
r-release-windows-ix86+x86_64 1.3.1 11.00 110.00 121.00 OK
r-oldrel-windows-ix86+x86_64 1.3.1 13.00 90.00 103.00 OK

Check Details

Version: 1.3.1
Check: R code for possible problems
Result: NOTE
    markersCorPlot: no visible global function definition for ‘rgb’
    plotMarkerDistribution: no visible global function definition for ‘rgb’
    Undefined global functions or variables:
     rgb
    Consider adding
     importFrom("grDevices", "rgb")
    to your NAMESPACE.
Flavors: r-devel-linux-x86_64-debian-clang, r-devel-linux-x86_64-debian-gcc, r-devel-linux-x86_64-fedora-clang, r-devel-linux-x86_64-fedora-gcc, r-devel-windows-ix86+x86_64

Version: 1.3.1
Check: package dependencies
Result: NOTE
    Package suggested but not available for checking: ‘RankProd’
Flavor: r-release-osx-x86_64-mavericks

Version: 1.3.1
Check: Rd cross-references
Result: NOTE
    Package unavailable to check Rd xrefs: ‘RankProd’
Flavor: r-release-osx-x86_64-mavericks