CRAN Package Check Results for Package pheno2geno

Last updated on 2015-04-21 02:48:40.

Flavor Version Tinstall Tcheck Ttotal Status Flags
r-devel-linux-x86_64-debian-clang 1.3.1 1.90 45.95 47.84 OK
r-devel-linux-x86_64-debian-gcc 1.3.1 1.84 45.41 47.25 OK
r-devel-linux-x86_64-fedora-clang 1.3.1 94.72 OK
r-devel-linux-x86_64-fedora-gcc 1.3.1 88.83 OK
r-devel-osx-x86_64-clang 1.3.1 80.95 OK
r-devel-windows-ix86+x86_64 1.2.1 9.00 89.00 98.00 NOTE
r-patched-linux-x86_64 1.3.1 1.94 46.27 48.20 OK
r-patched-solaris-sparc 1.3.1 511.10 OK
r-patched-solaris-x86 1.3.1 117.60 OK
r-release-linux-x86_64 1.3.1 2.16 45.61 47.77 OK
r-release-osx-x86_64-mavericks 1.3.1 NOTE
r-release-osx-x86_64-snowleopard 1.3.1 NOTE
r-release-windows-ix86+x86_64 1.3.1 4.00 64.00 68.00 OK
r-oldrel-windows-ix86+x86_64 1.3.1 7.00 70.00 77.00 OK

Check Details

Version: 1.2.1
Check: DESCRIPTION meta-information
Result: NOTE
    Malformed Description field: should contain one or more complete sentences.
Flavor: r-devel-windows-ix86+x86_64

Version: 1.2.1
Check: dependencies in R code
Result: NOTE
    'library' or 'require' call to 'RankProd' in package code.
     Please use :: or requireNamespace() instead.
     See section 'Suggested packages' in the 'Writing R Extensions' manual.
Flavor: r-devel-windows-ix86+x86_64

Version: 1.2.1
Check: R code for possible problems
Result: NOTE
    find.diff.expressed: no visible global function definition for 'RP'
Flavor: r-devel-windows-ix86+x86_64

Version: 1.3.1
Check: package dependencies
Result: NOTE
    Package suggested but not available for checking: ‘RankProd’
Flavors: r-release-osx-x86_64-mavericks, r-release-osx-x86_64-snowleopard

Version: 1.3.1
Check: Rd cross-references
Result: NOTE
    Package unavailable to check Rd xrefs: ‘RankProd’
Flavors: r-release-osx-x86_64-mavericks, r-release-osx-x86_64-snowleopard