CRAN Package Check Results for Package pheno2geno

Last updated on 2015-05-27 09:47:59.

Flavor Version Tinstall Tcheck Ttotal Status Flags
r-devel-linux-x86_64-debian-clang 1.3.1 1.99 45.87 47.86 OK
r-devel-linux-x86_64-debian-gcc 1.3.1 1.80 44.56 46.36 OK
r-devel-linux-x86_64-fedora-clang 1.3.1 93.61 OK
r-devel-linux-x86_64-fedora-gcc 1.3.1 88.78 OK
r-devel-osx-x86_64-clang 1.3.1 81.37 OK
r-devel-windows-ix86+x86_64 1.3.1 6.00 72.00 78.00 OK
r-patched-linux-x86_64 1.3.1 1.89 44.62 46.51 OK
r-patched-solaris-sparc 1.3.1 552.10 OK
r-patched-solaris-x86 1.3.1 126.50 OK
r-release-linux-x86_64 1.3.1 1.86 44.61 46.47 OK
r-release-osx-x86_64-mavericks 1.3.1 NOTE
r-release-osx-x86_64-snowleopard 1.3.1 NOTE
r-release-windows-ix86+x86_64 1.3.1 7.00 63.00 70.00 OK
r-oldrel-windows-ix86+x86_64 1.3.1 8.00 72.00 80.00 OK

Check Details

Version: 1.3.1
Check: package dependencies
Result: NOTE
    Package suggested but not available for checking: ‘RankProd’
Flavors: r-release-osx-x86_64-mavericks, r-release-osx-x86_64-snowleopard

Version: 1.3.1
Check: Rd cross-references
Result: NOTE
    Package unavailable to check Rd xrefs: ‘RankProd’
Flavors: r-release-osx-x86_64-mavericks, r-release-osx-x86_64-snowleopard