CRAN Package Check Results for Package pheno2geno

Last updated on 2014-04-20 21:46:52.

Flavor Version Tinstall Tcheck Ttotal Status Flags
r-devel-linux-x86_64-debian-clang 1.1.0 2.11 56.63 58.74 NOTE
r-devel-linux-x86_64-debian-gcc 1.1.0 2.10 57.68 59.78 NOTE
r-devel-linux-x86_64-fedora-clang 1.1.0 119.76 NOTE
r-devel-linux-x86_64-fedora-gcc 1.1.0 114.18 NOTE
r-devel-macosx-x86_64-clang 1.1.0 100.79 NOTE
r-devel-macosx-x86_64-gcc 1.1.0 NOTE
r-devel-windows-ix86+x86_64 1.1.0 6.00 80.00 86.00 NOTE
r-patched-linux-x86_64 1.1.0 2.08 56.96 59.04 NOTE
r-patched-solaris-sparc 1.1.0 716.60 NOTE
r-patched-solaris-x86 1.1.0 148.70 NOTE
r-release-linux-ix86 NOTE
r-release-linux-x86_64 1.1.0 2.10 57.53 59.64 NOTE
r-release-macosx-x86_64 1.1.0 NOTE
r-release-windows-ix86+x86_64 1.1.0 9.00 79.00 88.00 NOTE
r-oldrel-windows-ix86+x86_64 1.1.0 7.00 85.00 92.00 NOTE

Check Details

Version: 1.1.0
Check: dependencies in R code
Result: NOTE
    'library' or 'require' call to ‘VGAM’ which was already attached by Depends.
     Please remove these calls from your code.
    Package in Depends field not imported from: ‘VGAM’
     These packages need to be imported from (in the NAMESPACE file)
     for when this namespace is loaded but not attached.
    See the information on DESCRIPTION files in the chapter ‘Creating R
    packages’ of the ‘Writing R Extensions’ manual.
Flavors: r-devel-linux-x86_64-debian-clang, r-devel-linux-x86_64-debian-gcc, r-devel-linux-x86_64-fedora-clang, r-devel-linux-x86_64-fedora-gcc, r-devel-macosx-x86_64-clang, r-devel-macosx-x86_64-gcc, r-devel-windows-ix86+x86_64, r-patched-linux-x86_64, r-patched-solaris-sparc, r-patched-solaris-x86, r-release-linux-ix86, r-release-linux-x86_64, r-release-windows-ix86+x86_64, r-oldrel-windows-ix86+x86_64

Version: 1.1.0
Check: package dependencies
Result: NOTE
    Package suggested but not available for checking: ‘RankProd’
Flavors: r-devel-macosx-x86_64-gcc, r-release-macosx-x86_64

Version: 1.1.0
Check: R code for possible problems
Result: NOTE
    find.diff.expressed: no visible global function definition for ‘RP’
Flavors: r-devel-macosx-x86_64-gcc, r-release-macosx-x86_64

Version: 1.1.0
Check: Rd cross-references
Result: NOTE
    Package unavailable to check Rd xrefs: ‘RankProd’
Flavors: r-devel-macosx-x86_64-gcc, r-release-macosx-x86_64

Version: 1.1.0
Check: dependencies in R code
Result: NOTE
    'library' or 'require' call to 'VGAM' which was already attached by Depends.
     Please remove these calls from your code.
    Package in Depends field not imported from: 'VGAM'
     These packages need to be imported from for the case when
     this namespace is loaded but not attached.
    See the information on DESCRIPTION files in the chapter 'Creating R
    packages' of the 'Writing R Extensions' manual.
Flavor: r-release-macosx-x86_64