CRAN Package Check Results for Package pheno2geno

Last updated on 2014-09-18 08:49:58.

Flavor Version Tinstall Tcheck Ttotal Status Flags
r-devel-linux-x86_64-debian-clang 1.2.1 2.17 59.49 61.66 NOTE
r-devel-linux-x86_64-debian-gcc 1.2.1 2.09 60.36 62.46 NOTE
r-devel-linux-x86_64-fedora-clang 1.2.1 125.24 NOTE
r-devel-linux-x86_64-fedora-gcc 1.2.1 120.47 NOTE
r-devel-osx-x86_64-clang 1.2.1 99.87 NOTE
r-devel-windows-ix86+x86_64 1.2.1 6.00 83.00 89.00 NOTE
r-patched-linux-x86_64 1.2.1 2.41 61.00 63.41 OK
r-patched-solaris-sparc 1.2.1 794.50 OK
r-patched-solaris-x86 1.2.1 159.30 OK
r-release-linux-ix86 1.2.1 2.68 80.72 83.40 OK
r-release-linux-x86_64 1.2.1 2.04 63.03 65.07 OK
r-release-osx-x86_64-mavericks 1.2.1 NOTE
r-release-osx-x86_64-snowleopard 1.2.1 NOTE
r-release-windows-ix86+x86_64 1.2.1 6.00 88.00 94.00 OK
r-oldrel-windows-ix86+x86_64 1.2.1 7.00 91.00 98.00 OK

Check Details

Version: 1.2.1
Check: R code for possible problems
Result: NOTE
    find.diff.expressed: no visible global function definition for ‘RP’
Flavors: r-devel-linux-x86_64-debian-clang, r-devel-linux-x86_64-debian-gcc, r-devel-linux-x86_64-fedora-clang, r-devel-linux-x86_64-fedora-gcc, r-devel-osx-x86_64-clang, r-devel-windows-ix86+x86_64, r-release-osx-x86_64-mavericks, r-release-osx-x86_64-snowleopard

Version: 1.2.1
Check: package dependencies
Result: NOTE
    Package suggested but not available for checking: ‘RankProd’
Flavors: r-release-osx-x86_64-mavericks, r-release-osx-x86_64-snowleopard

Version: 1.2.1
Check: Rd cross-references
Result: NOTE
    Package unavailable to check Rd xrefs: ‘RankProd’
Flavors: r-release-osx-x86_64-mavericks, r-release-osx-x86_64-snowleopard