CRAN Package Check Results for Package pheno2geno

Last updated on 2017-08-17 09:47:08.

Flavor Version Tinstall Tcheck Ttotal Status Flags
r-devel-linux-x86_64-debian-clang 1.3.1 3.50 71.60 75.10 NOTE
r-devel-linux-x86_64-debian-gcc 1.3.1 3.81 69.37 73.18 NOTE
r-devel-linux-x86_64-fedora-clang 1.3.1 155.86 NOTE
r-devel-linux-x86_64-fedora-gcc 1.3.1 174.00 NOTE
r-devel-windows-ix86+x86_64 1.3.1 8.00 167.00 175.00 NOTE
r-patched-linux-x86_64 1.3.1 3.89 69.26 73.15 NOTE
r-patched-solaris-x86 1.3.1 195.00 NOTE
r-release-linux-x86_64 1.3.1 3.50 72.06 75.56 NOTE
r-release-windows-ix86+x86_64 1.3.1 9.00 132.00 141.00 NOTE
r-release-osx-x86_64 1.3.1 NOTE
r-oldrel-windows-ix86+x86_64 1.3.1 10.00 99.00 109.00 NOTE
r-oldrel-osx-x86_64 1.3.1 NOTE

Check Details

Version: 1.3.1
Check: R code for possible problems
Result: NOTE
    markersCorPlot: no visible global function definition for ‘rgb’
    plotMarkerDistribution: no visible global function definition for ‘rgb’
    Undefined global functions or variables:
     rgb
    Consider adding
     importFrom("grDevices", "rgb")
    to your NAMESPACE file.
Flavors: r-devel-linux-x86_64-debian-clang, r-devel-linux-x86_64-debian-gcc, r-devel-linux-x86_64-fedora-clang, r-devel-linux-x86_64-fedora-gcc, r-devel-windows-ix86+x86_64, r-patched-linux-x86_64, r-patched-solaris-x86, r-release-linux-x86_64, r-release-windows-ix86+x86_64, r-release-osx-x86_64, r-oldrel-windows-ix86+x86_64, r-oldrel-osx-x86_64

Version: 1.3.1
Check: package dependencies
Result: NOTE
    Package suggested but not available for checking: ‘RankProd’
Flavor: r-release-osx-x86_64

Version: 1.3.1
Check: Rd cross-references
Result: NOTE
    Package unavailable to check Rd xrefs: ‘RankProd’
Flavor: r-release-osx-x86_64