CRAN Package Check Results for Package pheno2geno

Last updated on 2017-01-18 23:52:10.

Flavor Version Tinstall Tcheck Ttotal Status Flags
r-devel-linux-x86_64-debian-clang 1.3.1 1.80 57.58 59.38 NOTE
r-devel-linux-x86_64-debian-gcc 1.3.1 1.85 53.62 55.47 NOTE
r-devel-linux-x86_64-fedora-clang 1.3.1 105.71 NOTE --no-stop-on-test-error
r-devel-linux-x86_64-fedora-gcc 1.3.1 102.79 NOTE --no-stop-on-test-error
r-devel-macos-x86_64-clang 1.3.1 80.66 NOTE --no-stop-on-test-error
r-devel-windows-ix86+x86_64 1.3.1 11.00 90.00 101.00 NOTE
r-patched-linux-x86_64 1.3.1 2.04 47.11 49.16 NOTE
r-patched-solaris-sparc 1.3.1 537.20 NOTE
r-patched-solaris-x86 1.3.1 108.90 NOTE
r-release-linux-x86_64 1.3.1 1.86 49.10 50.95 NOTE
r-release-osx-x86_64-mavericks 1.3.1 NOTE
r-release-windows-ix86+x86_64 1.3.1 6.00 113.00 119.00 NOTE
r-oldrel-windows-ix86+x86_64 1.3.1 8.00 107.00 115.00 OK

Check Details

Version: 1.3.1
Check: R code for possible problems
Result: NOTE
    markersCorPlot: no visible global function definition for ‘rgb’
    plotMarkerDistribution: no visible global function definition for ‘rgb’
    Undefined global functions or variables:
     rgb
    Consider adding
     importFrom("grDevices", "rgb")
    to your NAMESPACE file.
Flavors: r-devel-linux-x86_64-debian-clang, r-devel-linux-x86_64-debian-gcc, r-devel-windows-ix86+x86_64, r-patched-linux-x86_64, r-patched-solaris-sparc, r-patched-solaris-x86, r-release-linux-x86_64, r-release-osx-x86_64-mavericks, r-release-windows-ix86+x86_64

Version: 1.3.1
Flags: --no-stop-on-test-error
Check: R code for possible problems
Result: NOTE
    markersCorPlot: no visible global function definition for ‘rgb’
    plotMarkerDistribution: no visible global function definition for ‘rgb’
    Undefined global functions or variables:
     rgb
    Consider adding
     importFrom("grDevices", "rgb")
    to your NAMESPACE file.
Flavors: r-devel-linux-x86_64-fedora-clang, r-devel-linux-x86_64-fedora-gcc, r-devel-macos-x86_64-clang