CRAN Package Check Results for Package pheno2geno

Last updated on 2018-05-22 05:49:36 CEST.

Flavor Version Tinstall Tcheck Ttotal Status Flags
r-devel-linux-x86_64-debian-clang 1.4.0 8.63 96.81 105.44 OK
r-devel-linux-x86_64-debian-gcc 1.4.0 7.58 86.55 94.13 OK
r-devel-linux-x86_64-fedora-clang 1.4.0 146.22 OK
r-devel-linux-x86_64-fedora-gcc 1.4.0 140.81 OK
r-devel-windows-ix86+x86_64 1.4.0 16.00 110.00 126.00 OK
r-patched-linux-x86_64 1.4.0 9.92 98.85 108.77 OK
r-patched-solaris-x86 1.4.0 190.30 OK
r-release-linux-x86_64 1.4.0 9.88 98.50 108.38 OK
r-release-windows-ix86+x86_64 1.4.0 21.00 146.00 167.00 OK
r-release-osx-x86_64 1.4.0 OK
r-oldrel-windows-ix86+x86_64 1.4.0 16.00 111.00 127.00 OK
r-oldrel-osx-x86_64 1.4.0 NOTE

Check Details

Version: 1.4.0
Check: package dependencies
Result: NOTE
    Package suggested but not available for checking: ‘RankProd’
Flavor: r-oldrel-osx-x86_64

Version: 1.4.0
Check: Rd cross-references
Result: NOTE
    Package unavailable to check Rd xrefs: ‘RankProd’
Flavor: r-oldrel-osx-x86_64