CRAN Package Check Results for Package pheno2geno

Last updated on 2014-12-19 19:00:18.

Flavor Version Tinstall Tcheck Ttotal Status Flags
r-devel-linux-x86_64-debian-clang 1.2.1 1.90 60.96 62.86 NOTE
r-devel-linux-x86_64-debian-gcc 1.2.1 1.83 60.04 61.87 NOTE
r-devel-linux-x86_64-fedora-clang 1.2.1 127.04 NOTE
r-devel-linux-x86_64-fedora-gcc 1.2.1 120.28 NOTE
r-devel-osx-x86_64-clang 1.2.1 106.87 NOTE
r-devel-windows-ix86+x86_64 1.2.1 8.00 92.00 100.00 NOTE
r-patched-linux-x86_64 1.2.1 2.32 61.46 63.79 NOTE
r-patched-solaris-sparc 1.2.1 813.20 NOTE
r-patched-solaris-x86 1.2.1 158.50 NOTE
r-release-linux-ix86 1.2.1 2.54 75.87 78.41 NOTE
r-release-linux-x86_64 1.2.1 1.98 65.58 67.57 NOTE
r-release-osx-x86_64-mavericks 1.2.1 NOTE
r-release-osx-x86_64-snowleopard 1.2.1 NOTE
r-release-windows-ix86+x86_64 1.2.1 7.00 96.00 103.00 NOTE
r-oldrel-windows-ix86+x86_64 1.2.1 8.00 99.00 107.00 OK

Check Details

Version: 1.2.1
Check: R code for possible problems
Result: NOTE
    find.diff.expressed: no visible global function definition for ‘RP’
Flavors: r-devel-linux-x86_64-debian-clang, r-devel-linux-x86_64-debian-gcc, r-devel-linux-x86_64-fedora-clang, r-devel-linux-x86_64-fedora-gcc, r-devel-osx-x86_64-clang, r-devel-windows-ix86+x86_64, r-patched-linux-x86_64, r-patched-solaris-sparc, r-patched-solaris-x86, r-release-linux-ix86, r-release-linux-x86_64, r-release-osx-x86_64-mavericks, r-release-osx-x86_64-snowleopard, r-release-windows-ix86+x86_64

Version: 1.2.1
Check: package dependencies
Result: NOTE
    Package suggested but not available for checking: ‘RankProd’
Flavors: r-release-osx-x86_64-mavericks, r-release-osx-x86_64-snowleopard

Version: 1.2.1
Check: Rd cross-references
Result: NOTE
    Package unavailable to check Rd xrefs: ‘RankProd’
Flavors: r-release-osx-x86_64-mavericks, r-release-osx-x86_64-snowleopard