CRAN Package Check Results for Package pheno2geno

Last updated on 2017-03-01 17:52:32.

Flavor Version Tinstall Tcheck Ttotal Status Flags
r-devel-linux-x86_64-debian-clang 1.3.1 1.80 54.73 56.53 NOTE
r-devel-linux-x86_64-debian-gcc 1.3.1 1.84 51.43 53.27 NOTE
r-devel-linux-x86_64-fedora-clang 1.3.1 106.20 NOTE --no-stop-on-test-error
r-devel-linux-x86_64-fedora-gcc 1.3.1 103.19 NOTE --no-stop-on-test-error
r-devel-macos-x86_64-clang 1.3.1 81.29 NOTE --no-stop-on-test-error
r-devel-windows-ix86+x86_64 1.3.1 8.00 161.00 169.00 NOTE
r-patched-linux-x86_64 1.3.1 1.96 45.67 47.63 NOTE
r-patched-solaris-sparc 1.3.1 537.20 NOTE
r-patched-solaris-x86 1.3.1 107.50 NOTE
r-release-linux-x86_64 1.3.1 1.76 45.15 46.91 NOTE
r-release-osx-x86_64-mavericks 1.3.1 NOTE
r-release-windows-ix86+x86_64 1.3.1 13.00 151.00 164.00 NOTE
r-oldrel-windows-ix86+x86_64 1.3.1 16.00 108.00 124.00 OK

Check Details

Version: 1.3.1
Check: R code for possible problems
Result: NOTE
    markersCorPlot: no visible global function definition for ‘rgb’
    plotMarkerDistribution: no visible global function definition for ‘rgb’
    Undefined global functions or variables:
     rgb
    Consider adding
     importFrom("grDevices", "rgb")
    to your NAMESPACE file.
Flavors: r-devel-linux-x86_64-debian-clang, r-devel-linux-x86_64-debian-gcc, r-devel-windows-ix86+x86_64, r-patched-linux-x86_64, r-patched-solaris-sparc, r-patched-solaris-x86, r-release-linux-x86_64, r-release-osx-x86_64-mavericks, r-release-windows-ix86+x86_64

Version: 1.3.1
Flags: --no-stop-on-test-error
Check: R code for possible problems
Result: NOTE
    markersCorPlot: no visible global function definition for ‘rgb’
    plotMarkerDistribution: no visible global function definition for ‘rgb’
    Undefined global functions or variables:
     rgb
    Consider adding
     importFrom("grDevices", "rgb")
    to your NAMESPACE file.
Flavors: r-devel-linux-x86_64-fedora-clang, r-devel-linux-x86_64-fedora-gcc, r-devel-macos-x86_64-clang