CRAN Package Check Results for Package pheno2geno

Last updated on 2017-06-29 01:46:50.

Flavor Version Tinstall Tcheck Ttotal Status Flags
r-devel-linux-x86_64-debian-clang 1.3.1 3.62 72.97 76.59 NOTE
r-devel-linux-x86_64-debian-gcc 1.3.1 3.68 70.56 74.25 NOTE
r-devel-linux-x86_64-fedora-clang 1.3.1 155.87 NOTE
r-devel-linux-x86_64-fedora-gcc 1.3.1 169.28 NOTE
r-devel-windows-ix86+x86_64 1.3.1 9.00 124.00 133.00 NOTE
r-patched-linux-x86_64 1.3.1 3.71 69.61 73.31 NOTE
r-patched-solaris-sparc 1.3.1 889.80 NOTE
r-patched-solaris-x86 1.3.1 197.30 NOTE
r-release-linux-x86_64 1.3.1 3.84 69.45 73.30 NOTE
r-release-windows-ix86+x86_64 1.3.1 15.00 166.00 181.00 NOTE
r-release-osx-x86_64 1.3.1 NOTE
r-oldrel-windows-ix86+x86_64 1.3.1 11.00 149.00 160.00 NOTE
r-oldrel-osx-x86_64 1.3.1 NOTE

Check Details

Version: 1.3.1
Check: R code for possible problems
Result: NOTE
    markersCorPlot: no visible global function definition for ‘rgb’
    plotMarkerDistribution: no visible global function definition for ‘rgb’
    Undefined global functions or variables:
     rgb
    Consider adding
     importFrom("grDevices", "rgb")
    to your NAMESPACE file.
Flavors: r-devel-linux-x86_64-debian-clang, r-devel-linux-x86_64-debian-gcc, r-devel-linux-x86_64-fedora-clang, r-devel-linux-x86_64-fedora-gcc, r-devel-windows-ix86+x86_64, r-patched-linux-x86_64, r-patched-solaris-sparc, r-patched-solaris-x86, r-release-linux-x86_64, r-release-windows-ix86+x86_64, r-release-osx-x86_64, r-oldrel-windows-ix86+x86_64, r-oldrel-osx-x86_64

Version: 1.3.1
Check: package dependencies
Result: NOTE
    Package suggested but not available for checking: ‘RankProd’
Flavor: r-release-osx-x86_64

Version: 1.3.1
Check: Rd cross-references
Result: NOTE
    Package unavailable to check Rd xrefs: ‘RankProd’
Flavor: r-release-osx-x86_64