CRAN Package Check Results for Package pheno2geno

Last updated on 2016-08-30 00:47:38.

Flavor Version Tinstall Tcheck Ttotal Status Flags
r-devel-linux-x86_64-debian-clang 1.3.1 1.86 47.80 49.66 NOTE
r-devel-linux-x86_64-debian-gcc 1.3.1 1.73 45.99 47.72 NOTE
r-devel-linux-x86_64-fedora-clang 1.3.1 88.44 NOTE
r-devel-linux-x86_64-fedora-gcc 1.3.1 84.51 NOTE
r-devel-osx-x86_64-clang 1.3.1 71.17 NOTE
r-devel-windows-ix86+x86_64 1.3.1 15.00 76.00 91.00 NOTE
r-patched-linux-x86_64 1.3.1 1.77 46.42 48.19 NOTE
r-patched-solaris-sparc 1.3.1 537.70 NOTE
r-patched-solaris-x86 1.3.1 108.40 NOTE
r-release-linux-x86_64 1.3.1 1.82 47.43 49.25 NOTE
r-release-osx-x86_64-mavericks 1.3.1 NOTE
r-release-windows-ix86+x86_64 1.3.1 7.00 122.00 129.00 NOTE
r-oldrel-windows-ix86+x86_64 1.3.1 10.00 100.00 110.00 OK

Check Details

Version: 1.3.1
Check: R code for possible problems
Result: NOTE
    markersCorPlot: no visible global function definition for ‘rgb’
    plotMarkerDistribution: no visible global function definition for ‘rgb’
    Undefined global functions or variables:
     rgb
    Consider adding
     importFrom("grDevices", "rgb")
    to your NAMESPACE file.
Flavors: r-devel-linux-x86_64-debian-clang, r-devel-linux-x86_64-debian-gcc, r-devel-linux-x86_64-fedora-clang, r-devel-linux-x86_64-fedora-gcc, r-devel-osx-x86_64-clang, r-devel-windows-ix86+x86_64, r-patched-linux-x86_64, r-patched-solaris-sparc, r-patched-solaris-x86, r-release-linux-x86_64, r-release-osx-x86_64-mavericks, r-release-windows-ix86+x86_64