CRAN Package Check Results for Package pheno2geno

Last updated on 2016-12-07 17:52:41.

Flavor Version Tinstall Tcheck Ttotal Status Flags
r-devel-linux-x86_64-debian-clang 1.3.1 1.97 58.56 60.53 NOTE
r-devel-linux-x86_64-debian-gcc 1.3.1 1.89 54.74 56.63 NOTE
r-devel-linux-x86_64-fedora-clang 1.3.1 109.70 NOTE --no-stop-on-test-error
r-devel-linux-x86_64-fedora-gcc 1.3.1 105.15 NOTE --no-stop-on-test-error
r-devel-macos-x86_64-clang 1.3.1 81.11 NOTE --no-stop-on-test-error
r-devel-windows-ix86+x86_64 1.3.1 8.00 122.00 130.00 NOTE
r-patched-linux-x86_64 1.3.1 1.80 47.62 49.42 NOTE
r-patched-solaris-sparc 1.3.1 537.70 NOTE
r-patched-solaris-x86 1.3.1 109.40 NOTE
r-release-linux-x86_64 1.3.1 2.08 48.11 50.19 NOTE
r-release-osx-x86_64-mavericks 1.3.1 NOTE
r-release-windows-ix86+x86_64 1.3.1 6.00 113.00 119.00 NOTE
r-oldrel-windows-ix86+x86_64 1.3.1 11.00 87.00 98.00 OK

Check Details

Version: 1.3.1
Check: R code for possible problems
Result: NOTE
    markersCorPlot: no visible global function definition for ‘rgb’
    plotMarkerDistribution: no visible global function definition for ‘rgb’
    Undefined global functions or variables:
     rgb
    Consider adding
     importFrom("grDevices", "rgb")
    to your NAMESPACE file.
Flavors: r-devel-linux-x86_64-debian-clang, r-devel-linux-x86_64-debian-gcc, r-devel-windows-ix86+x86_64, r-patched-linux-x86_64, r-patched-solaris-sparc, r-patched-solaris-x86, r-release-linux-x86_64, r-release-osx-x86_64-mavericks, r-release-windows-ix86+x86_64

Version: 1.3.1
Flags: --no-stop-on-test-error
Check: R code for possible problems
Result: NOTE
    markersCorPlot: no visible global function definition for ‘rgb’
    plotMarkerDistribution: no visible global function definition for ‘rgb’
    Undefined global functions or variables:
     rgb
    Consider adding
     importFrom("grDevices", "rgb")
    to your NAMESPACE file.
Flavors: r-devel-linux-x86_64-fedora-clang, r-devel-linux-x86_64-fedora-gcc, r-devel-macos-x86_64-clang