CRAN Package Check Results for Package pheno2geno

Last updated on 2016-05-30 13:47:40.

Flavor Version Tinstall Tcheck Ttotal Status Flags
r-devel-linux-x86_64-debian-gcc 1.3.1 1.74 44.59 46.33 NOTE
r-devel-linux-x86_64-fedora-clang 1.3.1 87.17 NOTE
r-devel-linux-x86_64-fedora-gcc 1.3.1 83.10 NOTE
r-devel-osx-x86_64-clang 1.3.1 97.31 NOTE
r-devel-windows-ix86+x86_64 1.3.1 5.00 79.00 84.00 NOTE
r-patched-linux-x86_64 1.3.1 1.78 45.59 47.38 NOTE
r-patched-solaris-sparc 1.3.1 535.80 NOTE
r-patched-solaris-x86 1.3.1 107.80 NOTE
r-release-linux-x86_64 1.3.1 1.88 44.08 45.96 NOTE
r-release-osx-x86_64-mavericks 1.3.1 NOTE
r-release-windows-ix86+x86_64 1.3.1 8.00 109.00 117.00 NOTE
r-oldrel-windows-ix86+x86_64 1.3.1 6.00 82.00 88.00 OK

Check Details

Version: 1.3.1
Check: R code for possible problems
Result: NOTE
    markersCorPlot: no visible global function definition for ‘rgb’
    plotMarkerDistribution: no visible global function definition for ‘rgb’
    Undefined global functions or variables:
     rgb
    Consider adding
     importFrom("grDevices", "rgb")
    to your NAMESPACE file.
Flavors: r-devel-linux-x86_64-debian-gcc, r-devel-linux-x86_64-fedora-clang, r-devel-linux-x86_64-fedora-gcc, r-devel-osx-x86_64-clang, r-devel-windows-ix86+x86_64, r-patched-linux-x86_64, r-patched-solaris-sparc, r-patched-solaris-x86, r-release-linux-x86_64, r-release-osx-x86_64-mavericks, r-release-windows-ix86+x86_64