CRAN Package Check Results for Package pheno2geno

Last updated on 2016-07-27 03:49:56.

Flavor Version Tinstall Tcheck Ttotal Status Flags
r-devel-linux-x86_64-debian-clang 1.3.1 1.96 53.68 55.64 NOTE
r-devel-linux-x86_64-debian-gcc 1.3.1 2.22 52.91 55.13 NOTE
r-devel-linux-x86_64-fedora-clang 1.3.1 85.56 NOTE
r-devel-linux-x86_64-fedora-gcc 1.3.1 82.61 NOTE
r-devel-osx-x86_64-clang 1.3.1 70.84 NOTE
r-devel-windows-ix86+x86_64 1.3.1 8.00 102.00 110.00 NOTE
r-patched-linux-x86_64 1.3.1 2.06 53.69 55.75 NOTE
r-patched-solaris-sparc 1.3.1 537.70 NOTE
r-patched-solaris-x86 1.3.1 106.00 NOTE
r-release-linux-x86_64 1.3.1 2.29 53.92 56.21 NOTE
r-release-osx-x86_64-mavericks 1.3.1 NOTE
r-release-windows-ix86+x86_64 1.3.1 11.00 101.00 112.00 NOTE
r-oldrel-windows-ix86+x86_64 1.3.1 9.00 106.00 115.00 OK

Check Details

Version: 1.3.1
Check: R code for possible problems
Result: NOTE
    markersCorPlot: no visible global function definition for ‘rgb’
    plotMarkerDistribution: no visible global function definition for ‘rgb’
    Undefined global functions or variables:
     rgb
    Consider adding
     importFrom("grDevices", "rgb")
    to your NAMESPACE file.
Flavors: r-devel-linux-x86_64-debian-clang, r-devel-linux-x86_64-debian-gcc, r-devel-linux-x86_64-fedora-clang, r-devel-linux-x86_64-fedora-gcc, r-devel-osx-x86_64-clang, r-devel-windows-ix86+x86_64, r-patched-linux-x86_64, r-patched-solaris-sparc, r-patched-solaris-x86, r-release-linux-x86_64, r-release-osx-x86_64-mavericks, r-release-windows-ix86+x86_64