CRAN Package Check Results for Package pheno2geno

Last updated on 2017-04-28 17:47:50.

Flavor Version Tinstall Tcheck Ttotal Status Flags
r-devel-linux-x86_64-debian-clang 1.3.1 3.38 73.61 76.99 NOTE
r-devel-linux-x86_64-debian-gcc 1.3.1 3.41 69.36 72.77 NOTE
r-devel-linux-x86_64-fedora-clang 1.3.1 162.46 NOTE --no-stop-on-test-error
r-devel-linux-x86_64-fedora-gcc 1.3.1 153.88 NOTE --no-stop-on-test-error
r-devel-windows-ix86+x86_64 1.3.1 9.00 163.00 172.00 NOTE
r-patched-linux-x86_64 1.3.1 3.69 71.47 75.17 NOTE
r-patched-solaris-sparc 1.3.1 889.80 NOTE
r-patched-solaris-x86 1.3.1 190.50 NOTE
r-release-linux-x86_64 1.3.1 3.74 70.40 74.14 NOTE
r-release-windows-ix86+x86_64 1.3.1 16.00 128.00 144.00 NOTE
r-release-osx-x86_64 1.3.1 NOTE
r-oldrel-windows-ix86+x86_64 1.3.1 14.00 106.00 120.00 NOTE
r-oldrel-osx-x86_64 1.3.1 NOTE

Check Details

Version: 1.3.1
Check: R code for possible problems
Result: NOTE
    markersCorPlot: no visible global function definition for ‘rgb’
    plotMarkerDistribution: no visible global function definition for ‘rgb’
    Undefined global functions or variables:
     rgb
    Consider adding
     importFrom("grDevices", "rgb")
    to your NAMESPACE file.
Flavors: r-devel-linux-x86_64-debian-clang, r-devel-linux-x86_64-debian-gcc, r-devel-windows-ix86+x86_64, r-patched-linux-x86_64, r-patched-solaris-sparc, r-patched-solaris-x86, r-release-linux-x86_64, r-release-windows-ix86+x86_64, r-release-osx-x86_64, r-oldrel-windows-ix86+x86_64, r-oldrel-osx-x86_64

Version: 1.3.1
Flags: --no-stop-on-test-error
Check: R code for possible problems
Result: NOTE
    markersCorPlot: no visible global function definition for ‘rgb’
    plotMarkerDistribution: no visible global function definition for ‘rgb’
    Undefined global functions or variables:
     rgb
    Consider adding
     importFrom("grDevices", "rgb")
    to your NAMESPACE file.
Flavors: r-devel-linux-x86_64-fedora-clang, r-devel-linux-x86_64-fedora-gcc

Version: 1.3.1
Check: package dependencies
Result: NOTE
    Package suggested but not available for checking: ‘RankProd’
Flavor: r-release-osx-x86_64

Version: 1.3.1
Check: Rd cross-references
Result: NOTE
    Package unavailable to check Rd xrefs: ‘RankProd’
Flavor: r-release-osx-x86_64