CRAN Package Check Results for Package pheno2geno

Last updated on 2014-07-23 04:48:28.

Flavor Version Tinstall Tcheck Ttotal Status Flags
r-devel-linux-x86_64-debian-clang 1.2.0 2.10 60.68 62.78 OK
r-devel-linux-x86_64-debian-gcc 1.2.0 1.98 59.31 61.29 OK
r-devel-linux-x86_64-fedora-clang 1.2.0 130.40 OK
r-devel-linux-x86_64-fedora-gcc 1.2.0 127.15 OK
r-devel-osx-x86_64-clang 1.2.0 106.55 OK
r-devel-windows-ix86+x86_64 1.2.0 7.00 90.00 97.00 OK
r-patched-linux-x86_64 1.2.0 1.99 60.12 62.12 OK
r-patched-solaris-sparc 1.2.0 769.00 OK
r-patched-solaris-x86 1.2.0 157.00 OK
r-release-linux-ix86 1.2.0 3.07 80.33 83.40 OK
r-release-linux-x86_64 1.2.0 2.04 61.60 63.65 OK
r-release-osx-x86_64-mavericks 1.2.0 NOTE
r-release-osx-x86_64-snowleopard 1.2.0 NOTE
r-release-windows-ix86+x86_64 1.2.0 7.00 93.00 100.00 OK
r-oldrel-windows-ix86+x86_64 1.2.0 8.00 90.00 98.00 OK

Check Details

Version: 1.2.0
Check: package dependencies
Result: NOTE
    Package suggested but not available for checking: ‘RankProd’
Flavors: r-release-osx-x86_64-mavericks, r-release-osx-x86_64-snowleopard

Version: 1.2.0
Check: R code for possible problems
Result: NOTE
    find.diff.expressed: no visible global function definition for ‘RP’
Flavors: r-release-osx-x86_64-mavericks, r-release-osx-x86_64-snowleopard

Version: 1.2.0
Check: Rd cross-references
Result: NOTE
    Package unavailable to check Rd xrefs: ‘RankProd’
Flavors: r-release-osx-x86_64-mavericks, r-release-osx-x86_64-snowleopard