CRAN Package Check Results for Package pheno2geno

Last updated on 2016-09-26 11:51:43.

Flavor Version Tinstall Tcheck Ttotal Status Flags
r-devel-linux-x86_64-debian-clang 1.3.1 1.89 47.51 49.40 NOTE
r-devel-linux-x86_64-debian-gcc 1.3.1 1.87 45.43 47.30 NOTE
r-devel-linux-x86_64-fedora-clang 1.3.1 90.13 NOTE
r-devel-linux-x86_64-fedora-gcc 1.3.1 105.15 NOTE
r-devel-macos-x86_64-clang 1.3.1 69.45 NOTE
r-devel-windows-ix86+x86_64 1.3.1 10.00 104.00 114.00 NOTE
r-patched-linux-x86_64 1.3.1 1.74 46.37 48.12 NOTE
r-patched-solaris-sparc 1.3.1 537.70 NOTE
r-patched-solaris-x86 1.3.1 106.20 NOTE
r-release-linux-x86_64 1.3.1 1.79 47.21 49.00 NOTE
r-release-osx-x86_64-mavericks 1.3.1 NOTE
r-release-windows-ix86+x86_64 1.3.1 15.00 112.00 127.00 NOTE
r-oldrel-windows-ix86+x86_64 1.3.1 11.00 104.00 115.00 OK

Check Details

Version: 1.3.1
Check: R code for possible problems
Result: NOTE
    markersCorPlot: no visible global function definition for ‘rgb’
    plotMarkerDistribution: no visible global function definition for ‘rgb’
    Undefined global functions or variables:
     rgb
    Consider adding
     importFrom("grDevices", "rgb")
    to your NAMESPACE file.
Flavors: r-devel-linux-x86_64-debian-clang, r-devel-linux-x86_64-debian-gcc, r-devel-linux-x86_64-fedora-clang, r-devel-linux-x86_64-fedora-gcc, r-devel-macos-x86_64-clang, r-devel-windows-ix86+x86_64, r-patched-linux-x86_64, r-patched-solaris-sparc, r-patched-solaris-x86, r-release-linux-x86_64, r-release-osx-x86_64-mavericks, r-release-windows-ix86+x86_64