CRAN Package Check Results for Package pheno2geno

Last updated on 2014-08-23 16:46:32.

Flavor Version Tinstall Tcheck Ttotal Status Flags
r-devel-linux-x86_64-debian-clang 1.2.1 2.12 59.45 61.57 NOTE
r-devel-linux-x86_64-debian-gcc 1.2.1 1.95 59.10 61.05 NOTE
r-devel-linux-x86_64-fedora-clang 1.2.1 125.23 NOTE
r-devel-linux-x86_64-fedora-gcc 1.2.1 121.11 NOTE
r-devel-osx-x86_64-clang 1.2.1 100.34 NOTE
r-devel-windows-ix86+x86_64 1.2.1 7.00 85.00 92.00 OK
r-patched-linux-x86_64 1.2.1 1.96 61.72 63.68 OK
r-patched-solaris-sparc 1.2.1 794.50 OK
r-patched-solaris-x86 1.2.1 160.40 OK
r-release-linux-ix86 1.2.1 2.66 80.19 82.85 OK
r-release-linux-x86_64 1.2.1 2.04 62.53 64.57 OK
r-release-osx-x86_64-mavericks 1.2.1 NOTE
r-release-osx-x86_64-snowleopard 1.2.1 NOTE
r-release-windows-ix86+x86_64 1.2.1 8.00 91.00 99.00 OK
r-oldrel-windows-ix86+x86_64 1.2.1 7.00 98.00 105.00 OK

Check Details

Version: 1.2.1
Check: R code for possible problems
Result: NOTE
    find.diff.expressed: no visible global function definition for ‘RP’
Flavors: r-devel-linux-x86_64-debian-clang, r-devel-linux-x86_64-debian-gcc, r-devel-linux-x86_64-fedora-clang, r-devel-linux-x86_64-fedora-gcc, r-devel-osx-x86_64-clang, r-release-osx-x86_64-mavericks, r-release-osx-x86_64-snowleopard

Version: 1.2.1
Check: package dependencies
Result: NOTE
    Package suggested but not available for checking: ‘RankProd’
Flavors: r-release-osx-x86_64-mavericks, r-release-osx-x86_64-snowleopard

Version: 1.2.1
Check: Rd cross-references
Result: NOTE
    Package unavailable to check Rd xrefs: ‘RankProd’
Flavors: r-release-osx-x86_64-mavericks, r-release-osx-x86_64-snowleopard