CRAN Package Check Results for Package pheno2geno

Last updated on 2014-11-28 12:46:54.

Flavor Version Tinstall Tcheck Ttotal Status Flags
r-devel-linux-x86_64-debian-clang 1.2.1 2.14 59.39 61.53 NOTE
r-devel-linux-x86_64-debian-gcc 1.2.1 1.84 58.37 60.20 NOTE
r-devel-linux-x86_64-fedora-clang 1.2.1 126.26 NOTE
r-devel-linux-x86_64-fedora-gcc 1.2.1 124.97 NOTE
r-devel-osx-x86_64-clang 1.2.1 104.97 NOTE
r-devel-windows-ix86+x86_64 1.2.1 6.00 91.00 97.00 NOTE
r-patched-linux-x86_64 1.2.1 2.07 61.48 63.55 NOTE
r-patched-solaris-sparc 1.2.1 813.20 NOTE
r-patched-solaris-x86 1.2.1 159.40 NOTE
r-release-linux-ix86 1.2.1 2.47 75.99 78.46 NOTE
r-release-linux-x86_64 1.2.1 2.20 62.26 64.45 NOTE
r-release-osx-x86_64-mavericks 1.2.1 NOTE
r-release-osx-x86_64-snowleopard 1.2.1 NOTE
r-release-windows-ix86+x86_64 1.2.1 7.00 93.00 100.00 NOTE
r-oldrel-windows-ix86+x86_64 1.2.1 7.00 95.00 102.00 OK

Check Details

Version: 1.2.1
Check: R code for possible problems
Result: NOTE
    find.diff.expressed: no visible global function definition for ‘RP’
Flavors: r-devel-linux-x86_64-debian-clang, r-devel-linux-x86_64-debian-gcc, r-devel-linux-x86_64-fedora-clang, r-devel-linux-x86_64-fedora-gcc, r-devel-osx-x86_64-clang, r-devel-windows-ix86+x86_64, r-patched-linux-x86_64, r-patched-solaris-sparc, r-patched-solaris-x86, r-release-linux-ix86, r-release-linux-x86_64, r-release-osx-x86_64-mavericks, r-release-osx-x86_64-snowleopard, r-release-windows-ix86+x86_64

Version: 1.2.1
Check: package dependencies
Result: NOTE
    Package suggested but not available for checking: ‘RankProd’
Flavors: r-release-osx-x86_64-mavericks, r-release-osx-x86_64-snowleopard

Version: 1.2.1
Check: Rd cross-references
Result: NOTE
    Package unavailable to check Rd xrefs: ‘RankProd’
Flavors: r-release-osx-x86_64-mavericks, r-release-osx-x86_64-snowleopard