CRAN Package Check Results for Package pheno2geno

Last updated on 2015-09-03 09:47:07.

Flavor Version Tinstall Tcheck Ttotal Status Flags
r-devel-linux-x86_64-debian-clang 1.3.1 1.77 43.52 45.29 NOTE
r-devel-linux-x86_64-debian-gcc 1.3.1 1.69 43.14 44.83 NOTE
r-devel-linux-x86_64-fedora-clang 1.3.1 89.68 NOTE
r-devel-linux-x86_64-fedora-gcc 1.3.1 87.03 NOTE
r-devel-osx-x86_64-clang 1.3.1 79.59 OK
r-devel-windows-ix86+x86_64 1.3.1 10.00 100.00 110.00 NOTE
r-patched-linux-x86_64 1.3.1 1.98 49.58 51.56 OK
r-patched-solaris-sparc 1.3.1 569.10 OK
r-patched-solaris-x86 1.3.1 125.40 OK
r-release-linux-x86_64 1.3.1 1.86 46.27 48.13 OK
r-release-osx-x86_64-mavericks 1.3.1 NOTE
r-release-windows-ix86+x86_64 1.3.1 9.00 114.00 123.00 OK
r-oldrel-windows-ix86+x86_64 1.3.1 13.00 93.00 106.00 OK

Check Details

Version: 1.3.1
Check: R code for possible problems
Result: NOTE
    markersCorPlot: no visible global function definition for ‘rgb’
    plotMarkerDistribution: no visible global function definition for ‘rgb’
    Undefined global functions or variables:
     rgb
    Consider adding
     importFrom("grDevices", "rgb")
    to your NAMESPACE.
Flavors: r-devel-linux-x86_64-debian-clang, r-devel-linux-x86_64-debian-gcc, r-devel-linux-x86_64-fedora-clang, r-devel-linux-x86_64-fedora-gcc, r-devel-windows-ix86+x86_64

Version: 1.3.1
Check: package dependencies
Result: NOTE
    Package suggested but not available for checking: ‘RankProd’
Flavor: r-release-osx-x86_64-mavericks

Version: 1.3.1
Check: Rd cross-references
Result: NOTE
    Package unavailable to check Rd xrefs: ‘RankProd’
Flavor: r-release-osx-x86_64-mavericks