CRAN Package Check Results for Package phenocamr

Last updated on 2020-07-08 14:47:24 CEST.

Flavor Version Tinstall Tcheck Ttotal Status Flags
r-devel-linux-x86_64-debian-clang 1.1.4 4.43 152.05 156.48 OK
r-devel-linux-x86_64-debian-gcc 1.1.4 3.20 117.89 121.09 OK
r-devel-linux-x86_64-fedora-clang 1.1.4 190.39 NOTE
r-devel-linux-x86_64-fedora-gcc 1.1.4 184.76 NOTE
r-devel-windows-ix86+x86_64 1.1.4 13.00 179.00 192.00 OK
r-patched-linux-x86_64 1.1.4 3.78 153.76 157.54 OK
r-patched-solaris-x86 1.1.4 255.40 NOTE
r-release-linux-x86_64 1.1.4 3.90 152.56 156.46 OK
r-release-osx-x86_64 1.1.4 NOTE
r-release-windows-ix86+x86_64 1.1.4 10.00 172.00 182.00 OK
r-oldrel-osx-x86_64 1.1.4 NOTE
r-oldrel-windows-ix86+x86_64 1.1.4 19.00 233.00 252.00 OK

Check Details

Version: 1.1.4
Check: dependencies in R code
Result: NOTE
    Namespaces in Imports field not imported from:
     ‘jsonlite’ ‘memoise’
     All declared Imports should be used.
Flavors: r-devel-linux-x86_64-fedora-clang, r-devel-linux-x86_64-fedora-gcc, r-patched-solaris-x86, r-release-osx-x86_64, r-oldrel-osx-x86_64