CRAN Package Check Results for Package phenology

Last updated on 2014-08-01 05:48:29.

Flavor Version Tinstall Tcheck Ttotal Status Flags
r-devel-linux-x86_64-debian-clang 3.69 3.58 54.42 58.00 OK
r-devel-linux-x86_64-debian-gcc 3.69 3.45 57.39 60.84 OK
r-devel-linux-x86_64-fedora-clang 3.69 127.14 OK
r-devel-linux-x86_64-fedora-gcc 3.69 117.22 OK
r-devel-osx-x86_64-clang 3.69 102.49 OK
r-devel-windows-ix86+x86_64 3.69 12.00 82.00 94.00 NOTE
r-patched-linux-x86_64 3.69 4.78 57.64 62.42 OK
r-patched-solaris-sparc 3.69 687.80 OK
r-patched-solaris-x86 3.69 142.10 OK
r-release-linux-ix86 3.69 4.26 65.58 69.84 OK
r-release-linux-x86_64 3.69 3.58 55.10 58.68 OK
r-release-osx-x86_64-mavericks 3.69 NOTE
r-release-osx-x86_64-snowleopard 3.69 OK
r-release-windows-ix86+x86_64 3.69 18.00 117.00 135.00 NOTE
r-oldrel-windows-ix86+x86_64 3.69 18.00 115.00 133.00 NOTE

Check Details

Version: 3.69
Check: package dependencies
Result: NOTE
    Package suggested but not available for checking: 'ncdf4'
Flavors: r-devel-windows-ix86+x86_64, r-release-windows-ix86+x86_64, r-oldrel-windows-ix86+x86_64

Version: 3.69
Check: package dependencies
Result: NOTE
    Packages suggested but not available for checking: ncdf4 ncdf RNetCDF
Flavor: r-release-osx-x86_64-mavericks

Version: 3.69
Check: R code for possible problems
Result: NOTE
    ind_long_lat: no visible global function definition for dim.inq.nc
    ind_long_lat: no visible global function definition for var.get.nc
Flavor: r-release-osx-x86_64-mavericks