CRAN Package Check Results for Package phenology

Last updated on 2015-01-31 08:49:49.

Flavor Version Tinstall Tcheck Ttotal Status Flags
r-devel-linux-x86_64-debian-clang 4.0 3.08 43.34 46.42 NOTE
r-devel-linux-x86_64-debian-gcc 4.0 3.10 41.51 44.61 NOTE
r-devel-linux-x86_64-fedora-clang 4.0 111.95 NOTE
r-devel-linux-x86_64-fedora-gcc 4.0 104.73 NOTE
r-devel-osx-x86_64-clang 4.0 107.31 NOTE
r-devel-windows-ix86+x86_64 4.0 15.00 63.00 78.00 NOTE
r-patched-linux-x86_64 4.0 3.86 57.91 61.77 OK
r-patched-solaris-sparc 4.0 702.20 OK
r-patched-solaris-x86 4.0 147.70 OK
r-release-linux-ix86 4.0 4.34 64.84 69.18 OK
r-release-linux-x86_64 4.0 3.93 56.58 60.51 OK
r-release-osx-x86_64-mavericks 4.0 OK
r-release-osx-x86_64-snowleopard 4.0 OK
r-release-windows-ix86+x86_64 4.0 14.00 86.00 100.00 OK
r-oldrel-windows-ix86+x86_64 4.0 13.00 90.00 103.00 OK

Check Details

Version: 4.0
Check: dependencies in R code
Result: NOTE
    'library' or 'require' calls in package code:
     ‘grDevices’ ‘graphics’
     Please use :: or requireNamespace() instead.
     See section 'Suggested packages' in the 'Writing R Extensions' manual.
Flavors: r-devel-linux-x86_64-debian-clang, r-devel-linux-x86_64-debian-gcc, r-devel-linux-x86_64-fedora-clang, r-devel-linux-x86_64-fedora-gcc, r-devel-osx-x86_64-clang, r-devel-windows-ix86+x86_64