CRAN Package Check Results for Package phenology

Last updated on 2014-04-25 09:52:20.

Flavor Version Tinstall Tcheck Ttotal Status Flags
r-devel-linux-x86_64-debian-clang 3.63 4.54 61.69 66.23 OK
r-devel-linux-x86_64-debian-gcc 3.63 4.25 60.51 64.76 OK
r-devel-linux-x86_64-fedora-clang 3.63 137.31 OK
r-devel-linux-x86_64-fedora-gcc 3.63 133.03 OK
r-devel-osx-x86_64-clang 3.63 114.38 OK
r-devel-osx-x86_64-gcc 3.63 ERROR
r-devel-windows-ix86+x86_64 3.63 12.00 86.00 98.00 NOTE
r-patched-linux-x86_64 3.63 4.17 62.08 66.24 OK
r-patched-solaris-sparc 3.63 683.20 OK
r-patched-solaris-x86 3.63 153.30 OK
r-release-linux-ix86 3.63 7.00 94.00 101.00 OK
r-release-linux-x86_64 3.63 4.14 61.00 65.14 OK
r-release-osx-x86_64-mavericks 3.63 NOTE
r-release-osx-x86_64-snowleopard 3.63 OK
r-release-windows-ix86+x86_64 3.63 11.00 84.00 95.00 NOTE
r-oldrel-windows-ix86+x86_64 3.63 13.00 83.00 96.00 NOTE

Check Details

Version: 3.63
Check: package dependencies
Result: ERROR
    Packages required but not available: ‘fields’ ‘zoo’ ‘XML’
    
    See the information on DESCRIPTION files in the chapter ‘Creating R
    packages’ of the ‘Writing R Extensions’ manual.
Flavor: r-devel-osx-x86_64-gcc

Version: 3.63
Check: package dependencies
Result: NOTE
    Package suggested but not available for checking: 'ncdf4'
Flavors: r-devel-windows-ix86+x86_64, r-release-windows-ix86+x86_64, r-oldrel-windows-ix86+x86_64

Version: 3.63
Check: package dependencies
Result: NOTE
    Packages suggested but not available for checking: ‘ncdf4’ ‘ncdf’
Flavor: r-release-osx-x86_64-mavericks