CRAN Package Check Results for Package phenology

Last updated on 2014-07-24 14:48:46.

Flavor Version Tinstall Tcheck Ttotal Status Flags
r-devel-linux-x86_64-debian-clang 3.69 3.67 54.64 58.31 OK
r-devel-linux-x86_64-debian-gcc 3.69 3.42 53.92 57.34 OK
r-devel-linux-x86_64-fedora-clang 3.69 127.24 OK
r-devel-linux-x86_64-fedora-gcc 3.69 120.23 OK
r-devel-osx-x86_64-clang 3.69 102.51 OK
r-devel-windows-ix86+x86_64 3.69 13.00 82.00 95.00 NOTE
r-patched-linux-x86_64 3.69 3.62 56.34 59.95 OK
r-patched-solaris-sparc 3.69 631.70 OK
r-patched-solaris-x86 3.69 139.20 OK
r-release-linux-ix86 3.69 4.34 65.96 70.30 OK
r-release-linux-x86_64 3.69 3.55 55.09 58.64 OK
r-release-osx-x86_64-mavericks 3.69 NOTE
r-release-osx-x86_64-snowleopard 3.69 OK
r-release-windows-ix86+x86_64 3.69 13.00 81.00 94.00 NOTE
r-oldrel-windows-ix86+x86_64 3.69 13.00 77.00 90.00 NOTE

Check Details

Version: 3.69
Check: package dependencies
Result: NOTE
    Package suggested but not available for checking: 'ncdf4'
Flavors: r-devel-windows-ix86+x86_64, r-release-windows-ix86+x86_64, r-oldrel-windows-ix86+x86_64

Version: 3.69
Check: package dependencies
Result: NOTE
    Packages suggested but not available for checking: ‘ncdf4’ ‘ncdf’ ‘RNetCDF’
Flavor: r-release-osx-x86_64-mavericks

Version: 3.69
Check: R code for possible problems
Result: NOTE
    ind_long_lat: no visible global function definition for ‘dim.inq.nc’
    ind_long_lat: no visible global function definition for ‘var.get.nc’
Flavor: r-release-osx-x86_64-mavericks