CRAN Package Check Results for Package phenology

Last updated on 2015-03-28 00:54:24.

Flavor Version Tinstall Tcheck Ttotal Status Flags
r-prerel-windows-ix86+x86_64 4.0.4 WARN

Check Details

Version: 4.0.4
Check: S3 generic/method consistency
Result: WARN
    as.mcmc:
     function(x, ...)
    as.mcmc.mcmcComposite:
     function(x)
    
    See section 'Generic functions and methods' in the 'Writing R
    Extensions' manual.
Flavor: r-prerel-windows-ix86+x86_64