CRAN Package Check Results for Package phia

Last updated on 2015-07-28 15:48:16.

Flavor Version Tinstall Tcheck Ttotal Status Flags
r-devel-linux-x86_64-debian-clang 0.2-0 3.64 53.12 56.76 NOTE
r-devel-linux-x86_64-debian-gcc 0.2-0 3.62 52.75 56.37 NOTE
r-devel-linux-x86_64-fedora-clang 0.2-0 118.81 NOTE
r-devel-linux-x86_64-fedora-gcc 0.2-0 112.75 NOTE
r-devel-osx-x86_64-clang 0.2-0 90.48 OK
r-devel-windows-ix86+x86_64 0.2-0 9.00 83.00 92.00 NOTE
r-patched-linux-x86_64 0.2-0 3.69 53.32 57.01 OK
r-patched-solaris-sparc 0.2-0 708.40 OK
r-patched-solaris-x86 0.2-0 168.80 OK
r-release-linux-x86_64 0.2-0 4.65 52.63 57.28 OK
r-release-osx-x86_64-mavericks 0.2-0 OK
r-release-windows-ix86+x86_64 0.2-0 14.00 76.00 90.00 OK
r-oldrel-windows-ix86+x86_64 0.2-0 19.00 104.00 123.00 OK

Check Details

Version: 0.2-0
Check: R code for possible problems
Result: NOTE
    anova.testFactors.mlm: no visible global function definition for ‘pf’
    cimse: no visible global function definition for ‘qnorm’
    contrastCoefficients: no visible global function definition for
     ‘languageEl’
    defineLHT: no visible global function definition for ‘terms’
    defineLHT: no visible global function definition for ‘as.formula’
    defineLHT: no visible global function definition for ‘model.matrix’
    getCoef.default: no visible global function definition for ‘coef’
    getFamily.glm: no visible global function definition for ‘family’
    getFamily.mer: no visible global function definition for ‘getCall’
    getFamily.merMod: no visible global function definition for ‘family’
    getModelFrame.default: no visible global function definition for
     ‘model.frame’
    getModelMatrix.default: no visible global function definition for
     ‘model.matrix’
    getModelMatrix.lme: no visible global function definition for
     ‘model.matrix’
    getModelMatrix.lme: no visible global function definition for ‘terms’
    getOffset.default: no visible global function definition for ‘terms’
    getOffset.default: no visible global function definition for ‘getCall’
    getPredictors: no visible global function definition for ‘terms’
    getXLevels.default: no visible global function definition for
     ‘model.frame’
    interactionMeans: no visible global function definition for
     ‘as.formula’
    matploterrorbars: no visible binding for global variable ‘matplot’
    plot.interactionMeans: no visible binding for global variable ‘matplot’
    plot.interactionMeans: no visible global function definition for
     ‘dev.new’
    plot.interactionMeans: no visible global function definition for ‘par’
    plot.interactionMeans: no visible global function definition for
     ‘layout’
    plot.interactionMeans: no visible global function definition for
     ‘matplot’
    plot.interactionMeans: no visible global function definition for ‘box’
    plot.interactionMeans: no visible global function definition for ‘axis’
    plot.interactionMeans: no visible global function definition for
     ‘plot.new’
    plot.interactionMeans: no visible global function definition for ‘text’
    plot.interactionMeans: no visible global function definition for
     ‘mtext’
    pwc: no visible global function definition for ‘combn’
    summary.testFactors: no visible global function definition for ‘anova’
    testFactors.default: no visible global function definition for
     ‘contrasts<-’
    testFactors.default: no visible global function definition for ‘terms’
    testFactors.default: no visible global function definition for
     ‘getCall’
    testFactors.merMod: no visible global function definition for ‘is’
    testFactors.mlm: no visible global function definition for
     ‘contrasts<-’
    testFactors.mlm: no visible global function definition for
     ‘model.frame’
    testFactors.mlm: no visible global function definition for ‘terms’
    testFactorsOnTerm.default: no visible global function definition for
     ‘vcov’
    testFactorsOnTerm.mlm: no visible global function definition for ‘vcov’
    testInteractions: no visible global function definition for
     ‘as.formula’
    testInteractions: no visible global function definition for ‘p.adjust’
    testInteractions: no visible binding for global variable
     ‘p.adjust.methods’
    Undefined global functions or variables:
     anova as.formula axis box coef combn contrasts<- dev.new family
     getCall is languageEl layout matplot model.frame model.matrix mtext
     p.adjust p.adjust.methods par pf plot.new qnorm terms text vcov
    Consider adding
     importFrom("grDevices", "dev.new")
     importFrom("graphics", "axis", "box", "layout", "matplot", "mtext",
     "par", "plot.new", "text")
     importFrom("methods", "is", "languageEl")
     importFrom("stats", "anova", "as.formula", "coef", "contrasts<-",
     "family", "getCall", "model.frame", "model.matrix",
     "p.adjust", "p.adjust.methods", "pf", "qnorm", "terms",
     "vcov")
     importFrom("utils", "combn")
    to your NAMESPACE.
Flavors: r-devel-linux-x86_64-debian-clang, r-devel-linux-x86_64-debian-gcc, r-devel-linux-x86_64-fedora-clang, r-devel-linux-x86_64-fedora-gcc, r-devel-windows-ix86+x86_64