CRAN Package Check Results for Package phia

Last updated on 2015-04-19 02:48:31.

Flavor Version Tinstall Tcheck Ttotal Status Flags
r-devel-linux-x86_64-debian-clang 0.2-0 3.80 53.95 57.76 OK
r-devel-linux-x86_64-debian-gcc 0.2-0 3.82 53.76 57.58 OK
r-devel-linux-x86_64-fedora-clang 0.2-0 121.67 OK
r-devel-linux-x86_64-fedora-gcc 0.2-0 114.90 OK
r-devel-osx-x86_64-clang 0.2-0 102.65 OK
r-patched-linux-x86_64 0.2-0 3.71 52.93 56.64 OK
r-patched-solaris-sparc 0.2-0 701.90 OK
r-patched-solaris-x86 0.2-0 152.10 OK
r-release-linux-x86_64 0.2-0 3.65 53.22 56.86 OK
r-release-osx-x86_64-mavericks 0.2-0 OK
r-release-osx-x86_64-snowleopard 0.2-0 ERROR
r-release-windows-ix86+x86_64 0.2-0 11.00 100.00 111.00 OK
r-oldrel-windows-ix86+x86_64 0.2-0 21.00 135.00 156.00 OK

Check Details

Version: 0.2-0
Check: package dependencies
Result: ERROR
    Package required but not available: ‘car’
    
    See section ‘The DESCRIPTION file’ in the ‘Writing R Extensions’
    manual.
Flavor: r-release-osx-x86_64-snowleopard