CRAN Package Check Results for Package phia

Last updated on 2014-10-26 05:47:22.

Flavor Version Tinstall Tcheck Ttotal Status Flags
r-devel-linux-x86_64-debian-clang 0.1-5 0.84 28.45 29.29 NOTE
r-devel-linux-x86_64-debian-gcc 0.1-5 0.91 27.88 28.79 NOTE
r-devel-linux-x86_64-fedora-clang 0.1-5 61.88 NOTE
r-devel-linux-x86_64-fedora-gcc 0.1-5 58.85 NOTE
r-devel-osx-x86_64-clang 0.1-5 56.91 NOTE
r-devel-windows-ix86+x86_64 0.1-5 4.00 42.00 46.00 NOTE
r-patched-linux-x86_64 0.1-5 0.98 28.42 29.39 NOTE
r-patched-solaris-sparc 0.1-5 360.60 NOTE
r-patched-solaris-x86 0.1-5 78.90 NOTE
r-release-linux-ix86 0.1-5 1.20 39.45 40.65 OK
r-release-linux-x86_64 0.1-5 0.88 30.66 31.54 OK
r-release-osx-x86_64-mavericks 0.1-5 OK
r-release-osx-x86_64-snowleopard 0.1-5 OK
r-release-windows-ix86+x86_64 0.1-5 4.00 48.00 52.00 OK
r-oldrel-windows-ix86+x86_64 0.1-5 3.00 47.00 50.00 OK

Check Details

Version: 0.1-5
Check: R code for possible problems
Result: NOTE
    getCoef.lme: no visible global function definition for ‘fixef’
    getCoef.mer: no visible global function definition for ‘fixef’
    getCoef.merMod: no visible global function definition for ‘fixef’
    getOffset.merMod: no visible global function definition for ‘getME’
Flavors: r-devel-linux-x86_64-debian-clang, r-devel-linux-x86_64-debian-gcc, r-devel-linux-x86_64-fedora-clang, r-devel-linux-x86_64-fedora-gcc, r-devel-osx-x86_64-clang, r-devel-windows-ix86+x86_64, r-patched-linux-x86_64, r-patched-solaris-sparc, r-patched-solaris-x86