CRAN Package Check Results for Package phia

Last updated on 2014-09-16 14:47:37.

Flavor Version Tinstall Tcheck Ttotal Status Flags
r-devel-linux-x86_64-debian-clang 0.1-5 0.89 27.23 28.12 NOTE
r-devel-linux-x86_64-debian-gcc 0.1-5 0.78 28.78 29.56 NOTE
r-devel-linux-x86_64-fedora-clang 0.1-5 61.21 NOTE
r-devel-linux-x86_64-fedora-gcc 0.1-5 57.57 NOTE
r-devel-osx-x86_64-clang 0.1-5 54.01 NOTE
r-devel-windows-ix86+x86_64 0.1-5 3.00 39.00 42.00 NOTE
r-patched-linux-x86_64 0.1-5 0.84 28.79 29.63 OK
r-patched-solaris-sparc 0.1-5 372.30 OK
r-patched-solaris-x86 0.1-5 81.30 OK
r-release-linux-ix86 0.1-5 1.22 39.31 40.53 OK
r-release-linux-x86_64 0.1-5 0.86 30.54 31.40 OK
r-release-osx-x86_64-mavericks 0.1-5 OK
r-release-osx-x86_64-snowleopard 0.1-5 OK
r-release-windows-ix86+x86_64 0.1-5 3.00 46.00 49.00 OK
r-oldrel-windows-ix86+x86_64 0.1-5 3.00 48.00 51.00 OK

Check Details

Version: 0.1-5
Check: R code for possible problems
Result: NOTE
    getCoef.lme: no visible global function definition for ‘fixef’
    getCoef.mer: no visible global function definition for ‘fixef’
    getCoef.merMod: no visible global function definition for ‘fixef’
    getOffset.merMod: no visible global function definition for ‘getME’
Flavors: r-devel-linux-x86_64-debian-clang, r-devel-linux-x86_64-debian-gcc, r-devel-linux-x86_64-fedora-clang, r-devel-linux-x86_64-fedora-gcc, r-devel-osx-x86_64-clang, r-devel-windows-ix86+x86_64