CRAN Package Check Results for Package phia

Last updated on 2015-01-26 10:47:14.

Flavor Version Tinstall Tcheck Ttotal Status Flags
r-devel-linux-x86_64-debian-clang 0.1-5 0.77 26.08 26.85 NOTE
r-devel-linux-x86_64-debian-gcc 0.1-5 0.74 26.54 27.28 NOTE
r-devel-linux-x86_64-fedora-clang 0.1-5 63.33 NOTE
r-devel-linux-x86_64-fedora-gcc 0.1-5 59.51 NOTE
r-devel-osx-x86_64-clang 0.1-5 59.07 NOTE
r-devel-windows-ix86+x86_64 0.1-5 5.00 40.00 45.00 NOTE
r-patched-linux-x86_64 0.1-5 0.88 28.46 29.34 NOTE
r-patched-solaris-sparc 0.1-5 355.40 NOTE
r-patched-solaris-x86 0.1-5 79.00 NOTE
r-release-linux-ix86 0.1-5 1.20 35.82 37.02 NOTE
r-release-linux-x86_64 0.1-5 0.87 29.64 30.51 NOTE
r-release-osx-x86_64-mavericks 0.1-5 NOTE
r-release-osx-x86_64-snowleopard 0.1-5 OK
r-release-windows-ix86+x86_64 0.1-5 4.00 48.00 52.00 NOTE
r-oldrel-windows-ix86+x86_64 0.1-5 6.00 46.00 52.00 OK

Check Details

Version: 0.1-5
Check: R code for possible problems
Result: NOTE
    getCoef.lme: no visible global function definition for ‘fixef’
    getCoef.mer: no visible global function definition for ‘fixef’
    getCoef.merMod: no visible global function definition for ‘fixef’
    getOffset.merMod: no visible global function definition for ‘getME’
Flavors: r-devel-linux-x86_64-debian-clang, r-devel-linux-x86_64-debian-gcc, r-devel-linux-x86_64-fedora-clang, r-devel-linux-x86_64-fedora-gcc, r-devel-osx-x86_64-clang, r-devel-windows-ix86+x86_64, r-patched-linux-x86_64, r-patched-solaris-sparc, r-patched-solaris-x86, r-release-linux-ix86, r-release-linux-x86_64, r-release-osx-x86_64-mavericks, r-release-windows-ix86+x86_64