CRAN Package Check Results for Package phia

Last updated on 2014-04-17 06:46:55.

Flavor Version Tinstall Tcheck Ttotal Status Flags
r-devel-linux-x86_64-debian-clang 0.1-5 0.88 29.20 30.08 OK
r-devel-linux-x86_64-debian-gcc 0.1-5 0.96 30.13 31.09 OK
r-devel-linux-x86_64-fedora-clang 0.1-5 70.23 OK
r-devel-linux-x86_64-fedora-gcc 0.1-5 66.76 OK
r-devel-macosx-x86_64-clang 0.1-5 61.12 OK
r-devel-macosx-x86_64-gcc 0.1-5 ERROR
r-devel-windows-ix86+x86_64 0.1-5 3.00 44.00 47.00 OK
r-patched-linux-x86_64 0.1-5 0.90 29.48 30.38 OK
r-patched-solaris-sparc 0.1-5 387.90 OK
r-patched-solaris-x86 0.1-5 85.50 OK
r-release-linux-ix86 0.1-5 2.00 53.00 55.00 OK
r-release-linux-x86_64 0.1-5 0.93 29.79 30.72 OK
r-release-macosx-x86_64 0.1-5 OK
r-release-windows-ix86+x86_64 0.1-5 3.00 47.00 50.00 OK
r-oldrel-windows-ix86+x86_64 0.1-5 3.00 43.00 46.00 OK

Check Details

Version: 0.1-5
Check: package dependencies
Result: ERROR
    Package required but not available: ‘car’
    
    See the information on DESCRIPTION files in the chapter ‘Creating R
    packages’ of the ‘Writing R Extensions’ manual.
Flavor: r-devel-macosx-x86_64-gcc