CRAN Package Check Results for Package phia

Last updated on 2015-05-23 06:46:52.

Flavor Version Tinstall Tcheck Ttotal Status Flags
r-devel-linux-x86_64-debian-clang 0.2-0 3.92 53.82 57.74 OK
r-devel-linux-x86_64-debian-gcc 0.2-0 4.64 52.12 56.76 OK
r-devel-linux-x86_64-fedora-clang 0.2-0 120.99 OK
r-devel-linux-x86_64-fedora-gcc 0.2-0 113.45 OK
r-devel-osx-x86_64-clang 0.2-0 102.55 OK
r-devel-windows-ix86+x86_64 0.2-0 9.00 81.00 90.00 OK
r-patched-linux-x86_64 0.2-0 3.62 52.68 56.30 OK
r-patched-solaris-sparc 0.2-0 698.20 OK
r-patched-solaris-x86 0.2-0 168.10 OK
r-release-linux-x86_64 0.2-0 3.68 53.22 56.90 OK
r-release-osx-x86_64-mavericks 0.2-0 OK
r-release-osx-x86_64-snowleopard 0.2-0 ERROR
r-release-windows-ix86+x86_64 0.2-0 10.00 75.00 85.00 OK
r-oldrel-windows-ix86+x86_64 0.2-0 16.00 97.00 113.00 OK

Check Details

Version: 0.2-0
Check: package dependencies
Result: ERROR
    Package required but not available: ‘car’
    
    See section ‘The DESCRIPTION file’ in the ‘Writing R Extensions’
    manual.
Flavor: r-release-osx-x86_64-snowleopard