CRAN Package Check Results for Package phia

Last updated on 2014-11-24 19:50:29.

Flavor Version Tinstall Tcheck Ttotal Status Flags
r-devel-linux-x86_64-debian-clang 0.1-5 0.97 27.80 28.77 NOTE
r-devel-linux-x86_64-debian-gcc 0.1-5 0.84 27.14 27.98 NOTE
r-devel-linux-x86_64-fedora-clang 0.1-5 60.34 NOTE
r-devel-linux-x86_64-fedora-gcc 0.1-5 57.18 NOTE
r-devel-osx-x86_64-clang 0.1-5 57.65 NOTE
r-devel-windows-ix86+x86_64 0.1-5 4.00 39.00 43.00 NOTE
r-patched-linux-x86_64 0.1-5 0.94 28.39 29.32 NOTE
r-patched-solaris-sparc 0.1-5 360.60 NOTE
r-patched-solaris-x86 0.1-5 78.40 NOTE
r-release-linux-ix86 0.1-5 1.21 35.73 36.94 NOTE
r-release-linux-x86_64 0.1-5 0.88 28.56 29.44 NOTE
r-release-osx-x86_64-mavericks 0.1-5 OK
r-release-osx-x86_64-snowleopard 0.1-5 OK
r-release-windows-ix86+x86_64 0.1-5 3.00 44.00 47.00 NOTE
r-oldrel-windows-ix86+x86_64 0.1-5 4.00 44.00 48.00 OK

Check Details

Version: 0.1-5
Check: R code for possible problems
Result: NOTE
    getCoef.lme: no visible global function definition for ‘fixef’
    getCoef.mer: no visible global function definition for ‘fixef’
    getCoef.merMod: no visible global function definition for ‘fixef’
    getOffset.merMod: no visible global function definition for ‘getME’
Flavors: r-devel-linux-x86_64-debian-clang, r-devel-linux-x86_64-debian-gcc, r-devel-linux-x86_64-fedora-clang, r-devel-linux-x86_64-fedora-gcc, r-devel-osx-x86_64-clang, r-devel-windows-ix86+x86_64, r-patched-linux-x86_64, r-patched-solaris-sparc, r-patched-solaris-x86, r-release-linux-ix86, r-release-linux-x86_64, r-release-windows-ix86+x86_64