Last updated on 2022-08-18 15:52:24 CEST.
Flavor | Version | Tinstall | Tcheck | Ttotal | Status | Flags |
---|---|---|---|---|---|---|
r-devel-linux-x86_64-debian-clang | 0.6.0 | 27.28 | 61.58 | 88.86 | WARN | |
r-devel-linux-x86_64-debian-gcc | 0.6.0 | 23.47 | 45.92 | 69.39 | NOTE | |
r-devel-linux-x86_64-fedora-clang | 0.6.0 | 129.92 | WARN | |||
r-devel-linux-x86_64-fedora-gcc | 0.6.0 | 129.78 | NOTE | |||
r-devel-windows-x86_64 | 0.6.0 | 77.00 | 133.00 | 210.00 | NOTE | |
r-patched-linux-x86_64 | 0.6.0 | 25.26 | 56.96 | 82.22 | OK | |
r-release-linux-x86_64 | 0.6.0 | OK | ||||
r-release-macos-arm64 | 0.6.0 | 36.00 | OK | |||
r-release-macos-x86_64 | 0.6.0 | 51.00 | OK | |||
r-release-windows-x86_64 | 0.6.0 | 83.00 | 125.00 | 208.00 | OK | |
r-oldrel-macos-arm64 | 0.6.0 | 36.00 | OK | |||
r-oldrel-macos-x86_64 | 0.6.0 | 50.00 | OK | |||
r-oldrel-windows-ix86+x86_64 | 0.6.0 | 70.00 | 123.00 | 193.00 | OK |
Version: 0.6.0
Check: whether package can be installed
Result: WARN
Found the following significant warnings:
../src/correlation.h:49:28: warning: use of bitwise '|' with boolean operands [-Wbitwise-instead-of-logical]
../src/correlation.h:94:27: warning: use of bitwise '|' with boolean operands [-Wbitwise-instead-of-logical]
../src/correlation.h:137:28: warning: use of bitwise '|' with boolean operands [-Wbitwise-instead-of-logical]
Flavors: r-devel-linux-x86_64-debian-clang, r-devel-linux-x86_64-fedora-clang
Version: 0.6.0
Check: HTML version of manual
Result: NOTE
Found the following HTML validation problems:
estimate.probability.html:33:1: Warning: trimming empty <li>
estimate.probability.html:35:1: Warning: trimming empty <li>
Flavors: r-devel-linux-x86_64-debian-clang, r-devel-linux-x86_64-debian-gcc, r-devel-linux-x86_64-fedora-clang, r-devel-linux-x86_64-fedora-gcc
Version: 0.6.0
Check: HTML version of manual
Result: NOTE
Found the following HTML validation problems:
estimate.probability.html:33:1: Warning: trimming empty <li>
estimate.probability.html:35:1: Warning: trimming empty <li>
Flavor: r-devel-windows-x86_64