CRAN Package Check Results for Package phmm

Last updated on 2014-07-24 15:52:24.

Flavor Version Tinstall Tcheck Ttotal Status Flags
r-devel-linux-x86_64-debian-clang 0.7-5 4.87 97.76 102.62 OK
r-devel-linux-x86_64-debian-gcc 0.7-5 5.53 99.26 104.79 OK
r-devel-linux-x86_64-fedora-clang 0.7-5 225.64 OK
r-devel-linux-x86_64-fedora-gcc 0.7-5 228.67 OK
r-devel-osx-x86_64-clang 0.7-5 161.94 OK
r-devel-windows-ix86+x86_64 0.7-5 22.00 192.00 214.00 OK
r-patched-linux-x86_64 0.7-5 5.58 110.87 116.44 OK
r-patched-solaris-sparc 0.7-5 1632.30 OK
r-patched-solaris-x86 0.7-5 308.40 OK
r-release-linux-ix86 0.7-5 6.80 147.92 154.72 OK
r-release-linux-x86_64 0.7-5 5.66 106.36 112.02 OK
r-release-osx-x86_64-mavericks 0.7-5 NOTE
r-release-osx-x86_64-snowleopard 0.7-5 NOTE
r-release-windows-ix86+x86_64 0.7-5 21.00 198.00 219.00 OK
r-oldrel-windows-ix86+x86_64 0.7-5 22.00 195.00 217.00 OK

Check Details

Version: 0.7-5
Check: re-building of vignette outputs
Result: NOTE
    Error in re-building vignettes:
     ...
    Loading required package: survival
    Loading required package: splines
    Loading required package: lattice
    Loading required package: Matrix
    Loading required package: Rcpp
    Warning in lmer(m ~ -1 + t + z1 + z2 + (z1 + z2 | cluster) + offset(log(N)), :
     calling lmer with 'family' is deprecated; please use glmer() instead
    Warning in (function (fn, par, lower = rep.int(-Inf, n), upper = rep.int(Inf, :
     failure to converge in 10000 evaluations
    Warning in checkConv(attr(opt, "derivs"), opt$par, ctrl = control$checkConv, :
     Model failed to converge with max|grad| = 0.0168915 (tol = 0.001)
    Error in texi2dvi(file = file, pdf = TRUE, clean = clean, quiet = quiet, :
     Running 'texi2dvi' on 'phmm_poisson_df.tex' failed.
    LaTeX errors:
    ! LaTeX Error: File `utf8x.def' not found.
    
    Type X to quit or <RETURN> to proceed,
    or enter new name. (Default extension: def)
    Calls: buildVignettes -> texi2pdf -> texi2dvi
    Execution halted
Flavor: r-release-osx-x86_64-mavericks

Version: 0.7-5
Check: re-building of vignette outputs
Result: NOTE
    Error in re-building vignettes:
     ...
    Loading required package: survival
    Loading required package: splines
    Loading required package: lattice
    Loading required package: Matrix
    Warning in lmer(m ~ -1 + t + z1 + z2 + (z1 + z2 | cluster) + offset(log(N)), :
     calling lmer with 'family' is deprecated; please use glmer() instead
    Warning in (function (fn, par, lower = rep.int(-Inf, n), upper = rep.int(Inf, :
     failure to converge in 10000 evaluations
    Error in texi2dvi(file = file, pdf = TRUE, clean = clean, quiet = quiet, :
     Running 'texi2dvi' on 'phmm_poisson_df.tex' failed.
    LaTeX errors:
    ! LaTeX Error: File `utf8x.def' not found.
    
    Type X to quit or <RETURN> to proceed,
    or enter new name. (Default extension: def)
    Calls: buildVignettes -> texi2pdf -> texi2dvi
    Execution halted
Flavor: r-release-osx-x86_64-snowleopard