CRAN Package Check Results for Package phmm

Last updated on 2015-09-02 03:48:36.

Flavor Version Tinstall Tcheck Ttotal Status Flags
r-devel-linux-x86_64-debian-clang 0.7-5 4.20 81.52 85.72 NOTE
r-devel-linux-x86_64-debian-gcc 0.7-5 4.65 85.76 90.41 NOTE
r-devel-linux-x86_64-fedora-clang 0.7-5 178.22 NOTE
r-devel-linux-x86_64-fedora-gcc 0.7-5 182.07 NOTE
r-devel-osx-x86_64-clang 0.7-5 131.58 NOTE
r-devel-windows-ix86+x86_64 0.7-5 35.00 204.00 239.00 NOTE
r-patched-linux-x86_64 0.7-5 4.95 88.99 93.94 NOTE
r-patched-solaris-sparc 0.7-5 1727.70 NOTE
r-patched-solaris-x86 0.7-5 266.40 NOTE
r-release-linux-x86_64 0.7-5 4.91 88.47 93.38 NOTE
r-release-osx-x86_64-mavericks 0.7-5 NOTE
r-release-windows-ix86+x86_64 0.7-5 28.00 191.00 219.00 NOTE
r-oldrel-windows-ix86+x86_64 0.7-5 29.00 276.00 305.00 NOTE

Memtest notes: valgrind valgrind

Check Details

Version: 0.7-5
Check: R code for possible problems
Result: NOTE
    phmm: no visible binding for global variable ‘na.fail’
    phmm: no visible global function definition for ‘model.extract’
    phmm: no visible global function definition for ‘terms’
    phmm: no visible global function definition for ‘model.matrix’
    phmm: no visible global function definition for ‘as.formula’
    plot.phmm: no visible global function definition for ‘formula’
    print.phmm: no visible global function definition for ‘coef’
    print.summary.phmm: no visible global function definition for ‘coef’
    Undefined global functions or variables:
     as.formula coef formula model.extract model.matrix na.fail terms
    Consider adding
     importFrom("stats", "as.formula", "coef", "formula", "model.extract",
     "model.matrix", "na.fail", "terms")
    to your NAMESPACE.
Flavors: r-devel-linux-x86_64-debian-clang, r-devel-linux-x86_64-debian-gcc, r-devel-linux-x86_64-fedora-clang, r-devel-linux-x86_64-fedora-gcc, r-devel-windows-ix86+x86_64

Version: 0.7-5
Check: compiled code
Result: NOTE
    File ‘phmm/libs/phmm.so’:
     Found ‘rand’, possibly from ‘rand’ (C)
     Object: ‘arms.o’
    
    Compiled code should not call entry points which might terminate R nor
    write to stdout/stderr instead of to the console, nor the system RNG.
    
    See ‘Writing portable packages’ in the ‘Writing R Extensions’ manual.
Flavors: r-devel-linux-x86_64-debian-clang, r-devel-linux-x86_64-debian-gcc, r-devel-linux-x86_64-fedora-clang, r-devel-linux-x86_64-fedora-gcc, r-patched-linux-x86_64, r-patched-solaris-sparc, r-patched-solaris-x86, r-release-linux-x86_64

Version: 0.7-5
Check: compiled code
Result: NOTE
    File ‘phmm/libs/phmm.so’:
     Found ‘_rand’, possibly from ‘rand’ (C)
     Object: ‘arms.o’
    
    Compiled code should not call entry points which might terminate R nor
    write to stdout/stderr instead of to the console, nor the system RNG.
    
    See ‘Writing portable packages’ in the ‘Writing R Extensions’ manual.
Flavors: r-devel-osx-x86_64-clang, r-release-osx-x86_64-mavericks

Version: 0.7-5
Check: compiled code
Result: NOTE
    File 'phmm/libs/i386/phmm.dll':
     Found 'rand', possibly from 'rand' (C)
     Object: 'arms.o'
    File 'phmm/libs/x64/phmm.dll':
     Found 'rand', possibly from 'rand' (C)
     Object: 'arms.o'
    
    Compiled code should not call entry points which might terminate R nor
    write to stdout/stderr instead of to the console, nor the system RNG.
    
    See 'Writing portable packages' in the 'Writing R Extensions' manual.
Flavors: r-devel-windows-ix86+x86_64, r-release-windows-ix86+x86_64, r-oldrel-windows-ix86+x86_64