CRAN Package Check Results for Package phmm

Last updated on 2018-06-22 00:46:41 CEST.

Flavor Version Tinstall Tcheck Ttotal Status Flags
r-release-osx-x86_64 0.7-10 WARN
r-oldrel-osx-x86_64 0.7-10 OK

Additional issues

valgrind

Check Details

Version: 0.7-10
Check: examples
Result: WARN
    Found the following significant warnings:
    
     Warning: 'cBind' is deprecated.
     Warning: 'rBind' is deprecated.
    Deprecated functions may be defunct as soon as of the next release of
    R.
    See ?Deprecated.
Flavor: r-release-osx-x86_64