CRAN Package Check Results for Package phmm

Last updated on 2014-08-22 03:48:04.

Flavor Version Tinstall Tcheck Ttotal Status Flags
r-devel-linux-x86_64-debian-clang 0.7-5 4.82 93.08 97.89 OK
r-devel-linux-x86_64-debian-gcc 0.7-5 5.41 97.64 103.05 OK
r-devel-linux-x86_64-fedora-clang 0.7-5 214.90 OK
r-devel-linux-x86_64-fedora-gcc 0.7-5 220.69 OK
r-devel-osx-x86_64-clang 0.7-5 154.11 OK
r-devel-windows-ix86+x86_64 0.7-5 22.00 181.00 203.00 OK
r-patched-linux-x86_64 0.7-5 5.58 105.20 110.79 OK
r-patched-solaris-sparc 0.7-5 1958.30 OK
r-patched-solaris-x86 0.7-5 306.70 OK
r-release-linux-ix86 0.7-5 6.78 147.48 154.26 OK
r-release-linux-x86_64 0.7-5 5.66 105.79 111.45 OK
r-release-osx-x86_64-mavericks 0.7-5 NOTE
r-release-osx-x86_64-snowleopard 0.7-5 NOTE
r-release-windows-ix86+x86_64 0.7-5 23.00 201.00 224.00 OK
r-oldrel-windows-ix86+x86_64 0.7-5 23.00 203.00 226.00 OK

Check Details

Version: 0.7-5
Check: re-building of vignette outputs
Result: NOTE
    Error in re-building vignettes:
     ...
    Loading required package: survival
    Loading required package: splines
    Loading required package: lattice
    Loading required package: Matrix
    Loading required package: Rcpp
    Warning in lmer(m ~ -1 + t + z1 + z2 + (z1 + z2 | cluster) + offset(log(N)), :
     calling lmer with 'family' is deprecated; please use glmer() instead
    Warning in (function (fn, par, lower = rep.int(-Inf, n), upper = rep.int(Inf, :
     failure to converge in 10000 evaluations
    Warning in checkConv(attr(opt, "derivs"), opt$par, ctrl = control$checkConv, :
     Model failed to converge with max|grad| = 0.0168915 (tol = 0.001)
    Error in texi2dvi(file = file, pdf = TRUE, clean = clean, quiet = quiet, :
     Running 'texi2dvi' on 'phmm_poisson_df.tex' failed.
    LaTeX errors:
    ! LaTeX Error: File `utf8x.def' not found.
    
    Type X to quit or <RETURN> to proceed,
    or enter new name. (Default extension: def)
    Calls: buildVignettes -> texi2pdf -> texi2dvi
    Execution halted
Flavor: r-release-osx-x86_64-mavericks

Version: 0.7-5
Check: re-building of vignette outputs
Result: NOTE
    Error in re-building vignettes:
     ...
    Loading required package: survival
    Loading required package: splines
    Loading required package: lattice
    Loading required package: Matrix
    Warning in lmer(m ~ -1 + t + z1 + z2 + (z1 + z2 | cluster) + offset(log(N)), :
     calling lmer with 'family' is deprecated; please use glmer() instead
    Warning in (function (fn, par, lower = rep.int(-Inf, n), upper = rep.int(Inf, :
     failure to converge in 10000 evaluations
    Error in texi2dvi(file = file, pdf = TRUE, clean = clean, quiet = quiet, :
     Running 'texi2dvi' on 'phmm_poisson_df.tex' failed.
    LaTeX errors:
    ! LaTeX Error: File `utf8x.def' not found.
    
    Type X to quit or <RETURN> to proceed,
    or enter new name. (Default extension: def)
    Calls: buildVignettes -> texi2pdf -> texi2dvi
    Execution halted
Flavor: r-release-osx-x86_64-snowleopard