CRAN Package Check Results for Package phmm

Last updated on 2016-09-28 05:48:25.

Flavor Version Tinstall Tcheck Ttotal Status Flags
r-devel-linux-x86_64-debian-clang 0.7-5 5.11 73.45 78.56 NOTE
r-devel-linux-x86_64-debian-gcc 0.7-5 4.70 75.03 79.74 NOTE
r-devel-linux-x86_64-fedora-clang 0.7-5 155.87 NOTE
r-devel-linux-x86_64-fedora-gcc 0.7-5 152.21 NOTE
r-devel-macos-x86_64-clang 0.7-5 100.95 NOTE
r-devel-windows-ix86+x86_64 0.7-5 22.00 187.00 209.00 NOTE
r-patched-linux-x86_64 0.7-5 4.34 76.04 80.38 NOTE
r-patched-solaris-sparc 0.7-5 1234.90 NOTE
r-patched-solaris-x86 0.7-5 185.70 NOTE
r-release-linux-x86_64 0.7-5 4.54 77.03 81.56 NOTE
r-release-osx-x86_64-mavericks 0.7-5 NOTE
r-release-windows-ix86+x86_64 0.7-5 24.00 141.00 165.00 NOTE
r-oldrel-windows-ix86+x86_64 0.7-5 29.00 239.00 268.00 NOTE

Memtest notes: clang-ASAN valgrind valgrind

Check Details

Version: 0.7-5
Check: R code for possible problems
Result: NOTE
    phmm: no visible binding for global variable ‘na.fail’
    phmm: no visible global function definition for ‘model.extract’
    phmm: no visible global function definition for ‘terms’
    phmm: no visible global function definition for ‘model.matrix’
    phmm: no visible global function definition for ‘as.formula’
    plot.phmm: no visible global function definition for ‘formula’
    print.phmm: no visible global function definition for ‘coef’
    print.summary.phmm: no visible global function definition for ‘coef’
    Undefined global functions or variables:
     as.formula coef formula model.extract model.matrix na.fail terms
    Consider adding
     importFrom("stats", "as.formula", "coef", "formula", "model.extract",
     "model.matrix", "na.fail", "terms")
    to your NAMESPACE file.
Flavors: r-devel-linux-x86_64-debian-clang, r-devel-linux-x86_64-debian-gcc, r-devel-linux-x86_64-fedora-clang, r-devel-linux-x86_64-fedora-gcc, r-devel-macos-x86_64-clang, r-devel-windows-ix86+x86_64, r-patched-linux-x86_64, r-patched-solaris-sparc, r-patched-solaris-x86, r-release-linux-x86_64, r-release-osx-x86_64-mavericks, r-release-windows-ix86+x86_64

Version: 0.7-5
Check: compiled code
Result: NOTE
    File ‘phmm/libs/phmm.so’:
     Found ‘rand’, possibly from ‘rand’ (C)
     Object: ‘arms.o’
    
    Compiled code should not call entry points which might terminate R nor
    write to stdout/stderr instead of to the console, nor the system RNG.
    
    See ‘Writing portable packages’ in the ‘Writing R Extensions’ manual.
Flavors: r-devel-linux-x86_64-debian-clang, r-devel-linux-x86_64-debian-gcc, r-devel-linux-x86_64-fedora-clang, r-devel-linux-x86_64-fedora-gcc, r-patched-linux-x86_64, r-patched-solaris-sparc, r-patched-solaris-x86, r-release-linux-x86_64

Version: 0.7-5
Check: compiled code
Result: NOTE
    File ‘phmm/libs/phmm.so’:
     Found ‘_rand’, possibly from ‘rand’ (C)
     Object: ‘arms.o’
    
    Compiled code should not call entry points which might terminate R nor
    write to stdout/stderr instead of to the console, nor the system RNG.
    
    See ‘Writing portable packages’ in the ‘Writing R Extensions’ manual.
Flavors: r-devel-macos-x86_64-clang, r-release-osx-x86_64-mavericks

Version: 0.7-5
Check: compiled code
Result: NOTE
    File 'phmm/libs/i386/phmm.dll':
     Found 'rand', possibly from 'rand' (C)
     Object: 'arms.o'
    File 'phmm/libs/x64/phmm.dll':
     Found 'rand', possibly from 'rand' (C)
     Object: 'arms.o'
    
    Compiled code should not call entry points which might terminate R nor
    write to stdout/stderr instead of to the console, nor the system RNG.
    
    See 'Writing portable packages' in the 'Writing R Extensions' manual.
Flavor: r-oldrel-windows-ix86+x86_64