CRAN Package Check Results for Package phmm

Last updated on 2018-04-26 01:47:07 CEST.

Flavor Version Tinstall Tcheck Ttotal Status Flags
r-devel-linux-x86_64-debian-clang 0.7-10 7.89 68.00 75.89 WARN
r-devel-linux-x86_64-debian-gcc 0.7-10 6.57 64.58 71.15 WARN
r-devel-linux-x86_64-fedora-clang 0.7-10 107.80 WARN
r-devel-linux-x86_64-fedora-gcc 0.7-10 106.72 WARN
r-devel-windows-ix86+x86_64 0.7-10 29.00 112.00 141.00 WARN
r-patched-linux-x86_64 0.7-10 8.35 79.67 88.02 WARN
r-patched-solaris-x86 0.7-10 179.80 WARN
r-release-linux-x86_64 0.7-10 9.17 79.75 88.92 WARN
r-release-windows-ix86+x86_64 0.7-10 29.00 112.00 141.00 WARN
r-release-osx-x86_64 0.7-10 WARN
r-oldrel-windows-ix86+x86_64 0.7-10 20.00 119.00 139.00 WARN
r-oldrel-osx-x86_64 0.7-10 OK

Additional issues

valgrind

Check Details

Version: 0.7-10
Check: examples
Result: WARN
    Found the following significant warnings:
    
     Warning: 'cBind' is deprecated.
     Warning: 'rBind' is deprecated.
    Deprecated functions may be defunct as soon as of the next release of
    R.
    See ?Deprecated.
Flavors: r-devel-linux-x86_64-debian-clang, r-devel-linux-x86_64-fedora-clang, r-devel-linux-x86_64-fedora-gcc, r-patched-solaris-x86, r-release-osx-x86_64

Version: 0.7-10
Check: examples
Result: WARN
    Found the following significant warnings:
    
     Warning: 'cBind' is deprecated.
     Warning: 'rBind' is deprecated.
    Deprecated functions may be defunct as soon as of the next release of
    R.
    See ?Deprecated.
    Examples with CPU or elapsed time > 5s
     user system elapsed
    AIC.phmm 4.472 0.024 6.295
    phmm 3.907 0.004 6.555
    phmm-package 3.819 0.018 6.405
Flavor: r-devel-linux-x86_64-debian-gcc

Version: 0.7-10
Check: running examples for arch ‘i386’
Result: WARN
    Found the following significant warnings:
    
     Warning: 'cBind' is deprecated.
     Warning: 'rBind' is deprecated.
    Deprecated functions may be defunct as soon as of the next release of
    R.
    See ?Deprecated.
Flavors: r-devel-windows-ix86+x86_64, r-release-windows-ix86+x86_64, r-oldrel-windows-ix86+x86_64

Version: 0.7-10
Check: running examples for arch ‘x64’
Result: WARN
    Found the following significant warnings:
    
     Warning: 'cBind' is deprecated.
     Warning: 'rBind' is deprecated.
    Deprecated functions may be defunct as soon as of the next release of
    R.
    See ?Deprecated.
Flavors: r-devel-windows-ix86+x86_64, r-release-windows-ix86+x86_64, r-oldrel-windows-ix86+x86_64

Version: 0.7-10
Check: examples
Result: WARN
    Found the following significant warnings:
    
     Warning: 'cBind' is deprecated.
     Warning: 'rBind' is deprecated.
    Deprecated functions may be defunct as soon as of the next release of
    R.
    See ?Deprecated.
    Examples with CPU or elapsed time > 5s
     user system elapsed
    AIC.phmm 5.860 0.055 7.036
    phmm 5.117 0.008 6.218
    phmm-package 4.975 0.017 7.219
Flavor: r-patched-linux-x86_64

Version: 0.7-10
Check: examples
Result: WARN
    Found the following significant warnings:
    
     Warning: 'cBind' is deprecated.
     Warning: 'rBind' is deprecated.
    Deprecated functions may be defunct as soon as of the next release of
    R.
    See ?Deprecated.
    Examples with CPU or elapsed time > 5s
     user system elapsed
    AIC.phmm 5.797 0.020 8.733
    phmm 4.914 0.004 6.051
    phmm-package 4.872 0.015 6.449
Flavor: r-release-linux-x86_64