CRAN Package Check Results for Package phmm

Last updated on 2015-05-24 22:47:09.

Flavor Version Tinstall Tcheck Ttotal Status Flags
r-devel-linux-x86_64-debian-clang 0.7-5 4.43 87.34 91.77 NOTE
r-devel-linux-x86_64-debian-gcc 0.7-5 4.70 87.54 92.24 NOTE
r-devel-linux-x86_64-fedora-clang 0.7-5 185.82 NOTE
r-devel-linux-x86_64-fedora-gcc 0.7-5 188.75 NOTE
r-devel-osx-x86_64-clang 0.7-5 136.28 NOTE
r-devel-windows-ix86+x86_64 0.7-5 23.00 174.00 197.00 NOTE
r-patched-linux-x86_64 0.7-5 4.84 87.84 92.68 NOTE
r-patched-solaris-sparc 0.7-5 1701.20 NOTE
r-patched-solaris-x86 0.7-5 258.50 NOTE
r-release-linux-x86_64 0.7-5 4.94 88.39 93.33 NOTE
r-release-osx-x86_64-mavericks 0.7-5 NOTE
r-release-osx-x86_64-snowleopard 0.7-5 NOTE
r-release-windows-ix86+x86_64 0.7-5 25.00 176.00 201.00 NOTE
r-oldrel-windows-ix86+x86_64 0.7-5 22.00 194.00 216.00 NOTE

Memtest notes: valgrind valgrind

Check Details

Version: 0.7-5
Check: compiled code
Result: NOTE
    File ‘phmm/libs/phmm.so’:
     Found ‘rand’, possibly from ‘rand’ (C)
     Object: ‘arms.o’
    
    Compiled code should not call entry points which might terminate R nor
    write to stdout/stderr instead of to the console, nor the system RNG.
    
    See ‘Writing portable packages’ in the ‘Writing R Extensions’ manual.
Flavors: r-devel-linux-x86_64-debian-clang, r-devel-linux-x86_64-debian-gcc, r-devel-linux-x86_64-fedora-clang, r-devel-linux-x86_64-fedora-gcc, r-patched-linux-x86_64, r-patched-solaris-sparc, r-patched-solaris-x86, r-release-linux-x86_64

Version: 0.7-5
Check: compiled code
Result: NOTE
    File ‘phmm/libs/phmm.so’:
     Found ‘_rand’, possibly from ‘rand’ (C)
     Object: ‘arms.o’
    
    Compiled code should not call entry points which might terminate R nor
    write to stdout/stderr instead of to the console, nor the system RNG.
    
    See ‘Writing portable packages’ in the ‘Writing R Extensions’ manual.
Flavors: r-devel-osx-x86_64-clang, r-release-osx-x86_64-mavericks, r-release-osx-x86_64-snowleopard

Version: 0.7-5
Check: compiled code
Result: NOTE
    File 'phmm/libs/i386/phmm.dll':
     Found 'rand', possibly from 'rand' (C)
     Object: 'arms.o'
    File 'phmm/libs/x64/phmm.dll':
     Found 'rand', possibly from 'rand' (C)
     Object: 'arms.o'
    
    Compiled code should not call entry points which might terminate R nor
    write to stdout/stderr instead of to the console, nor the system RNG.
    
    See 'Writing portable packages' in the 'Writing R Extensions' manual.
Flavors: r-devel-windows-ix86+x86_64, r-release-windows-ix86+x86_64, r-oldrel-windows-ix86+x86_64