CRAN Package Check Results for Package phom

Last updated on 2014-09-03 08:53:36.

Flavor Version Tinstall Tcheck Ttotal Status Flags
r-devel-linux-x86_64-debian-clang 1.0.3 5.47 20.12 25.58 NOTE
r-devel-linux-x86_64-debian-gcc 1.0.3 7.18 19.46 26.63 NOTE
r-devel-linux-x86_64-fedora-clang 1.0.3 53.90 NOTE
r-devel-linux-x86_64-fedora-gcc 1.0.3 53.01 NOTE
r-devel-osx-x86_64-clang 1.0.3 54.76 NOTE
r-devel-windows-ix86+x86_64 1.0.3 25.00 45.00 70.00 NOTE
r-patched-linux-x86_64 1.0.3 7.47 19.86 27.33 OK
r-patched-solaris-sparc 1.0.3 345.60 OK
r-patched-solaris-x86 1.0.3 80.10 OK
r-release-linux-ix86 1.0.3 9.52 29.77 39.29 OK
r-release-linux-x86_64 1.0.3 7.40 20.51 27.91 OK
r-release-osx-x86_64-mavericks 1.0.3 OK
r-release-osx-x86_64-snowleopard 1.0.3 OK
r-release-windows-ix86+x86_64 1.0.3 35.00 47.00 82.00 OK
r-oldrel-windows-ix86+x86_64 1.0.3 25.00 49.00 74.00 OK

Check Details

Version: 1.0.3
Check: compiled code
Result: NOTE
    File ‘/home/hornik/tmp/R.check/r-devel-clang/Work/build/Packages/phom/libs/phom.so’:
     Found ‘rand’, possibly from ‘rand’ (C)
     Object: ‘cph_R_interface.o’
    
    Compiled code should not call entry points which might terminate R nor
    write to stdout/stderr instead of to the console, nor the C RNG.
    
    See ‘Writing portable packages’ in the ‘Writing R Extensions’ manual.
Flavor: r-devel-linux-x86_64-debian-clang

Version: 1.0.3
Check: compiled code
Result: NOTE
    File ‘/home/hornik/tmp/R.check/r-devel-gcc/Work/build/Packages/phom/libs/phom.so’:
     Found ‘rand’, possibly from ‘rand’ (C)
     Object: ‘cph_R_interface.o’
    
    Compiled code should not call entry points which might terminate R nor
    write to stdout/stderr instead of to the console, nor the C RNG.
    
    See ‘Writing portable packages’ in the ‘Writing R Extensions’ manual.
Flavor: r-devel-linux-x86_64-debian-gcc

Version: 1.0.3
Check: compiled code
Result: NOTE
    File ‘/data/gannet/ripley/R/packages/tests-clang/phom.Rcheck/phom/libs/phom.so’:
     Found ‘rand’, possibly from ‘rand’ (C)
     Object: ‘cph_R_interface.o’
    
    Compiled code should not call entry points which might terminate R nor
    write to stdout/stderr instead of to the console, nor the C RNG.
    
    See ‘Writing portable packages’ in the ‘Writing R Extensions’ manual.
Flavor: r-devel-linux-x86_64-fedora-clang

Version: 1.0.3
Check: compiled code
Result: NOTE
    File ‘/data/gannet/ripley/R/packages/tests-devel/phom.Rcheck/phom/libs/phom.so’:
     Found ‘rand’, possibly from ‘rand’ (C)
     Object: ‘cph_R_interface.o’
    
    Compiled code should not call entry points which might terminate R nor
    write to stdout/stderr instead of to the console, nor the C RNG.
    
    See ‘Writing portable packages’ in the ‘Writing R Extensions’ manual.
Flavor: r-devel-linux-x86_64-fedora-gcc

Version: 1.0.3
Check: compiled code
Result: NOTE
    File ‘/Users/ripley/R/packages/tests-devel/phom.Rcheck/phom/libs/phom.so’:
     Found ‘_rand’, possibly from ‘rand’ (C)
     Object: ‘cph_R_interface.o’
    
    Compiled code should not call entry points which might terminate R nor
    write to stdout/stderr instead of to the console, nor the C RNG.
    
    See ‘Writing portable packages’ in the ‘Writing R Extensions’ manual.
Flavor: r-devel-osx-x86_64-clang

Version: 1.0.3
Check: compiled code
Result: NOTE
    File 'd:/Rcompile/CRANpkg/lib/3.2/phom/libs/i386/phom.dll':
     Found 'rand', possibly from 'rand' (C)
     Object: 'cph_R_interface.o'
    File 'd:/Rcompile/CRANpkg/lib/3.2/phom/libs/x64/phom.dll':
     Found 'rand', possibly from 'rand' (C)
     Object: 'cph_R_interface.o'
    
    Compiled code should not call entry points which might terminate R nor
    write to stdout/stderr instead of to the console, nor the C RNG.
    
    See 'Writing portable packages' in the 'Writing R Extensions' manual.
Flavor: r-devel-windows-ix86+x86_64