CRAN Package Check Results for Package phom

Last updated on 2014-04-24 17:49:49.

Flavor Version Tinstall Tcheck Ttotal Status Flags
r-devel-linux-x86_64-debian-clang 1.0.3 5.51 20.01 25.52 OK
r-devel-linux-x86_64-debian-gcc 1.0.3 6.69 20.43 27.12 OK
r-devel-linux-x86_64-fedora-clang 1.0.3 53.98 OK
r-devel-linux-x86_64-fedora-gcc 1.0.3 55.17 OK
r-devel-osx-x86_64-clang 1.0.3 57.44 OK
r-devel-osx-x86_64-gcc 1.0.3 OK
r-devel-windows-ix86+x86_64 1.0.3 26.00 43.00 69.00 OK
r-patched-linux-x86_64 1.0.3 6.64 20.94 27.59 OK
r-patched-solaris-sparc 1.0.3 317.90 OK
r-patched-solaris-x86 1.0.3 76.50 OK
r-release-linux-ix86 1.0.3 12.00 42.00 54.00 OK
r-release-linux-x86_64 1.0.3 6.66 20.58 27.24 OK
r-release-osx-x86_64-mavericks 1.0.3 WARN
r-release-osx-x86_64-snowleopard 1.0.3 OK
r-release-windows-ix86+x86_64 1.0.3 40.00 59.00 99.00 OK
r-oldrel-windows-ix86+x86_64 1.0.3 23.00 46.00 69.00 OK

Check Details

Version: 1.0.3
Check: PDF version of manual
Result: WARNING
    LaTeX errors when creating PDF version.
    This typically indicates Rd problems.
    LaTeX errors found:
    ! LaTeX Error: File `upquote.sty' not found.
    
    Type X to quit or <RETURN> to proceed,
    or enter new name. (Default extension: sty)
    
    ab047c6/Rd2.tex:8: ==> Fatal error occurred, no output PDF file produced!
Flavor: r-release-osx-x86_64-mavericks