CRAN Package Check Results for Package phom

Last updated on 2014-11-25 22:47:17.

Flavor Version Tinstall Tcheck Ttotal Status Flags
r-devel-linux-x86_64-debian-clang 1.0.3 5.91 21.40 27.32 NOTE
r-devel-linux-x86_64-debian-gcc 1.0.3 7.16 21.20 28.36 NOTE
r-devel-linux-x86_64-fedora-clang 1.0.3 57.75 NOTE
r-devel-linux-x86_64-fedora-gcc 1.0.3 53.41 NOTE
r-devel-osx-x86_64-clang 1.0.3 56.58 NOTE
r-devel-windows-ix86+x86_64 1.0.3 25.00 45.00 70.00 NOTE
r-patched-linux-x86_64 1.0.3 7.21 21.40 28.61 NOTE
r-patched-solaris-sparc 1.0.3 341.60 NOTE
r-patched-solaris-x86 1.0.3 80.10 NOTE
r-release-linux-ix86 1.0.3 9.10 28.88 37.99 NOTE
r-release-linux-x86_64 1.0.3 7.27 20.72 27.99 NOTE
r-release-osx-x86_64-mavericks 1.0.3 OK
r-release-osx-x86_64-snowleopard 1.0.3 OK
r-release-windows-ix86+x86_64 1.0.3 26.00 48.00 74.00 NOTE
r-oldrel-windows-ix86+x86_64 1.0.3 25.00 48.00 73.00 OK

Check Details

Version: 1.0.3
Check: compiled code
Result: NOTE
    File ‘phom/libs/phom.so’:
     Found ‘rand’, possibly from ‘rand’ (C)
     Object: ‘cph_R_interface.o’
    
    Compiled code should not call entry points which might terminate R nor
    write to stdout/stderr instead of to the console, nor the C RNG.
    
    See ‘Writing portable packages’ in the ‘Writing R Extensions’ manual.
Flavors: r-devel-linux-x86_64-debian-clang, r-devel-linux-x86_64-debian-gcc, r-devel-linux-x86_64-fedora-clang, r-devel-linux-x86_64-fedora-gcc, r-patched-linux-x86_64, r-patched-solaris-sparc, r-patched-solaris-x86, r-release-linux-ix86, r-release-linux-x86_64

Version: 1.0.3
Check: compiled code
Result: NOTE
    File ‘phom/libs/phom.so’:
     Found ‘_rand’, possibly from ‘rand’ (C)
     Object: ‘cph_R_interface.o’
    
    Compiled code should not call entry points which might terminate R nor
    write to stdout/stderr instead of to the console, nor the C RNG.
    
    See ‘Writing portable packages’ in the ‘Writing R Extensions’ manual.
Flavor: r-devel-osx-x86_64-clang

Version: 1.0.3
Check: compiled code
Result: NOTE
    File 'phom/libs/i386/phom.dll':
     Found 'rand', possibly from 'rand' (C)
     Object: 'cph_R_interface.o'
    File 'phom/libs/x64/phom.dll':
     Found 'rand', possibly from 'rand' (C)
     Object: 'cph_R_interface.o'
    
    Compiled code should not call entry points which might terminate R nor
    write to stdout/stderr instead of to the console, nor the C RNG.
    
    See 'Writing portable packages' in the 'Writing R Extensions' manual.
Flavors: r-devel-windows-ix86+x86_64, r-release-windows-ix86+x86_64