CRAN Package Check Results for Package phom

Last updated on 2014-10-24 14:47:28.

Flavor Version Tinstall Tcheck Ttotal Status Flags
r-devel-linux-x86_64-debian-clang 1.0.3 5.66 21.75 27.41 NOTE
r-devel-linux-x86_64-debian-gcc 1.0.3 7.30 22.10 29.40 NOTE
r-devel-linux-x86_64-fedora-clang 1.0.3 55.02 NOTE
r-devel-linux-x86_64-fedora-gcc 1.0.3 52.09 NOTE
r-devel-osx-x86_64-clang 1.0.3 55.82 NOTE
r-devel-windows-ix86+x86_64 1.0.3 26.00 44.00 70.00 NOTE
r-patched-linux-x86_64 1.0.3 7.30 21.22 28.51 NOTE
r-patched-solaris-sparc 1.0.3 341.60 NOTE
r-patched-solaris-x86 1.0.3 79.40 NOTE
r-release-linux-ix86 1.0.3 9.56 30.37 39.93 OK
r-release-linux-x86_64 1.0.3 7.48 20.82 28.30 OK
r-release-osx-x86_64-mavericks 1.0.3 OK
r-release-osx-x86_64-snowleopard 1.0.3 OK
r-release-windows-ix86+x86_64 1.0.3 22.00 46.00 68.00 OK
r-oldrel-windows-ix86+x86_64 1.0.3 25.00 48.00 73.00 OK

Check Details

Version: 1.0.3
Check: compiled code
Result: NOTE
    File ‘phom/libs/phom.so’:
     Found ‘rand’, possibly from ‘rand’ (C)
     Object: ‘cph_R_interface.o’
    
    Compiled code should not call entry points which might terminate R nor
    write to stdout/stderr instead of to the console, nor the C RNG.
    
    See ‘Writing portable packages’ in the ‘Writing R Extensions’ manual.
Flavors: r-devel-linux-x86_64-debian-clang, r-devel-linux-x86_64-debian-gcc, r-devel-linux-x86_64-fedora-clang, r-devel-linux-x86_64-fedora-gcc, r-patched-linux-x86_64, r-patched-solaris-sparc, r-patched-solaris-x86

Version: 1.0.3
Check: compiled code
Result: NOTE
    File ‘phom/libs/phom.so’:
     Found ‘_rand’, possibly from ‘rand’ (C)
     Object: ‘cph_R_interface.o’
    
    Compiled code should not call entry points which might terminate R nor
    write to stdout/stderr instead of to the console, nor the C RNG.
    
    See ‘Writing portable packages’ in the ‘Writing R Extensions’ manual.
Flavor: r-devel-osx-x86_64-clang

Version: 1.0.3
Check: compiled code
Result: NOTE
    File 'phom/libs/i386/phom.dll':
     Found 'rand', possibly from 'rand' (C)
     Object: 'cph_R_interface.o'
    File 'phom/libs/x64/phom.dll':
     Found 'rand', possibly from 'rand' (C)
     Object: 'cph_R_interface.o'
    
    Compiled code should not call entry points which might terminate R nor
    write to stdout/stderr instead of to the console, nor the C RNG.
    
    See 'Writing portable packages' in the 'Writing R Extensions' manual.
Flavor: r-devel-windows-ix86+x86_64