CRAN Package Check Results for Package phom

Last updated on 2015-04-27 23:47:32.

Flavor Version Tinstall Tcheck Ttotal Status Flags
r-devel-linux-x86_64-debian-clang 1.0.3 5.86 19.43 25.30 NOTE
r-devel-linux-x86_64-debian-gcc 1.0.3 7.15 19.04 26.19 NOTE
r-devel-linux-x86_64-fedora-clang 1.0.3 53.23 NOTE
r-devel-linux-x86_64-fedora-gcc 1.0.3 50.19 NOTE
r-devel-osx-x86_64-clang 1.0.3 54.38 NOTE
r-devel-windows-ix86+x86_64 1.0.3 27.00 45.00 72.00 NOTE
r-patched-linux-x86_64 1.0.3 7.06 19.06 26.12 NOTE
r-patched-solaris-sparc 1.0.3 353.90 NOTE
r-patched-solaris-x86 1.0.3 71.60 NOTE
r-release-linux-x86_64 1.0.3 7.07 19.33 26.40 NOTE
r-release-osx-x86_64-mavericks 1.0.3 NOTE
r-release-osx-x86_64-snowleopard 1.0.3 NOTE
r-release-windows-ix86+x86_64 1.0.3 17.00 41.00 58.00 NOTE
r-oldrel-windows-ix86+x86_64 1.0.3 19.00 46.00 65.00 NOTE

Check Details

Version: 1.0.3
Check: compiled code
Result: NOTE
    File ‘phom/libs/phom.so’:
     Found ‘rand’, possibly from ‘rand’ (C)
     Object: ‘cph_R_interface.o’
    
    Compiled code should not call entry points which might terminate R nor
    write to stdout/stderr instead of to the console, nor the system RNG.
    
    See ‘Writing portable packages’ in the ‘Writing R Extensions’ manual.
Flavors: r-devel-linux-x86_64-debian-clang, r-devel-linux-x86_64-debian-gcc, r-devel-linux-x86_64-fedora-clang, r-devel-linux-x86_64-fedora-gcc, r-patched-solaris-sparc, r-patched-solaris-x86, r-release-linux-x86_64

Version: 1.0.3
Check: compiled code
Result: NOTE
    File ‘phom/libs/phom.so’:
     Found ‘_rand’, possibly from ‘rand’ (C)
     Object: ‘cph_R_interface.o’
    
    Compiled code should not call entry points which might terminate R nor
    write to stdout/stderr instead of to the console, nor the system RNG.
    
    See ‘Writing portable packages’ in the ‘Writing R Extensions’ manual.
Flavors: r-devel-osx-x86_64-clang, r-release-osx-x86_64-mavericks, r-release-osx-x86_64-snowleopard

Version: 1.0.3
Check: compiled code
Result: NOTE
    File 'phom/libs/i386/phom.dll':
     Found 'rand', possibly from 'rand' (C)
     Object: 'cph_R_interface.o'
    File 'phom/libs/x64/phom.dll':
     Found 'rand', possibly from 'rand' (C)
     Object: 'cph_R_interface.o'
    
    Compiled code should not call entry points which might terminate R nor
    write to stdout/stderr instead of to the console, nor the system RNG.
    
    See 'Writing portable packages' in the 'Writing R Extensions' manual.
Flavors: r-devel-windows-ix86+x86_64, r-release-windows-ix86+x86_64, r-oldrel-windows-ix86+x86_64