CRAN Package Check Results for Package phom

Last updated on 2014-12-21 11:46:40.

Flavor Version Tinstall Tcheck Ttotal Status Flags
r-devel-linux-x86_64-debian-clang 1.0.3 5.72 21.27 26.99 NOTE
r-devel-linux-x86_64-debian-gcc 1.0.3 7.23 21.07 28.30 NOTE
r-devel-linux-x86_64-fedora-clang 1.0.3 57.11 NOTE
r-devel-linux-x86_64-fedora-gcc 1.0.3 53.46 NOTE
r-devel-osx-x86_64-clang 1.0.3 55.47 NOTE
r-devel-windows-ix86+x86_64 1.0.3 26.00 47.00 73.00 NOTE
r-patched-linux-x86_64 1.0.3 7.29 20.56 27.84 NOTE
r-patched-solaris-sparc 1.0.3 315.40 NOTE
r-patched-solaris-x86 1.0.3 78.60 NOTE
r-release-linux-ix86 1.0.3 9.09 29.19 38.28 NOTE
r-release-linux-x86_64 1.0.3 7.25 20.70 27.96 NOTE
r-release-osx-x86_64-mavericks 1.0.3 OK
r-release-osx-x86_64-snowleopard 1.0.3 OK
r-release-windows-ix86+x86_64 1.0.3 26.00 48.00 74.00 NOTE
r-oldrel-windows-ix86+x86_64 1.0.3 25.00 48.00 73.00 OK

Check Details

Version: 1.0.3
Check: compiled code
Result: NOTE
    File ‘phom/libs/phom.so’:
     Found ‘rand’, possibly from ‘rand’ (C)
     Object: ‘cph_R_interface.o’
    
    Compiled code should not call entry points which might terminate R nor
    write to stdout/stderr instead of to the console, nor the system RNG.
    
    See ‘Writing portable packages’ in the ‘Writing R Extensions’ manual.
Flavors: r-devel-linux-x86_64-debian-clang, r-devel-linux-x86_64-debian-gcc, r-devel-linux-x86_64-fedora-clang, r-devel-linux-x86_64-fedora-gcc, r-patched-linux-x86_64, r-patched-solaris-sparc, r-patched-solaris-x86

Version: 1.0.3
Check: compiled code
Result: NOTE
    File ‘phom/libs/phom.so’:
     Found ‘_rand’, possibly from ‘rand’ (C)
     Object: ‘cph_R_interface.o’
    
    Compiled code should not call entry points which might terminate R nor
    write to stdout/stderr instead of to the console, nor the system RNG.
    
    See ‘Writing portable packages’ in the ‘Writing R Extensions’ manual.
Flavor: r-devel-osx-x86_64-clang

Version: 1.0.3
Check: compiled code
Result: NOTE
    File 'phom/libs/i386/phom.dll':
     Found 'rand', possibly from 'rand' (C)
     Object: 'cph_R_interface.o'
    File 'phom/libs/x64/phom.dll':
     Found 'rand', possibly from 'rand' (C)
     Object: 'cph_R_interface.o'
    
    Compiled code should not call entry points which might terminate R nor
    write to stdout/stderr instead of to the console, nor the system RNG.
    
    See 'Writing portable packages' in the 'Writing R Extensions' manual.
Flavor: r-devel-windows-ix86+x86_64

Version: 1.0.3
Check: compiled code
Result: NOTE
    File ‘phom/libs/phom.so’:
     Found ‘rand’, possibly from ‘rand’ (C)
     Object: ‘cph_R_interface.o’
    
    Compiled code should not call entry points which might terminate R nor
    write to stdout/stderr instead of to the console, nor the C RNG.
    
    See ‘Writing portable packages’ in the ‘Writing R Extensions’ manual.
Flavors: r-release-linux-ix86, r-release-linux-x86_64

Version: 1.0.3
Check: compiled code
Result: NOTE
    File 'phom/libs/i386/phom.dll':
     Found 'rand', possibly from 'rand' (C)
     Object: 'cph_R_interface.o'
    File 'phom/libs/x64/phom.dll':
     Found 'rand', possibly from 'rand' (C)
     Object: 'cph_R_interface.o'
    
    Compiled code should not call entry points which might terminate R nor
    write to stdout/stderr instead of to the console, nor the C RNG.
    
    See 'Writing portable packages' in the 'Writing R Extensions' manual.
Flavor: r-release-windows-ix86+x86_64