CRAN Package Check Results for Package phom

Last updated on 2015-03-28 16:47:18.

Flavor Version Tinstall Tcheck Ttotal Status Flags
r-devel-linux-x86_64-debian-clang 1.0.3 5.74 20.81 26.56 NOTE
r-devel-linux-x86_64-debian-gcc 1.0.3 7.06 19.56 26.63 NOTE
r-devel-linux-x86_64-fedora-clang 1.0.3 53.12 NOTE
r-devel-linux-x86_64-fedora-gcc 1.0.3 56.00 NOTE
r-devel-osx-x86_64-clang 1.0.3 58.75 NOTE
r-prerel-windows-ix86+x86_64 1.0.3 26.00 44.00 70.00 NOTE
r-prerel-linux-x86_64 1.0.3 7.06 18.62 25.68 NOTE
r-prerel-solaris-sparc 1.0.3 353.90 NOTE
r-prerel-solaris-x86 1.0.3 72.40 NOTE
r-release-linux-x86_64 1.0.3 7.53 21.13 28.66 NOTE
r-release-osx-x86_64-mavericks 1.0.3 NOTE
r-release-osx-x86_64-snowleopard 1.0.3 OK
r-release-windows-ix86+x86_64 1.0.3 37.00 48.00 85.00 NOTE
r-oldrel-windows-ix86+x86_64 1.0.3 27.00 48.00 75.00 OK

Check Details

Version: 1.0.3
Check: compiled code
Result: NOTE
    File ‘phom/libs/phom.so’:
     Found ‘rand’, possibly from ‘rand’ (C)
     Object: ‘cph_R_interface.o’
    
    Compiled code should not call entry points which might terminate R nor
    write to stdout/stderr instead of to the console, nor the system RNG.
    
    See ‘Writing portable packages’ in the ‘Writing R Extensions’ manual.
Flavors: r-devel-linux-x86_64-debian-clang, r-devel-linux-x86_64-debian-gcc, r-devel-linux-x86_64-fedora-clang, r-devel-linux-x86_64-fedora-gcc, r-prerel-linux-x86_64, r-prerel-solaris-sparc, r-prerel-solaris-x86, r-release-linux-x86_64

Version: 1.0.3
Check: compiled code
Result: NOTE
    File ‘phom/libs/phom.so’:
     Found ‘_rand’, possibly from ‘rand’ (C)
     Object: ‘cph_R_interface.o’
    
    Compiled code should not call entry points which might terminate R nor
    write to stdout/stderr instead of to the console, nor the system RNG.
    
    See ‘Writing portable packages’ in the ‘Writing R Extensions’ manual.
Flavors: r-devel-osx-x86_64-clang, r-release-osx-x86_64-mavericks

Version: 1.0.3
Check: compiled code
Result: NOTE
    File 'phom/libs/i386/phom.dll':
     Found 'rand', possibly from 'rand' (C)
     Object: 'cph_R_interface.o'
    File 'phom/libs/x64/phom.dll':
     Found 'rand', possibly from 'rand' (C)
     Object: 'cph_R_interface.o'
    
    Compiled code should not call entry points which might terminate R nor
    write to stdout/stderr instead of to the console, nor the system RNG.
    
    See 'Writing portable packages' in the 'Writing R Extensions' manual.
Flavors: r-prerel-windows-ix86+x86_64, r-release-windows-ix86+x86_64