CRAN Package Check Results for Package phom

Last updated on 2015-05-25 10:47:18.

Flavor Version Tinstall Tcheck Ttotal Status Flags
r-devel-linux-x86_64-debian-clang 1.0.3 7.27 18.96 26.22 NOTE
r-devel-linux-x86_64-debian-gcc 1.0.3 8.46 19.13 27.59 NOTE
r-devel-linux-x86_64-fedora-clang 1.0.3 52.09 NOTE
r-devel-linux-x86_64-fedora-gcc 1.0.3 50.62 NOTE
r-devel-osx-x86_64-clang 1.0.3 54.61 NOTE
r-devel-windows-ix86+x86_64 1.0.3 27.00 42.00 69.00 NOTE
r-patched-linux-x86_64 1.0.3 7.15 18.88 26.03 NOTE
r-patched-solaris-sparc 1.0.3 316.00 NOTE
r-patched-solaris-x86 1.0.3 75.30 NOTE
r-release-linux-x86_64 1.0.3 7.13 19.35 26.48 NOTE
r-release-osx-x86_64-mavericks 1.0.3 NOTE
r-release-osx-x86_64-snowleopard 1.0.3 NOTE
r-release-windows-ix86+x86_64 1.0.3 24.00 47.00 71.00 NOTE
r-oldrel-windows-ix86+x86_64 1.0.3 19.00 46.00 65.00 NOTE

Check Details

Version: 1.0.3
Check: compiled code
Result: NOTE
    File ‘phom/libs/phom.so’:
     Found ‘rand’, possibly from ‘rand’ (C)
     Object: ‘cph_R_interface.o’
    
    Compiled code should not call entry points which might terminate R nor
    write to stdout/stderr instead of to the console, nor the system RNG.
    
    See ‘Writing portable packages’ in the ‘Writing R Extensions’ manual.
Flavors: r-devel-linux-x86_64-debian-clang, r-devel-linux-x86_64-debian-gcc, r-devel-linux-x86_64-fedora-clang, r-devel-linux-x86_64-fedora-gcc, r-patched-linux-x86_64, r-patched-solaris-sparc, r-patched-solaris-x86, r-release-linux-x86_64

Version: 1.0.3
Check: compiled code
Result: NOTE
    File ‘phom/libs/phom.so’:
     Found ‘_rand’, possibly from ‘rand’ (C)
     Object: ‘cph_R_interface.o’
    
    Compiled code should not call entry points which might terminate R nor
    write to stdout/stderr instead of to the console, nor the system RNG.
    
    See ‘Writing portable packages’ in the ‘Writing R Extensions’ manual.
Flavors: r-devel-osx-x86_64-clang, r-release-osx-x86_64-mavericks, r-release-osx-x86_64-snowleopard

Version: 1.0.3
Check: compiled code
Result: NOTE
    File 'phom/libs/i386/phom.dll':
     Found 'rand', possibly from 'rand' (C)
     Object: 'cph_R_interface.o'
    File 'phom/libs/x64/phom.dll':
     Found 'rand', possibly from 'rand' (C)
     Object: 'cph_R_interface.o'
    
    Compiled code should not call entry points which might terminate R nor
    write to stdout/stderr instead of to the console, nor the system RNG.
    
    See 'Writing portable packages' in the 'Writing R Extensions' manual.
Flavors: r-devel-windows-ix86+x86_64, r-release-windows-ix86+x86_64, r-oldrel-windows-ix86+x86_64