CRAN Package Check Results for Package phom

Last updated on 2015-07-02 17:47:33.

Flavor Version Tinstall Tcheck Ttotal Status Flags
r-release-linux-x86_64 1.0.3 7.24 19.20 26.44 NOTE
r-release-windows-ix86+x86_64 1.0.3 26.00 49.00 75.00 NOTE

Check Details

Version: 1.0.3
Check: compiled code
Result: NOTE
    File ‘phom/libs/phom.so’:
     Found ‘rand’, possibly from ‘rand’ (C)
     Object: ‘cph_R_interface.o’
    
    Compiled code should not call entry points which might terminate R nor
    write to stdout/stderr instead of to the console, nor the system RNG.
    
    See ‘Writing portable packages’ in the ‘Writing R Extensions’ manual.
Flavor: r-release-linux-x86_64

Version: 1.0.3
Check: compiled code
Result: NOTE
    File 'phom/libs/i386/phom.dll':
     Found 'rand', possibly from 'rand' (C)
     Object: 'cph_R_interface.o'
    File 'phom/libs/x64/phom.dll':
     Found 'rand', possibly from 'rand' (C)
     Object: 'cph_R_interface.o'
    
    Compiled code should not call entry points which might terminate R nor
    write to stdout/stderr instead of to the console, nor the system RNG.
    
    See 'Writing portable packages' in the 'Writing R Extensions' manual.
Flavor: r-release-windows-ix86+x86_64