CRAN Package Check Results for Package phonR

Last updated on 2015-09-03 18:47:15.

Flavor Version Tinstall Tcheck Ttotal Status Flags
r-devel-linux-x86_64-debian-clang 1.0-3 0.54 13.29 13.83 NOTE
r-devel-linux-x86_64-debian-gcc 1.0-3 0.60 12.78 13.38 NOTE
r-devel-linux-x86_64-fedora-clang 1.0-3 26.45 NOTE
r-devel-linux-x86_64-fedora-gcc 1.0-3 25.25 NOTE
r-devel-osx-x86_64-clang 1.0-3 25.38 OK
r-devel-windows-ix86+x86_64 1.0-3 3.00 27.00 30.00 NOTE
r-patched-linux-x86_64 1.0-3 0.58 13.71 14.29 OK
r-patched-solaris-sparc 1.0-3 159.20 OK
r-patched-solaris-x86 1.0-3 39.40 OK
r-release-linux-x86_64 1.0-3 0.58 13.55 14.13 OK
r-release-osx-x86_64-mavericks 1.0-3 OK
r-release-windows-ix86+x86_64 1.0-3 3.00 23.00 26.00 OK
r-oldrel-windows-ix86+x86_64 1.0-3 3.00 38.00 41.00 OK

Check Details

Version: 1.0-3
Check: R code for possible problems
Result: NOTE
    convexHullArea : <anonymous>: no visible global function definition for
     ‘chull’
    ellipse: no visible global function definition for ‘qchisq’
    ellipse: no visible global function definition for ‘polygon’
    makeTransparent: no visible global function definition for ‘col2rgb’
    makeTransparent: no visible binding for global variable ‘rgb’
    plotVowels: no visible global function definition for ‘par’
    plotVowels: no visible global function definition for ‘hcl’
    plotVowels: no visible global function definition for ‘palette’
    plotVowels: no visible binding for global variable ‘cairo_pdf’
    plotVowels: no visible binding for global variable ‘svg’
    plotVowels: no visible binding for global variable ‘jpeg’
    plotVowels: no visible binding for global variable ‘tiff’
    plotVowels: no visible binding for global variable ‘png’
    plotVowels: no visible binding for global variable ‘bmp’
    plotVowels: no visible binding for global variable ‘plot’
    plotVowels: no visible binding for global variable ‘mtext’
    plotVowels: no visible binding for global variable ‘axis’
    plotVowels : <anonymous>: no visible global function definition for
     ‘chull’
    plotVowels : <anonymous>: no visible binding for global variable
     ‘polygon’
    plotVowels : <anonymous>: no visible global function definition for
     ‘prcomp’
    plotVowels : <anonymous>: no visible global function definition for
     ‘smooth.spline’
    plotVowels : <anonymous>: no visible global function definition for
     ‘predict’
    plotVowels : <anonymous>: no visible binding for global variable
     ‘lines’
    plotVowels: no visible binding for global variable ‘legend’
    plotVowels: no visible global function definition for ‘dev.off’
    repulsiveForce: no visible global function definition for ‘dist’
    repulsiveForceHeatmap: no visible global function definition for
     ‘chull’
    repulsiveForceHeatmap : <anonymous> : <anonymous>: no visible global
     function definition for ‘dist’
    repulsiveForceHeatmap: no visible global function definition for
     ‘image’
    repulsiveForceHeatmapLegend: no visible global function definition for
     ‘text’
    Undefined global functions or variables:
     axis bmp cairo_pdf chull col2rgb dev.off dist hcl image jpeg legend
     lines mtext palette par plot png polygon prcomp predict qchisq rgb
     smooth.spline svg text tiff
    Consider adding
     importFrom("grDevices", "bmp", "cairo_pdf", "chull", "col2rgb",
     "dev.off", "hcl", "jpeg", "palette", "png", "rgb", "svg",
     "tiff")
     importFrom("graphics", "axis", "image", "legend", "lines", "mtext",
     "par", "plot", "polygon", "text")
     importFrom("stats", "dist", "prcomp", "predict", "qchisq",
     "smooth.spline")
    to your NAMESPACE.
Flavors: r-devel-linux-x86_64-debian-clang, r-devel-linux-x86_64-debian-gcc, r-devel-linux-x86_64-fedora-clang, r-devel-linux-x86_64-fedora-gcc

Version: 1.0-3
Check: R code for possible problems
Result: NOTE
    convexHullArea : <anonymous>: no visible global function definition for
     'chull'
    ellipse: no visible global function definition for 'qchisq'
    ellipse: no visible global function definition for 'polygon'
    makeTransparent: no visible global function definition for 'col2rgb'
    makeTransparent: no visible binding for global variable 'rgb'
    plotVowels: no visible global function definition for 'par'
    plotVowels: no visible global function definition for 'hcl'
    plotVowels: no visible global function definition for 'palette'
    plotVowels: no visible binding for global variable 'cairo_pdf'
    plotVowels: no visible binding for global variable 'svg'
    plotVowels: no visible binding for global variable 'jpeg'
    plotVowels: no visible binding for global variable 'tiff'
    plotVowels: no visible binding for global variable 'png'
    plotVowels: no visible binding for global variable 'bmp'
    plotVowels: no visible global function definition for 'windowsFonts'
    plotVowels: no visible global function definition for 'windowsFont'
    plotVowels: no visible binding for global variable 'plot'
    plotVowels: no visible binding for global variable 'mtext'
    plotVowels: no visible binding for global variable 'axis'
    plotVowels : <anonymous>: no visible global function definition for
     'chull'
    plotVowels : <anonymous>: no visible binding for global variable
     'polygon'
    plotVowels : <anonymous>: no visible global function definition for
     'prcomp'
    plotVowels : <anonymous>: no visible global function definition for
     'smooth.spline'
    plotVowels : <anonymous>: no visible global function definition for
     'predict'
    plotVowels : <anonymous>: no visible binding for global variable
     'lines'
    plotVowels: no visible binding for global variable 'legend'
    plotVowels: no visible global function definition for 'dev.off'
    repulsiveForce: no visible global function definition for 'dist'
    repulsiveForceHeatmap: no visible global function definition for
     'chull'
    repulsiveForceHeatmap : <anonymous> : <anonymous>: no visible global
     function definition for 'dist'
    repulsiveForceHeatmap: no visible global function definition for
     'image'
    repulsiveForceHeatmapLegend: no visible global function definition for
     'text'
    Undefined global functions or variables:
     axis bmp cairo_pdf chull col2rgb dev.off dist hcl image jpeg legend
     lines mtext palette par plot png polygon prcomp predict qchisq rgb
     smooth.spline svg text tiff windowsFont windowsFonts
    Consider adding
     importFrom("grDevices", "bmp", "cairo_pdf", "chull", "col2rgb",
     "dev.off", "hcl", "jpeg", "palette", "png", "rgb", "svg",
     "tiff", "windowsFont", "windowsFonts")
     importFrom("graphics", "axis", "image", "legend", "lines", "mtext",
     "par", "plot", "polygon", "text")
     importFrom("stats", "dist", "prcomp", "predict", "qchisq",
     "smooth.spline")
    to your NAMESPACE.
Flavor: r-devel-windows-ix86+x86_64