CRAN Package Check Results for Package phonR

Last updated on 2015-07-06 21:46:42.

Flavor Version Tinstall Tcheck Ttotal Status Flags
r-devel-linux-x86_64-debian-clang 1.0-3 0.72 13.47 14.19 NOTE
r-devel-linux-x86_64-debian-gcc 1.0-3 0.56 13.60 14.16 NOTE
r-devel-linux-x86_64-fedora-clang 1.0-3 26.17 NOTE
r-devel-linux-x86_64-fedora-gcc 1.0-3 23.67 NOTE
r-devel-osx-x86_64-clang 1.0-3 25.71 OK
r-devel-windows-ix86+x86_64 1.0-3 4.00 22.00 26.00 NOTE
r-patched-linux-x86_64 1.0-3 0.66 13.34 14.00 OK
r-patched-solaris-sparc 1.0-3 165.70 OK
r-patched-solaris-x86 1.0-3 39.00 OK
r-release-linux-x86_64 1.0-3 0.65 13.40 14.04 OK
r-release-osx-x86_64-mavericks 1.0-3 OK
r-release-windows-ix86+x86_64 1.0-3 3.00 25.00 28.00 OK
r-oldrel-windows-ix86+x86_64 1.0-3 3.00 27.00 30.00 OK

Check Details

Version: 1.0-3
Check: R code for possible problems
Result: NOTE
    convexHullArea : <anonymous>: no visible global function definition for
     ‘chull’
    ellipse: no visible global function definition for ‘qchisq’
    ellipse: no visible global function definition for ‘polygon’
    makeTransparent: no visible global function definition for ‘col2rgb’
    makeTransparent: no visible binding for global variable ‘rgb’
    plotVowels: no visible global function definition for ‘par’
    plotVowels: no visible global function definition for ‘hcl’
    plotVowels: no visible global function definition for ‘palette’
    plotVowels: no visible binding for global variable ‘cairo_pdf’
    plotVowels: no visible binding for global variable ‘svg’
    plotVowels: no visible binding for global variable ‘jpeg’
    plotVowels: no visible binding for global variable ‘tiff’
    plotVowels: no visible binding for global variable ‘png’
    plotVowels: no visible binding for global variable ‘bmp’
    plotVowels: no visible binding for global variable ‘plot’
    plotVowels: no visible binding for global variable ‘mtext’
    plotVowels: no visible binding for global variable ‘axis’
    plotVowels : <anonymous>: no visible global function definition for
     ‘chull’
    plotVowels : <anonymous>: no visible binding for global variable
     ‘polygon’
    plotVowels : <anonymous>: no visible global function definition for
     ‘prcomp’
    plotVowels : <anonymous>: no visible global function definition for
     ‘smooth.spline’
    plotVowels : <anonymous>: no visible global function definition for
     ‘predict’
    plotVowels : <anonymous>: no visible binding for global variable
     ‘lines’
    plotVowels: no visible binding for global variable ‘legend’
    plotVowels: no visible global function definition for ‘dev.off’
    repulsiveForce: no visible global function definition for ‘dist’
    repulsiveForceHeatmap: no visible global function definition for
     ‘chull’
    repulsiveForceHeatmap : <anonymous> : <anonymous>: no visible global
     function definition for ‘dist’
    repulsiveForceHeatmap: no visible global function definition for
     ‘image’
    repulsiveForceHeatmapLegend: no visible global function definition for
     ‘text’
    Undefined global functions or variables:
     axis bmp cairo_pdf chull col2rgb dev.off dist hcl image jpeg legend
     lines mtext palette par plot png polygon prcomp predict qchisq rgb
     smooth.spline svg text tiff
Flavors: r-devel-linux-x86_64-debian-clang, r-devel-linux-x86_64-debian-gcc, r-devel-linux-x86_64-fedora-clang, r-devel-linux-x86_64-fedora-gcc

Version: 1.0-3
Check: R code for possible problems
Result: NOTE
    convexHullArea : <anonymous>: no visible global function definition for
     'chull'
    ellipse: no visible global function definition for 'qchisq'
    ellipse: no visible global function definition for 'polygon'
    makeTransparent: no visible global function definition for 'col2rgb'
    makeTransparent: no visible binding for global variable 'rgb'
    plotVowels: no visible global function definition for 'par'
    plotVowels: no visible global function definition for 'hcl'
    plotVowels: no visible global function definition for 'palette'
    plotVowels: no visible binding for global variable 'cairo_pdf'
    plotVowels: no visible binding for global variable 'svg'
    plotVowels: no visible binding for global variable 'jpeg'
    plotVowels: no visible binding for global variable 'tiff'
    plotVowels: no visible binding for global variable 'png'
    plotVowels: no visible binding for global variable 'bmp'
    plotVowels: no visible global function definition for 'windowsFonts'
    plotVowels: no visible global function definition for 'windowsFont'
    plotVowels: no visible binding for global variable 'plot'
    plotVowels: no visible binding for global variable 'mtext'
    plotVowels: no visible binding for global variable 'axis'
    plotVowels : <anonymous>: no visible global function definition for
     'chull'
    plotVowels : <anonymous>: no visible binding for global variable
     'polygon'
    plotVowels : <anonymous>: no visible global function definition for
     'prcomp'
    plotVowels : <anonymous>: no visible global function definition for
     'smooth.spline'
    plotVowels : <anonymous>: no visible global function definition for
     'predict'
    plotVowels : <anonymous>: no visible binding for global variable
     'lines'
    plotVowels: no visible binding for global variable 'legend'
    plotVowels: no visible global function definition for 'dev.off'
    repulsiveForce: no visible global function definition for 'dist'
    repulsiveForceHeatmap: no visible global function definition for
     'chull'
    repulsiveForceHeatmap : <anonymous> : <anonymous>: no visible global
     function definition for 'dist'
    repulsiveForceHeatmap: no visible global function definition for
     'image'
    repulsiveForceHeatmapLegend: no visible global function definition for
     'text'
    Undefined global functions or variables:
     axis bmp cairo_pdf chull col2rgb dev.off dist hcl image jpeg legend
     lines mtext palette par plot png polygon prcomp predict qchisq rgb
     smooth.spline svg text tiff windowsFont windowsFonts
Flavor: r-devel-windows-ix86+x86_64