CRAN Package Check Results for Package phonTools

Last updated on 2021-12-01 03:55:36 CET.

Flavor Version Tinstall Tcheck Ttotal Status Flags
r-devel-linux-x86_64-debian-clang 0.2-2.1 6.66 62.33 68.99 NOTE
r-devel-linux-x86_64-debian-gcc 0.2-2.1 5.32 51.37 56.69 NOTE
r-devel-linux-x86_64-fedora-clang 0.2-2.1 95.03 NOTE
r-devel-linux-x86_64-fedora-gcc 0.2-2.1 84.25 NOTE
r-devel-windows-x86_64-new-UL 0.2-2.1 20.00 116.00 136.00 OK
r-devel-windows-x86_64-new-TK 0.2-2.1 OK
r-devel-windows-x86_64-old 0.2-2.1 11.00 68.00 79.00 OK
r-patched-linux-x86_64 0.2-2.1 7.55 61.58 69.13 NOTE
r-patched-solaris-x86 0.2-2.1 112.80 NOTE
r-release-linux-x86_64 0.2-2.1 6.69 71.98 78.67 NOTE
r-release-macos-arm64 0.2-2.1 OK
r-release-macos-x86_64 0.2-2.1 OK
r-release-windows-ix86+x86_64 0.2-2.1 13.00 64.00 77.00 OK
r-oldrel-macos-x86_64 0.2-2.1 OK
r-oldrel-windows-ix86+x86_64 0.2-2.1 10.00 61.00 71.00 OK

Check Details

Version: 0.2-2.1
Check: for non-standard things in the check directory
Result: NOTE
    Found the following files/directories:
     '1khz.wav' 'snd.wav'
Flavors: r-devel-linux-x86_64-debian-clang, r-devel-linux-x86_64-debian-gcc, r-devel-linux-x86_64-fedora-clang, r-devel-linux-x86_64-fedora-gcc, r-patched-linux-x86_64, r-patched-solaris-x86, r-release-linux-x86_64