CRAN Package Check Results for Package phylobase

Last updated on 2017-02-27 23:48:20.

Flavor Version Tinstall Tcheck Ttotal Status Flags
r-devel-linux-x86_64-debian-clang 0.8.2 13.61 78.47 92.08 NOTE
r-devel-linux-x86_64-debian-gcc 0.8.2 14.62 78.88 93.50 NOTE
r-devel-linux-x86_64-fedora-clang 0.8.2 184.62 NOTE --no-stop-on-test-error
r-devel-linux-x86_64-fedora-gcc 0.8.2 180.43 NOTE --no-stop-on-test-error
r-devel-macos-x86_64-clang 0.8.2 141.22 NOTE --no-stop-on-test-error
r-devel-windows-ix86+x86_64 0.8.2 83.00 404.00 487.00 OK
r-patched-linux-x86_64 0.8.2 12.50 67.85 80.36 OK
r-patched-solaris-sparc 0.8.2 926.60 OK
r-patched-solaris-x86 0.8.2 186.90 OK
r-release-linux-x86_64 0.8.2 12.97 68.02 80.99 OK
r-release-osx-x86_64-mavericks 0.8.2 OK
r-release-windows-ix86+x86_64 0.8.2 71.00 248.00 319.00 OK
r-oldrel-windows-ix86+x86_64 0.8.2 84.00 248.00 332.00 OK

Check Details

Version: 0.8.2
Check: compiled code
Result: NOTE
    File ‘phylobase/libs/phylobase.so’:
     Found no calls to: ‘R_registerRoutines’, ‘R_useDynamicSymbols’
    
    It is good practice to register native routines and to disable symbol
    search.
    
    See ‘Writing portable packages’ in the ‘Writing R Extensions’ manual.
Flavors: r-devel-linux-x86_64-debian-clang, r-devel-linux-x86_64-debian-gcc

Version: 0.8.2
Flags: --no-stop-on-test-error
Check: compiled code
Result: NOTE
    File ‘phylobase/libs/phylobase.so’:
     Found no calls to: ‘R_registerRoutines’, ‘R_useDynamicSymbols’
    
    It is good practice to register native routines and to disable symbol
    search.
    
    See ‘Writing portable packages’ in the ‘Writing R Extensions’ manual.
Flavors: r-devel-linux-x86_64-fedora-clang, r-devel-linux-x86_64-fedora-gcc, r-devel-macos-x86_64-clang