CRAN Package Check Results for Package phylobase

Last updated on 2018-12-17 01:46:51 CET.

Flavor Version Tinstall Tcheck Ttotal Status Flags
r-devel-linux-x86_64-debian-clang 0.8.4 27.08 3.76 30.84 ERROR
r-devel-linux-x86_64-debian-gcc 0.8.4 22.99 2.48 25.47 ERROR
r-devel-linux-x86_64-fedora-clang 0.8.4 176.40 OK
r-devel-linux-x86_64-fedora-gcc 0.8.4 163.27 OK
r-devel-windows-ix86+x86_64 0.8.4 78.00 259.00 337.00 OK
r-patched-linux-x86_64 0.8.4 29.81 110.38 140.19 OK
r-patched-solaris-x86 0.8.4 221.00 OK
r-release-linux-x86_64 0.8.4 28.12 110.89 139.01 OK
r-release-windows-ix86+x86_64 0.8.4 80.00 276.00 356.00 OK
r-release-osx-x86_64 0.8.4 OK
r-oldrel-windows-ix86+x86_64 0.8.4 67.00 273.00 340.00 OK
r-oldrel-osx-x86_64 0.8.4 OK

Check Details

Version: 0.8.4
Check: whether the package can be loaded
Result: ERROR
    Loading this package had a fatal error status code 1
    Loading log:
    Error: package or namespace load failed for ‘phylobase’:
     .onLoad failed in loadNamespace() for ‘XML’, details:
     call: dyn.load(file, DLLpath = DLLpath, ...)
     error: unable to load shared object ‘/home/hornik/tmp/R.check/r-devel-clang/Work/build/Packages/XML/libs/XML.so’:
     /home/hornik/tmp/R.check/r-devel-clang/Work/build/Packages/XML/libs/XML.so: failed to map segment from shared object
    Execution halted
Flavor: r-devel-linux-x86_64-debian-clang

Version: 0.8.4
Check: whether the package can be loaded
Result: ERROR
    Loading this package had a fatal error status code 1
    Loading log:
    Error: package or namespace load failed for ‘phylobase’:
     .onLoad failed in loadNamespace() for ‘XML’, details:
     call: dyn.load(file, DLLpath = DLLpath, ...)
     error: unable to load shared object ‘/home/hornik/tmp/R.check/r-devel-gcc/Work/build/Packages/XML/libs/XML.so’:
     /home/hornik/tmp/R.check/r-devel-gcc/Work/build/Packages/XML/libs/XML.so: failed to map segment from shared object
    Execution halted
Flavor: r-devel-linux-x86_64-debian-gcc