CRAN Package Check Results for Package phylobase

Last updated on 2014-09-30 11:48:30.

Flavor Version Tinstall Tcheck Ttotal Status Flags
r-devel-linux-x86_64-debian-clang 0.6.8 61.28 55.40 116.68 NOTE
r-devel-linux-x86_64-debian-gcc 0.6.8 83.94 55.57 139.51 NOTE
r-devel-linux-x86_64-fedora-clang 0.6.8 296.98 NOTE
r-devel-linux-x86_64-fedora-gcc 0.6.8 262.73 NOTE
r-devel-osx-x86_64-clang 0.6.8 173.11 NOTE
r-devel-windows-ix86+x86_64 0.6.8 211.00 120.00 331.00 NOTE
r-patched-linux-x86_64 0.6.8 85.04 58.19 143.22 NOTE
r-patched-solaris-sparc 0.6.8 1905.50 NOTE
r-patched-solaris-x86 0.6.8 372.00 NOTE
r-release-linux-ix86 0.6.8 110.03 71.30 181.33 NOTE
r-release-linux-x86_64 0.6.8 83.06 58.04 141.09 NOTE
r-release-osx-x86_64-mavericks 0.6.8 NOTE
r-release-osx-x86_64-snowleopard 0.6.8 NOTE
r-release-windows-ix86+x86_64 0.6.8 210.00 128.00 338.00 NOTE
r-oldrel-windows-ix86+x86_64 0.6.8 215.00 135.00 350.00 NOTE

Memtest notes: UBSAN-gcc UBSAN

Check Details

Version: 0.6.8
Check: installed package size
Result: NOTE
     installed size is 20.5Mb
     sub-directories of 1Mb or more:
     libs 19.3Mb
Flavors: r-devel-linux-x86_64-debian-clang, r-devel-linux-x86_64-debian-gcc, r-devel-linux-x86_64-fedora-clang, r-devel-linux-x86_64-fedora-gcc, r-devel-windows-ix86+x86_64, r-patched-linux-x86_64, r-patched-solaris-sparc, r-patched-solaris-x86, r-release-linux-ix86, r-release-linux-x86_64, r-release-osx-x86_64-mavericks, r-release-osx-x86_64-snowleopard, r-release-windows-ix86+x86_64, r-oldrel-windows-ix86+x86_64

Version: 0.6.8
Check: dependencies in R code
Result: NOTE
    Package in Depends field not imported from: ‘grid’
     These packages need to be imported from (in the NAMESPACE file)
     for when this namespace is loaded but not attached.
    See the information on DESCRIPTION files in the chapter ‘Creating R
    packages’ of the ‘Writing R Extensions’ manual.
Flavors: r-devel-linux-x86_64-debian-clang, r-devel-linux-x86_64-debian-gcc, r-devel-linux-x86_64-fedora-clang, r-devel-linux-x86_64-fedora-gcc, r-devel-osx-x86_64-clang, r-devel-windows-ix86+x86_64, r-patched-linux-x86_64, r-patched-solaris-sparc, r-patched-solaris-x86, r-release-osx-x86_64-snowleopard

Version: 0.6.8
Check: R code for possible problems
Result: NOTE
    .bubLegendGrob: no visible global function definition for ‘grob’
    drawDetails.bubLegend: no visible global function definition for
     ‘seekViewport’
    drawDetails.bubLegend: no visible global function definition for
     ‘convertUnit’
    drawDetails.bubLegend: no visible global function definition for ‘unit’
    drawDetails.bubLegend: no visible global function definition for
     ‘grid.circle’
    drawDetails.bubLegend: no visible global function definition for ‘gpar’
    drawDetails.bubLegend: no visible global function definition for
     ‘grid.text’
    phylobubbles: no visible global function definition for ‘stringWidth’
    phylobubbles: no visible global function definition for ‘convertWidth’
    phylobubbles: no visible global function definition for ‘unit’
    phylobubbles: no visible global function definition for ‘grid.layout’
    phylobubbles: no visible global function definition for ‘unit.c’
    phylobubbles: no visible global function definition for ‘pushViewport’
    phylobubbles: no visible global function definition for ‘viewport’
    phylobubbles: no visible global function definition for ‘convertUnit’
    phylobubbles: no visible global function definition for ‘grid.segments’
    phylobubbles: no visible global function definition for ‘gpar’
    phylobubbles: no visible global function definition for ‘grid.points’
    phylobubbles: no visible global function definition for ‘grid.rect’
    phylobubbles: no visible global function definition for ‘grid.circle’
    phylobubbles: no visible global function definition for ‘upViewport’
    phylobubbles: no visible global function definition for ‘grid.text’
    phylobubbles: no visible global function definition for ‘grid.draw’
    plotOneTree: no visible global function definition for ‘stringWidth’
    plotOneTree: no visible global function definition for ‘unit’
    plotOneTree: no visible global function definition for ‘grid.layout’
    plotOneTree: no visible global function definition for ‘unit.c’
    plotOneTree: no visible global function definition for ‘convertUnit’
    plotOneTree: no visible global function definition for ‘pushViewport’
    plotOneTree: no visible global function definition for ‘viewport’
    plotOneTree: no visible global function definition for ‘grid.segments’
    plotOneTree: no visible global function definition for ‘gpar’
    plotOneTree: no visible global function definition for ‘upViewport’
    plotOneTree: no visible global function definition for ‘grid.text’
    tip.data.plot: no visible binding for global variable ‘grid.points’
    tip.data.plot: no visible global function definition for ‘grid.layout’
    tip.data.plot: no visible global function definition for ‘unit’
    tip.data.plot: no visible global function definition for ‘pushViewport’
    tip.data.plot: no visible global function definition for ‘viewport’
    tip.data.plot: no visible global function definition for ‘convertY’
    tip.data.plot: no visible global function definition for ‘upViewport’
    treePlot: no visible global function definition for ‘grid.newpage’
    treePlot: no visible global function definition for ‘pushViewport’
    treePlot: no visible global function definition for ‘plotViewport’
    treePlot: no visible global function definition for ‘upViewport’
Flavors: r-devel-linux-x86_64-debian-clang, r-devel-linux-x86_64-debian-gcc, r-devel-linux-x86_64-fedora-clang, r-devel-linux-x86_64-fedora-gcc, r-devel-osx-x86_64-clang, r-devel-windows-ix86+x86_64