CRAN Package Check Results for Package phylobase

Last updated on 2019-04-22 18:47:17 CEST.

Flavor Version Tinstall Tcheck Ttotal Status Flags
r-devel-linux-x86_64-debian-clang 0.8.6 28.48 115.65 144.13 OK
r-devel-linux-x86_64-debian-gcc 0.8.6 23.00 86.54 109.54 OK
r-devel-linux-x86_64-fedora-clang 0.8.6 174.16 OK
r-devel-linux-x86_64-fedora-gcc 0.8.6 164.13 OK
r-devel-windows-ix86+x86_64 0.8.6 81.00 174.00 255.00 NOTE
r-patched-linux-x86_64 0.8.6 29.12 109.39 138.51 OK
r-patched-solaris-x86 0.8.6 224.10 OK
r-release-linux-x86_64 0.8.6 25.65 110.63 136.28 OK
r-release-windows-ix86+x86_64 0.8.6 58.00 298.00 356.00 OK
r-release-osx-x86_64 0.8.6 OK
r-oldrel-windows-ix86+x86_64 0.8.6 81.00 296.00 377.00 OK
r-oldrel-osx-x86_64 0.8.6 OK

Check Details

Version: 0.8.6
Check: whether package can be installed
Result: NOTE
    Found the following notes/warnings:
     Non-staged installation was used
Flavor: r-devel-windows-ix86+x86_64