CRAN Package Check Results for Package phylobase

Last updated on 2014-04-24 17:49:49.

Flavor Version Tinstall Tcheck Ttotal Status Flags
r-devel-linux-x86_64-debian-clang 0.6.8 57.25 59.86 117.11 NOTE
r-devel-linux-x86_64-debian-gcc 0.6.8 80.56 60.66 141.22 NOTE
r-devel-linux-x86_64-fedora-clang 0.6.8 282.83 NOTE
r-devel-linux-x86_64-fedora-gcc 0.6.8 272.59 NOTE
r-devel-osx-x86_64-clang 0.6.8 197.84 OK
r-devel-osx-x86_64-gcc 0.6.8 NOTE
r-devel-windows-ix86+x86_64 0.6.8 207.00 128.00 335.00 NOTE
r-patched-linux-x86_64 0.6.8 80.56 59.80 140.36 NOTE
r-patched-solaris-sparc 0.6.8 1563.50 NOTE
r-patched-solaris-x86 0.6.8 336.90 NOTE
r-release-linux-ix86 0.6.8 120.00 97.00 217.00 NOTE
r-release-linux-x86_64 0.6.8 80.97 59.70 140.67 NOTE
r-release-osx-x86_64-mavericks 0.6.8 WARN
r-release-osx-x86_64-snowleopard 0.6.8 NOTE
r-release-windows-ix86+x86_64 0.6.8 195.00 125.00 320.00 NOTE
r-oldrel-windows-ix86+x86_64 0.6.8 197.00 135.00 332.00 NOTE

Memtest notes: UBSAN

Check Details

Version: 0.6.8
Check: installed package size
Result: NOTE
     installed size is 17.8Mb
     sub-directories of 1Mb or more:
     libs 16.6Mb
Flavors: r-devel-linux-x86_64-debian-clang, r-devel-linux-x86_64-debian-gcc, r-devel-linux-x86_64-fedora-clang, r-devel-linux-x86_64-fedora-gcc, r-devel-osx-x86_64-gcc, r-devel-windows-ix86+x86_64, r-patched-linux-x86_64, r-patched-solaris-sparc, r-patched-solaris-x86, r-release-linux-ix86, r-release-linux-x86_64, r-release-osx-x86_64-mavericks, r-release-osx-x86_64-snowleopard, r-release-windows-ix86+x86_64, r-oldrel-windows-ix86+x86_64

Version: 0.6.8
Check: PDF version of manual
Result: WARNING
    LaTeX errors when creating PDF version.
    This typically indicates Rd problems.
    LaTeX errors found:
    ! LaTeX Error: File `upquote.sty' not found.
    
    Type X to quit or <RETURN> to proceed,
    or enter new name. (Default extension: sty)
    
    50fce4/Rd2.tex:8: ==> Fatal error occurred, no output PDF file produced!
Flavor: r-release-osx-x86_64-mavericks