CRAN Package Check Results for Package phylobase

Last updated on 2014-07-26 16:48:41.

Flavor Version Tinstall Tcheck Ttotal Status Flags
r-devel-linux-x86_64-debian-clang 0.6.8 56.91 55.98 112.89 NOTE
r-devel-linux-x86_64-debian-gcc 0.6.8 84.58 55.49 140.07 NOTE
r-devel-linux-x86_64-fedora-clang 0.6.8 281.23 NOTE
r-devel-linux-x86_64-fedora-gcc 0.6.8 261.90 NOTE
r-devel-osx-x86_64-clang 0.6.8 217.52 OK
r-devel-windows-ix86+x86_64 0.6.8 226.00 124.00 350.00 NOTE
r-patched-linux-x86_64 0.6.8 84.15 56.48 140.63 NOTE
r-patched-solaris-sparc 0.6.8 1563.50 NOTE
r-patched-solaris-x86 0.6.8 368.40 NOTE
r-release-linux-ix86 0.6.8 107.80 69.57 177.36 NOTE
r-release-linux-x86_64 0.6.8 84.10 57.76 141.86 NOTE
r-release-osx-x86_64-mavericks 0.6.8 NOTE
r-release-osx-x86_64-snowleopard 0.6.8 NOTE
r-release-windows-ix86+x86_64 0.6.8 216.00 130.00 346.00 NOTE
r-oldrel-windows-ix86+x86_64 0.6.8 213.00 138.00 351.00 NOTE

Memtest notes: UBSAN

Check Details

Version: 0.6.8
Check: installed package size
Result: NOTE
     installed size is 18.3Mb
     sub-directories of 1Mb or more:
     libs 17.0Mb
Flavors: r-devel-linux-x86_64-debian-clang, r-devel-linux-x86_64-debian-gcc, r-devel-linux-x86_64-fedora-clang, r-devel-linux-x86_64-fedora-gcc, r-devel-windows-ix86+x86_64, r-patched-linux-x86_64, r-patched-solaris-sparc, r-patched-solaris-x86, r-release-linux-ix86, r-release-linux-x86_64, r-release-osx-x86_64-mavericks, r-release-osx-x86_64-snowleopard, r-release-windows-ix86+x86_64, r-oldrel-windows-ix86+x86_64