CRAN Package Check Results for Package phylobase

Last updated on 2014-08-02 03:50:58.

Flavor Version Tinstall Tcheck Ttotal Status Flags
r-devel-linux-x86_64-debian-clang 0.6.8 57.69 55.94 113.63 NOTE
r-devel-linux-x86_64-debian-gcc 0.6.8 84.68 54.81 139.49 NOTE
r-devel-linux-x86_64-fedora-clang 0.6.8 281.23 NOTE
r-devel-linux-x86_64-fedora-gcc 0.6.8 261.90 NOTE
r-devel-osx-x86_64-clang 0.6.8 219.75 OK
r-devel-windows-ix86+x86_64 0.6.8 227.00 125.00 352.00 NOTE
r-patched-linux-x86_64 0.6.8 83.86 56.79 140.65 NOTE
r-patched-solaris-sparc 0.6.8 1879.20 NOTE
r-patched-solaris-x86 0.6.8 371.00 NOTE
r-release-linux-ix86 0.6.8 107.91 69.86 177.76 NOTE
r-release-linux-x86_64 0.6.8 86.92 57.10 144.02 NOTE
r-release-osx-x86_64-mavericks 0.6.8 NOTE
r-release-osx-x86_64-snowleopard 0.6.8 NOTE
r-release-windows-ix86+x86_64 0.6.8 286.00 183.00 469.00 NOTE
r-oldrel-windows-ix86+x86_64 0.6.8 291.00 187.00 478.00 NOTE

Memtest notes: UBSAN

Check Details

Version: 0.6.8
Check: installed package size
Result: NOTE
     installed size is 18.3Mb
     sub-directories of 1Mb or more:
     libs 17.0Mb
Flavors: r-devel-linux-x86_64-debian-clang, r-devel-linux-x86_64-debian-gcc, r-devel-linux-x86_64-fedora-clang, r-devel-linux-x86_64-fedora-gcc, r-devel-windows-ix86+x86_64, r-patched-linux-x86_64, r-patched-solaris-sparc, r-patched-solaris-x86, r-release-linux-ix86, r-release-linux-x86_64, r-release-osx-x86_64-mavericks, r-release-osx-x86_64-snowleopard, r-release-windows-ix86+x86_64, r-oldrel-windows-ix86+x86_64