CRAN Package Check Results for Package phylobase

Last updated on 2017-12-14 21:49:40 CET.

Flavor Version Tinstall Tcheck Ttotal Status Flags
r-devel-linux-x86_64-debian-clang 0.8.4 20.58 57.44 78.02 FAIL
r-devel-linux-x86_64-debian-gcc 0.8.4 17.18 103.45 120.63 OK
r-devel-linux-x86_64-fedora-clang 0.8.4 185.35 OK
r-devel-linux-x86_64-fedora-gcc 0.8.4 182.87 OK
r-devel-windows-ix86+x86_64 0.8.4 82.00 277.00 359.00 OK
r-patched-linux-x86_64 0.8.4 20.69 140.81 161.50 OK
r-patched-solaris-x86 0.8.4 223.70 OK
r-release-linux-x86_64 0.8.4 22.14 139.52 161.66 OK
r-release-windows-ix86+x86_64 0.8.4 53.00 195.00 248.00 OK
r-release-osx-x86_64 0.8.4 OK
r-oldrel-windows-ix86+x86_64 0.8.4 72.00 253.00 325.00 OK
r-oldrel-osx-x86_64 0.8.4 OK

Check Details

Version: 0.8.4
Check: pragmas in C/C++ headers and code
Result: FAIL
    
Flavor: r-devel-linux-x86_64-debian-clang