CRAN Package Check Results for Package phylobase

Last updated on 2016-06-27 21:47:14.

Flavor Version Tinstall Tcheck Ttotal Status Flags
r-devel-linux-x86_64-debian-gcc 0.8.2 14.95 65.12 80.06 ERROR
r-devel-linux-x86_64-fedora-clang 0.8.2 103.84 ERROR
r-devel-linux-x86_64-fedora-gcc 0.8.2 145.81 ERROR
r-devel-osx-x86_64-clang 0.8.2 123.54 ERROR
r-devel-windows-ix86+x86_64 0.8.2 51.00 148.00 199.00 ERROR
r-patched-linux-x86_64 0.8.2 12.81 67.31 80.12 ERROR
r-patched-solaris-sparc 0.8.2 878.10 ERROR
r-patched-solaris-x86 0.8.2 188.00 ERROR
r-release-linux-x86_64 0.8.2 12.30 63.46 75.76 ERROR
r-release-osx-x86_64-mavericks 0.8.2 OK
r-release-windows-ix86+x86_64 0.8.2 62.00 150.00 212.00 ERROR
r-oldrel-windows-ix86+x86_64 0.8.2 53.00 174.00 227.00 ERROR

Check Details

Version: 0.8.2
Check: tests
Result: ERROR
    Running the tests in ‘tests/test-all.R’ failed.
    Last 13 lines of output:
     15: select_.data.frame(., drop)
     16: select_vars_(names(.data), dots)
     17: lazyeval::lazy_eval(args, names_list)
     18: lapply(x, lazy_eval, data = data)
     19: FUN(X[[i]], ...)
     20: eval(x$expr, data, x$env)
     21: eval(x$expr, data, x$env)
    
     testthat results ================================================================
     OK: 634 SKIPPED: 0 FAILED: 2
     1. Error: nexml to phylo4d (@test.class-phylo4d.R#309)
     2. Error: nexml to phylo4d (@test.setAs-Methods.R#99)
    
     Error: testthat unit tests failed
     Execution halted
Flavors: r-devel-linux-x86_64-debian-gcc, r-devel-linux-x86_64-fedora-clang, r-devel-linux-x86_64-fedora-gcc, r-devel-osx-x86_64-clang

Version: 0.8.2
Check: running tests for arch ‘i386’
Result: ERROR
    Running the tests in 'tests/test-all.R' failed.
    Last 13 lines of output:
     15: select_.data.frame(., drop)
     16: select_vars_(names(.data), dots)
     17: lazyeval::lazy_eval(args, names_list)
     18: lapply(x, lazy_eval, data = data)
     19: FUN(X[[i]], ...)
     20: eval(x$expr, data, x$env)
     21: eval(x$expr, data, x$env)
    
     testthat results ================================================================
     OK: 634 SKIPPED: 0 FAILED: 2
     1. Error: nexml to phylo4d (@test.class-phylo4d.R#309)
     2. Error: nexml to phylo4d (@test.setAs-Methods.R#99)
    
     Error: testthat unit tests failed
     Execution halted
Flavor: r-devel-windows-ix86+x86_64

Version: 0.8.2
Check: running tests for arch ‘x64’
Result: ERROR
    Running the tests in 'tests/test-all.R' failed.
    Last 13 lines of output:
     15: select_.data.frame(., drop)
     16: select_vars_(names(.data), dots)
     17: lazyeval::lazy_eval(args, names_list)
     18: lapply(x, lazy_eval, data = data)
     19: FUN(X[[i]], ...)
     20: eval(x$expr, data, x$env)
     21: eval(x$expr, data, x$env)
    
     testthat results ================================================================
     OK: 634 SKIPPED: 0 FAILED: 2
     1. Error: nexml to phylo4d (@test.class-phylo4d.R#309)
     2. Error: nexml to phylo4d (@test.setAs-Methods.R#99)
    
     Error: testthat unit tests failed
     Execution halted
Flavor: r-devel-windows-ix86+x86_64

Version: 0.8.2
Check: tests
Result: ERROR
    Running the tests in ‘tests/test-all.R’ failed.
    Last 13 lines of output:
     17: lazyeval::lazy_eval(args, names_list)
     18: lapply(x, lazy_eval, data = data)
     19: FUN(X[[i]], ...)
     20: eval(x$expr, data, x$env)
     21: eval(expr, envir, enclos)
    
     testthat results ================================================================
     OK: 634 SKIPPED: 0 FAILED: 2
     1. Error: nexml to phylo4d (@test.class-phylo4d.R#309)
     2. Error: nexml to phylo4d (@test.setAs-Methods.R#99)
    
     Error: testthat unit tests failed
     Execution halted
Flavors: r-patched-linux-x86_64, r-patched-solaris-sparc, r-patched-solaris-x86, r-release-linux-x86_64

Version: 0.8.2
Check: installed package size
Result: NOTE
     installed size is 6.3Mb
     sub-directories of 1Mb or more:
     libs 5.0Mb
Flavors: r-patched-solaris-sparc, r-patched-solaris-x86

Version: 0.8.2
Check: running tests for arch ‘i386’
Result: ERROR
    Running the tests in 'tests/test-all.R' failed.
    Last 13 lines of output:
     17: lazyeval::lazy_eval(args, names_list)
     18: lapply(x, lazy_eval, data = data)
     19: FUN(X[[i]], ...)
     20: eval(x$expr, data, x$env)
     21: eval(expr, envir, enclos)
    
     testthat results ================================================================
     OK: 634 SKIPPED: 0 FAILED: 2
     1. Error: nexml to phylo4d (@test.class-phylo4d.R#309)
     2. Error: nexml to phylo4d (@test.setAs-Methods.R#99)
    
     Error: testthat unit tests failed
     Execution halted
Flavors: r-release-windows-ix86+x86_64, r-oldrel-windows-ix86+x86_64

Version: 0.8.2
Check: running tests for arch ‘x64’
Result: ERROR
    Running the tests in 'tests/test-all.R' failed.
    Last 13 lines of output:
     17: lazyeval::lazy_eval(args, names_list)
     18: lapply(x, lazy_eval, data = data)
     19: FUN(X[[i]], ...)
     20: eval(x$expr, data, x$env)
     21: eval(expr, envir, enclos)
    
     testthat results ================================================================
     OK: 634 SKIPPED: 0 FAILED: 2
     1. Error: nexml to phylo4d (@test.class-phylo4d.R#309)
     2. Error: nexml to phylo4d (@test.setAs-Methods.R#99)
    
     Error: testthat unit tests failed
     Execution halted
Flavors: r-release-windows-ix86+x86_64, r-oldrel-windows-ix86+x86_64