CRAN Package Check Results for Package phylobase

Last updated on 2015-05-24 17:47:33.

Flavor Version Tinstall Tcheck Ttotal Status Flags
r-devel-linux-x86_64-debian-clang 0.6.8 68.70 49.33 118.03 NOTE
r-devel-linux-x86_64-debian-gcc 0.6.8 84.25 47.98 132.23 NOTE
r-devel-linux-x86_64-fedora-clang 0.6.8 275.64 NOTE
r-devel-linux-x86_64-fedora-gcc 0.6.8 259.92 NOTE
r-devel-osx-x86_64-clang 0.6.8 200.72 NOTE
r-devel-windows-ix86+x86_64 0.6.8 233.00 118.00 351.00 NOTE
r-patched-linux-x86_64 0.6.8 83.79 47.06 130.85 NOTE
r-patched-solaris-sparc 0.6.8 1780.00 NOTE
r-patched-solaris-x86 0.6.8 345.10 NOTE
r-release-linux-x86_64 0.6.8 84.91 47.03 131.94 NOTE
r-release-osx-x86_64-mavericks 0.6.8 NOTE
r-release-osx-x86_64-snowleopard 0.6.8 NOTE
r-release-windows-ix86+x86_64 0.6.8 225.00 132.00 357.00 NOTE
r-oldrel-windows-ix86+x86_64 0.6.8 222.00 145.00 367.00 NOTE

Memtest notes: UBSAN-gcc UBSAN

Check Details

Version: 0.6.8
Check: installed package size
Result: NOTE
     installed size is 19.3Mb
     sub-directories of 1Mb or more:
     libs 18.0Mb
Flavors: r-devel-linux-x86_64-debian-clang, r-devel-linux-x86_64-debian-gcc, r-devel-linux-x86_64-fedora-clang, r-devel-linux-x86_64-fedora-gcc, r-devel-windows-ix86+x86_64, r-patched-linux-x86_64, r-patched-solaris-sparc, r-patched-solaris-x86, r-release-linux-x86_64, r-release-osx-x86_64-mavericks, r-release-osx-x86_64-snowleopard, r-release-windows-ix86+x86_64, r-oldrel-windows-ix86+x86_64

Version: 0.6.8
Check: DESCRIPTION meta-information
Result: NOTE
    Malformed Description field: should contain one or more complete sentences.
Flavors: r-devel-linux-x86_64-debian-clang, r-devel-linux-x86_64-debian-gcc, r-devel-linux-x86_64-fedora-clang, r-devel-linux-x86_64-fedora-gcc, r-devel-osx-x86_64-clang, r-devel-windows-ix86+x86_64, r-patched-linux-x86_64, r-patched-solaris-sparc, r-patched-solaris-x86, r-release-linux-x86_64, r-release-osx-x86_64-mavericks, r-release-osx-x86_64-snowleopard, r-release-windows-ix86+x86_64

Version: 0.6.8
Check: dependencies in R code
Result: NOTE
    Package in Depends field not imported from: ‘grid’
     These packages need to be imported from (in the NAMESPACE file)
     for when this namespace is loaded but not attached.
Flavors: r-devel-linux-x86_64-debian-clang, r-devel-linux-x86_64-debian-gcc, r-devel-linux-x86_64-fedora-clang, r-devel-linux-x86_64-fedora-gcc, r-devel-osx-x86_64-clang, r-devel-windows-ix86+x86_64, r-patched-linux-x86_64, r-patched-solaris-sparc, r-patched-solaris-x86, r-release-linux-x86_64, r-release-osx-x86_64-mavericks, r-release-osx-x86_64-snowleopard, r-release-windows-ix86+x86_64, r-oldrel-windows-ix86+x86_64

Version: 0.6.8
Check: R code for possible problems
Result: NOTE
    .bubLegendGrob: no visible global function definition for ‘grob’
    drawDetails.bubLegend: no visible global function definition for
     ‘seekViewport’
    drawDetails.bubLegend: no visible global function definition for
     ‘convertUnit’
    drawDetails.bubLegend: no visible global function definition for ‘unit’
    drawDetails.bubLegend: no visible global function definition for
     ‘grid.circle’
    drawDetails.bubLegend: no visible global function definition for ‘gpar’
    drawDetails.bubLegend: no visible global function definition for
     ‘grid.text’
    phylobubbles: no visible global function definition for ‘stringWidth’
    phylobubbles: no visible global function definition for ‘convertWidth’
    phylobubbles: no visible global function definition for ‘unit’
    phylobubbles: no visible global function definition for ‘grid.layout’
    phylobubbles: no visible global function definition for ‘unit.c’
    phylobubbles: no visible global function definition for ‘pushViewport’
    phylobubbles: no visible global function definition for ‘viewport’
    phylobubbles: no visible global function definition for ‘convertUnit’
    phylobubbles: no visible global function definition for ‘grid.segments’
    phylobubbles: no visible global function definition for ‘gpar’
    phylobubbles: no visible global function definition for ‘grid.points’
    phylobubbles: no visible global function definition for ‘grid.rect’
    phylobubbles: no visible global function definition for ‘grid.circle’
    phylobubbles: no visible global function definition for ‘upViewport’
    phylobubbles: no visible global function definition for ‘grid.text’
    phylobubbles: no visible global function definition for ‘grid.draw’
    plotOneTree: no visible global function definition for ‘stringWidth’
    plotOneTree: no visible global function definition for ‘unit’
    plotOneTree: no visible global function definition for ‘grid.layout’
    plotOneTree: no visible global function definition for ‘unit.c’
    plotOneTree: no visible global function definition for ‘convertUnit’
    plotOneTree: no visible global function definition for ‘pushViewport’
    plotOneTree: no visible global function definition for ‘viewport’
    plotOneTree: no visible global function definition for ‘grid.segments’
    plotOneTree: no visible global function definition for ‘gpar’
    plotOneTree: no visible global function definition for ‘upViewport’
    plotOneTree: no visible global function definition for ‘grid.text’
    tip.data.plot: no visible binding for global variable ‘grid.points’
    tip.data.plot: no visible global function definition for ‘grid.layout’
    tip.data.plot: no visible global function definition for ‘unit’
    tip.data.plot: no visible global function definition for ‘pushViewport’
    tip.data.plot: no visible global function definition for ‘viewport’
    tip.data.plot: no visible global function definition for ‘convertY’
    tip.data.plot: no visible global function definition for ‘upViewport’
    treePlot: no visible global function definition for ‘grid.newpage’
    treePlot: no visible global function definition for ‘pushViewport’
    treePlot: no visible global function definition for ‘plotViewport’
    treePlot: no visible global function definition for ‘upViewport’
Flavors: r-devel-linux-x86_64-debian-clang, r-devel-linux-x86_64-debian-gcc, r-devel-linux-x86_64-fedora-clang, r-devel-linux-x86_64-fedora-gcc, r-devel-osx-x86_64-clang, r-devel-windows-ix86+x86_64, r-patched-linux-x86_64, r-patched-solaris-sparc, r-patched-solaris-x86, r-release-linux-x86_64, r-release-osx-x86_64-mavericks, r-release-osx-x86_64-snowleopard, r-release-windows-ix86+x86_64, r-oldrel-windows-ix86+x86_64