Last updated on 2023-12-05 14:48:57 CET.
Flavor | Version | Tinstall | Tcheck | Ttotal | Status | Flags |
---|---|---|---|---|---|---|
r-devel-linux-x86_64-debian-clang | 2.6.2 | 8.54 | 71.85 | 80.39 | NOTE | |
r-devel-linux-x86_64-debian-gcc | 2.6.2 | 7.66 | 53.77 | 61.43 | NOTE | |
r-devel-linux-x86_64-fedora-clang | 2.6.2 | 99.75 | NOTE | |||
r-devel-linux-x86_64-fedora-gcc | 2.6.2 | 95.39 | NOTE | |||
r-devel-windows-x86_64 | 2.6.2 | 12.00 | 78.00 | 90.00 | NOTE | |
r-patched-linux-x86_64 | 2.6.2 | 9.96 | 68.64 | 78.60 | NOTE | |
r-release-linux-x86_64 | 2.6.2 | 10.37 | 67.91 | 78.28 | NOTE | |
r-release-macos-arm64 | 2.6.2 | 35.00 | NOTE | |||
r-release-macos-x86_64 | 2.6.2 | 54.00 | NOTE | |||
r-release-windows-x86_64 | 2.6.2 | 14.00 | 86.00 | 100.00 | NOTE | |
r-oldrel-macos-arm64 | 2.6.2 | 32.00 | OK | |||
r-oldrel-macos-x86_64 | 2.6.2 | 46.00 | OK | |||
r-oldrel-windows-x86_64 | 2.6.2 | 14.00 | 90.00 | 104.00 | OK |
Version: 2.6.2
Check: C++ specification
Result: NOTE
Specified C++11: please drop specification unless essential
Flavors: r-devel-linux-x86_64-debian-clang, r-devel-linux-x86_64-debian-gcc, r-devel-linux-x86_64-fedora-clang, r-devel-linux-x86_64-fedora-gcc, r-devel-windows-x86_64, r-patched-linux-x86_64, r-release-linux-x86_64, r-release-macos-arm64, r-release-macos-x86_64, r-release-windows-x86_64
Version: 2.6.2
Check: Rd cross-references
Result: NOTE
Undeclared packages ‘future’, ‘geiger’, ‘caper’ in Rd xrefs
Flavor: r-devel-linux-x86_64-fedora-clang