CRAN Package Check Results for Package phyloseqGraphTest

Last updated on 2024-06-19 12:27:21 CEST.

Flavor Version Tinstall Tcheck Ttotal Status Flags
r-devel-linux-x86_64-debian-clang 0.1.1 28.46 283.77 312.23 OK
r-devel-linux-x86_64-debian-gcc 0.1.1 24.27 204.20 228.47 OK
r-devel-linux-x86_64-fedora-clang 0.1.1 393.15 NOTE
r-devel-linux-x86_64-fedora-gcc 0.1.1 372.73 OK
r-devel-windows-x86_64 0.1.1 25.00 180.00 205.00 OK
r-patched-linux-x86_64 0.1.1 27.86 267.64 295.50 OK
r-release-linux-x86_64 0.1.1 18.61 275.27 293.88 OK
r-release-macos-arm64 0.1.1 105.00 OK
r-release-macos-x86_64 0.1.1 158.00 OK
r-release-windows-x86_64 0.1.1 24.00 185.00 209.00 OK
r-oldrel-macos-arm64 0.1.1 124.00 OK
r-oldrel-macos-x86_64 0.1.1 348.00 OK
r-oldrel-windows-x86_64 0.1.1 33.00 251.00 284.00 OK

Check Details

Version: 0.1.1
Check: Rd cross-references
Result: NOTE Undeclared package ‘network’ in Rd xrefs Flavor: r-devel-linux-x86_64-fedora-clang