CRAN Package Check Results for Package phyloseqGraphTest

Last updated on 2020-09-26 11:49:13 CEST.

Flavor Version Tinstall Tcheck Ttotal Status Flags
r-devel-linux-x86_64-debian-clang 0.1.0 24.04 231.84 255.88 OK
r-devel-linux-x86_64-debian-gcc 0.1.0 21.91 171.56 193.47 OK
r-devel-linux-x86_64-fedora-clang 0.1.0 325.34 NOTE
r-devel-linux-x86_64-fedora-gcc 0.1.0 299.77 NOTE
r-devel-windows-ix86+x86_64 0.1.0 59.00 252.00 311.00 OK
r-patched-linux-x86_64 0.1.0 23.29 212.31 235.60 OK
r-patched-solaris-x86 0.1.0 415.10 NOTE
r-release-linux-x86_64 0.1.0 23.97 218.32 242.29 OK
r-release-macos-x86_64 0.1.0 NOTE
r-release-windows-ix86+x86_64 0.1.0 62.00 254.00 316.00 OK
r-oldrel-macos-x86_64 0.1.0 NOTE
r-oldrel-windows-ix86+x86_64 0.1.0 50.00 231.00 281.00 OK

Check Details

Version: 0.1.0
Check: dependencies in R code
Result: NOTE
    Namespace in Imports field not imported from: ‘intergraph’
     All declared Imports should be used.
Flavors: r-devel-linux-x86_64-fedora-clang, r-devel-linux-x86_64-fedora-gcc, r-patched-solaris-x86, r-release-macos-x86_64, r-oldrel-macos-x86_64