CRAN Package Check Results for Package phylosim

Last updated on 2014-10-31 11:47:29.

Flavor Version Tinstall Tcheck Ttotal Status Flags
r-devel-linux-x86_64-debian-clang 2.1.1 8.44 227.84 236.28 OK --no-vignettes
r-devel-linux-x86_64-debian-gcc 2.1.1 8.33 203.37 211.70 OK --no-vignettes
r-devel-linux-x86_64-fedora-clang 2.1.1 1049.75 OK --no-build-vignettes
r-devel-linux-x86_64-fedora-gcc 2.1.1 1003.39 OK --no-build-vignettes
r-devel-osx-x86_64-clang 2.1.1 757.39 OK --no-build-vignettes
r-devel-windows-ix86+x86_64 2.1.1 27.00 1126.00 1153.00 OK
r-patched-linux-x86_64 2.1.1 12.60 218.08 230.67 OK --no-vignettes
r-patched-solaris-sparc 2.1.1 2367.60 OK --no-vignettes
r-patched-solaris-x86 2.1.1 513.80 OK --no-vignettes
r-release-linux-ix86 2.1.1 10.78 244.23 255.01 OK --no-vignettes
r-release-linux-x86_64 2.1.1 8.76 221.77 230.53 OK --no-vignettes
r-release-osx-x86_64-mavericks 2.1.1 NOTE
r-release-osx-x86_64-snowleopard 2.1.1 OK
r-release-windows-ix86+x86_64 2.1.1 25.00 1169.00 1194.00 OK
r-oldrel-windows-ix86+x86_64 2.1.1 20.00 1129.00 1149.00 OK

Check Details

Version: 2.1.1
Check: re-building of vignette outputs
Result: NOTE
    Error in re-building vignettes:
     ...
    (./PhyloSim.tex
    LaTeX2e <2011/06/27>
    Babel <3.9f> and hyphenation patterns for 21 languages loaded.
    (/usr/local/texlive/2013basic/texmf-dist/tex/latex/base/article.cls
    Document Class: article 2007/10/19 v1.4h Standard LaTeX document class
    (/usr/local/texlive/2013basic/texmf-dist/tex/latex/base/size10.clo))
    (/usr/local/texlive/2013basic/texmf-dist/tex/latex/psnfss/times.sty)
    
    ! LaTeX Error: File `fullpage.sty' not found.
    
    Type X to quit or <RETURN> to proceed,
    or enter new name. (Default extension: sty)
    
    Enter file name:
    ! Emergency stop.
    <read *>
    
    l.19 \usepackage
     {hyperref}^^M
    ! ==> Fatal error occurred, no output PDF file produced!
    Transcript written on PhyloSim.log.
    make: *** [all] Error 1
    Error in buildVignettes(dir = "/Builds/CRAN-QA-Simon/packages/mavericks-x86_64/results/3.1/phylosim.Rcheck/vign_test/phylosim") :
     running 'make' failed
    Execution halted
Flavor: r-release-osx-x86_64-mavericks