CRAN Package Check Results for Package phylosim

Last updated on 2017-09-22 09:47:17.

Flavor Version Tinstall Tcheck Ttotal Status Flags
r-devel-linux-x86_64-debian-clang 3.0.2 8.42 222.95 231.36 OK --no-vignettes
r-devel-linux-x86_64-debian-gcc 3.0.2 8.28 223.22 231.50 OK --no-vignettes
r-devel-linux-x86_64-fedora-clang 3.0.2 884.42 OK
r-devel-linux-x86_64-fedora-gcc 3.0.2 880.98 OK
r-devel-windows-ix86+x86_64 3.0.2 22.00 318.00 340.00 OK --no-vignettes
r-patched-linux-x86_64 3.0.2 8.24 218.36 226.60 OK --no-vignettes
r-patched-solaris-x86 3.0.2 470.00 OK --no-vignettes
r-release-linux-x86_64 3.0.2 8.51 223.66 232.17 OK --no-vignettes
r-release-windows-ix86+x86_64 3.0.2 23.00 321.00 344.00 OK --no-vignettes
r-release-osx-x86_64 3.0.2 FAIL
r-oldrel-windows-ix86+x86_64 3.0.2 20.00 324.00 344.00 OK --no-vignettes
r-oldrel-osx-x86_64 3.0.2 OK

Check Details

Version: 3.0.2
Check: re-building of vignette outputs
Result: NOTE
    Error in re-building vignettes:
     ...
    Attaching package: ‘R.oo’
    
    The following objects are masked from ‘package:methods’:
    
     getClasses, getMethods
    
    The following objects are masked from ‘package:base’:
    
     attach, detach, gc, load, save
    
    Loading required package: ape
    Loading required package: compoisson
    Loading required package: MASS
    Loading required package: ggplot2
    Warning in setEquDist.GeneralSubstitution(this, value, force = TRUE) :
     The provided probabilities have been rescaled in order to sum to one!
    
    Warning in insertSequence.Sequence(sequence, insert, insert.pos, process = process) :
     The length of the sequence to be inserted is zero! Nothing to do here!
    
    Warning in insertSequence.Sequence(sequence, insert, insert.pos, process = process) :
     The length of the sequence to be inserted is zero! Nothing to do here!
    
    
    Execution halted
Flavor: r-release-osx-x86_64

Version: 3.0.2
Check: PDF version of manual
Result: FAIL
    
Flavor: r-release-osx-x86_64