CRAN Package Check Results for Package phylosim

Last updated on 2014-07-28 15:49:23.

Flavor Version Tinstall Tcheck Ttotal Status Flags
r-devel-linux-x86_64-debian-clang 2.1.1 9.47 213.43 222.90 OK --no-vignettes
r-devel-linux-x86_64-debian-gcc 2.1.1 9.37 212.98 222.35 OK --no-vignettes
r-devel-linux-x86_64-fedora-clang 2.1.1 1112.99 OK --no-build-vignettes
r-devel-linux-x86_64-fedora-gcc 2.1.1 1079.61 OK --no-build-vignettes
r-devel-osx-x86_64-clang 2.1.1 781.93 OK --no-build-vignettes
r-devel-windows-ix86+x86_64 2.1.1 27.00 1183.00 1210.00 OK
r-patched-linux-x86_64 2.1.1 9.02 211.44 220.46 OK --no-vignettes
r-patched-solaris-sparc 2.1.1 2420.90 OK --no-vignettes
r-patched-solaris-x86 2.1.1 510.20 OK --no-vignettes
r-release-linux-ix86 2.1.1 10.50 237.26 247.77 OK --no-vignettes
r-release-linux-x86_64 2.1.1 8.94 218.35 227.30 OK --no-vignettes
r-release-osx-x86_64-mavericks 2.1.1 NOTE
r-release-osx-x86_64-snowleopard 2.1.1 OK
r-release-windows-ix86+x86_64 2.1.1 22.00 1259.00 1281.00 OK
r-oldrel-windows-ix86+x86_64 2.1.1 23.00 1146.00 1169.00 OK

Check Details

Version: 2.1.1
Check: re-building of vignette outputs
Result: NOTE
    Error in re-building vignettes:
     ...
    (./PhyloSim.tex
    LaTeX2e <2011/06/27>
    Babel <3.9f> and hyphenation patterns for 21 languages loaded.
    (/usr/local/texlive/2013basic/texmf-dist/tex/latex/base/article.cls
    Document Class: article 2007/10/19 v1.4h Standard LaTeX document class
    (/usr/local/texlive/2013basic/texmf-dist/tex/latex/base/size10.clo))
    (/usr/local/texlive/2013basic/texmf-dist/tex/latex/psnfss/times.sty)
    
    ! LaTeX Error: File `fullpage.sty' not found.
    
    Type X to quit or <RETURN> to proceed,
    or enter new name. (Default extension: sty)
    
    Enter file name:
    ! Emergency stop.
    <read *>
    
    l.19 \usepackage
     {hyperref}^^M
    ! ==> Fatal error occurred, no output PDF file produced!
    Transcript written on PhyloSim.log.
    make: *** [all] Error 1
    Error in buildVignettes(dir = "/Builds/CRAN-QA-Simon/packages/mavericks-x86_64/results/3.1/phylosim.Rcheck/vign_test/phylosim") :
     running 'make' failed
    Execution halted
Flavor: r-release-osx-x86_64-mavericks