CRAN Package Check Results for Package phylosim

Last updated on 2017-07-27 02:47:48.

Flavor Version Tinstall Tcheck Ttotal Status Flags
r-devel-linux-x86_64-debian-clang 3.0.2 8.56 252.10 260.66 OK --no-vignettes
r-devel-linux-x86_64-debian-gcc 3.0.2 7.77 263.35 271.12 OK --no-vignettes
r-devel-linux-x86_64-fedora-clang 3.0.2 880.09 OK
r-devel-linux-x86_64-fedora-gcc 3.0.2 922.94 OK
r-devel-windows-ix86+x86_64 3.0.2 36.00 349.00 385.00 OK --no-vignettes
r-patched-linux-x86_64 3.0.2 7.91 253.52 261.43 OK --no-vignettes
r-patched-solaris-x86 3.0.2 452.80 OK --no-vignettes
r-release-linux-x86_64 3.0.2 8.33 279.44 287.77 OK --no-vignettes
r-release-windows-ix86+x86_64 3.0.2 32.00 421.00 453.00 OK --no-vignettes
r-release-osx-x86_64 3.0.2 FAIL
r-oldrel-windows-ix86+x86_64 3.0.2 23.00 478.00 501.00 OK --no-vignettes
r-oldrel-osx-x86_64 3.0.2 OK

Check Details

Version: 3.0.2
Check: re-building of vignette outputs
Result: NOTE
    Error in re-building vignettes:
     ...
    Attaching package: ‘R.oo’
    
    The following objects are masked from ‘package:methods’:
    
     getClasses, getMethods
    
    The following objects are masked from ‘package:base’:
    
     attach, detach, gc, load, save
    
    Loading required package: ape
    Loading required package: compoisson
    Loading required package: MASS
    Loading required package: ggplot2
    Warning in setEquDist.GeneralSubstitution(this, value, force = TRUE) :
     The provided probabilities have been rescaled in order to sum to one!
    
    Warning in insertSequence.Sequence(sequence, insert, insert.pos, process = process) :
     The length of the sequence to be inserted is zero! Nothing to do here!
    
    Warning in insertSequence.Sequence(sequence, insert, insert.pos, process = process) :
     The length of the sequence to be inserted is zero! Nothing to do here!
    
    
    Execution halted
Flavor: r-release-osx-x86_64

Version: 3.0.2
Check: PDF version of manual
Result: FAIL
    
Flavor: r-release-osx-x86_64