CRAN Package Check Results for Package phylosim

Last updated on 2018-05-20 14:47:03 CEST.

Flavor Version Tinstall Tcheck Ttotal Status Flags
r-devel-linux-x86_64-debian-clang 3.0.2 19.30 311.39 330.69 OK --no-vignettes
r-devel-linux-x86_64-debian-gcc 3.0.2 18.19 243.12 261.31 OK --no-vignettes
r-devel-linux-x86_64-fedora-clang 3.0.2 802.64 OK
r-devel-linux-x86_64-fedora-gcc 3.0.2 836.39 OK
r-devel-windows-ix86+x86_64 3.0.2 36.00 391.00 427.00 OK --no-vignettes
r-patched-linux-x86_64 3.0.2 18.61 300.79 319.40 OK --no-vignettes
r-patched-solaris-x86 3.0.2 498.10 OK --no-vignettes
r-release-linux-x86_64 3.0.2 17.79 302.32 320.11 OK --no-vignettes
r-release-windows-ix86+x86_64 3.0.2 32.00 313.00 345.00 OK --no-vignettes
r-release-osx-x86_64 3.0.2 OK
r-oldrel-windows-ix86+x86_64 3.0.2 21.00 393.00 414.00 OK --no-vignettes
r-oldrel-osx-x86_64 3.0.2 FAIL

Check Details

Version: 3.0.2
Check: re-building of vignette outputs
Result: NOTE
    Error in re-building vignettes:
     ...
    Attaching package: ‘R.oo’
    
    The following objects are masked from ‘package:methods’:
    
     getClasses, getMethods
    
    The following objects are masked from ‘package:base’:
    
     attach, detach, gc, load, save
    
    Loading required package: ape
    Loading required package: compoisson
    Loading required package: MASS
    Loading required package: ggplot2
    Warning in setEquDist.GeneralSubstitution(this, value, force = TRUE) :
     The provided probabilities have been rescaled in order to sum to one!
    
    Warning in insertSequence.Sequence(sequence, insert, insert.pos, process = process) :
     The length of the sequence to be inserted is zero! Nothing to do here!
    
    Warning in insertSequence.Sequence(sequence, insert, insert.pos, process = process) :
     The length of the sequence to be inserted is zero! Nothing to do here!
    
    
    Execution halted
Flavor: r-oldrel-osx-x86_64

Version: 3.0.2
Check: PDF version of manual
Result: FAIL
    
Flavor: r-oldrel-osx-x86_64