CRAN Package Check Results for Package phylosim

Last updated on 2017-11-24 14:49:53 CET.

Flavor Version Tinstall Tcheck Ttotal Status Flags
r-devel-linux-x86_64-debian-clang 3.0.2 10.16 461.32 471.48 OK --no-vignettes
r-devel-linux-x86_64-debian-gcc 3.0.2 10.33 395.00 405.33 OK --no-vignettes
r-devel-linux-x86_64-fedora-clang 3.0.2 845.21 OK
r-devel-linux-x86_64-fedora-gcc 3.0.2 838.77 OK
r-devel-windows-ix86+x86_64 3.0.2 18.00 428.00 446.00 OK --no-vignettes
r-patched-linux-x86_64 3.0.2 11.61 491.28 502.90 OK --no-vignettes
r-patched-solaris-x86 3.0.2 449.60 OK --no-vignettes
r-release-linux-x86_64 3.0.2 10.91 512.45 523.36 OK --no-vignettes
r-release-windows-ix86+x86_64 3.0.2 26.00 441.00 467.00 OK --no-vignettes
r-release-osx-x86_64 3.0.2 FAIL
r-oldrel-windows-ix86+x86_64 3.0.2 25.00 414.00 439.00 OK --no-vignettes
r-oldrel-osx-x86_64 3.0.2 OK

Check Details

Version: 3.0.2
Check: re-building of vignette outputs
Result: NOTE
    Error in re-building vignettes:
     ...
    Attaching package: ‘R.oo’
    
    The following objects are masked from ‘package:methods’:
    
     getClasses, getMethods
    
    The following objects are masked from ‘package:base’:
    
     attach, detach, gc, load, save
    
    Loading required package: ape
    Loading required package: compoisson
    Loading required package: MASS
    Loading required package: ggplot2
    Warning in setEquDist.GeneralSubstitution(this, value, force = TRUE) :
     The provided probabilities have been rescaled in order to sum to one!
    
    Warning in insertSequence.Sequence(sequence, insert, insert.pos, process = process) :
     The length of the sequence to be inserted is zero! Nothing to do here!
    
    Warning in insertSequence.Sequence(sequence, insert, insert.pos, process = process) :
     The length of the sequence to be inserted is zero! Nothing to do here!
    
    
    Execution halted
Flavor: r-release-osx-x86_64

Version: 3.0.2
Check: PDF version of manual
Result: FAIL
    
Flavor: r-release-osx-x86_64