CRAN Package Check Results for Package phylosim

Last updated on 2014-12-21 11:46:40.

Flavor Version Tinstall Tcheck Ttotal Status Flags
r-devel-linux-x86_64-debian-clang 2.1.1 8.38 221.72 230.11 OK --no-vignettes
r-devel-linux-x86_64-debian-gcc 2.1.1 8.21 221.47 229.68 OK --no-vignettes
r-devel-linux-x86_64-fedora-clang 2.1.1 1002.70 OK --no-build-vignettes
r-devel-linux-x86_64-fedora-gcc 2.1.1 838.71 OK --no-build-vignettes
r-devel-osx-x86_64-clang 2.1.1 793.03 OK --no-build-vignettes
r-devel-windows-ix86+x86_64 2.1.1 28.00 1117.00 1145.00 OK
r-patched-linux-x86_64 2.1.1 8.67 217.03 225.70 OK --no-vignettes
r-patched-solaris-sparc 2.1.1 2367.60 OK --no-vignettes
r-patched-solaris-x86 2.1.1 509.80 OK --no-vignettes
r-release-linux-ix86 2.1.1 10.33 228.32 238.65 OK --no-vignettes
r-release-linux-x86_64 2.1.1 9.05 225.66 234.71 OK --no-vignettes
r-release-osx-x86_64-mavericks 2.1.1 NOTE
r-release-osx-x86_64-snowleopard 2.1.1 OK
r-release-windows-ix86+x86_64 2.1.1 28.00 1207.00 1235.00 OK
r-oldrel-windows-ix86+x86_64 2.1.1 28.00 1158.00 1186.00 OK

Check Details

Version: 2.1.1
Check: re-building of vignette outputs
Result: NOTE
    Error in re-building vignettes:
     ...
    (./PhyloSim.tex
    LaTeX2e <2011/06/27>
    Babel <3.9f> and hyphenation patterns for 21 languages loaded.
    (/usr/local/texlive/2013basic/texmf-dist/tex/latex/base/article.cls
    Document Class: article 2007/10/19 v1.4h Standard LaTeX document class
    (/usr/local/texlive/2013basic/texmf-dist/tex/latex/base/size10.clo))
    (/usr/local/texlive/2013basic/texmf-dist/tex/latex/psnfss/times.sty)
    
    ! LaTeX Error: File `fullpage.sty' not found.
    
    Type X to quit or <RETURN> to proceed,
    or enter new name. (Default extension: sty)
    
    Enter file name:
    ! Emergency stop.
    <read *>
    
    l.19 \usepackage
     {hyperref}^^M
    ! ==> Fatal error occurred, no output PDF file produced!
    Transcript written on PhyloSim.log.
    make: *** [all] Error 1
    Error in buildVignettes(dir = "/Builds/CRAN-QA-Simon/packages/mavericks-x86_64/results/3.1/phylosim.Rcheck/vign_test/phylosim") :
     running 'make' failed
    Execution halted
Flavor: r-release-osx-x86_64-mavericks