CRAN Package Check Results for Package phylosim

Last updated on 2014-04-21 12:43:23.

Flavor Version Tinstall Tcheck Ttotal Status Flags
r-devel-linux-x86_64-debian-clang 2.1.1 9.23 227.04 236.27 OK --no-vignettes
r-devel-linux-x86_64-debian-gcc 2.1.1 9.42 228.70 238.12 OK --no-vignettes
r-devel-linux-x86_64-fedora-clang 2.1.1 1146.03 OK --no-build-vignettes
r-devel-linux-x86_64-fedora-gcc 2.1.1 1108.37 OK --no-build-vignettes
r-devel-osx-x86_64-clang 2.1.1 824.73 OK --no-build-vignettes
r-devel-osx-x86_64-gcc 2.1.1 ERROR
r-devel-windows-ix86+x86_64 2.1.1 22.00 1232.00 1254.00 OK
r-patched-linux-x86_64 2.1.1 9.36 227.04 236.40 OK --no-vignettes
r-patched-solaris-sparc 2.1.1 2420.90 OK --no-vignettes
r-patched-solaris-x86 2.1.1 530.60 OK --no-vignettes
r-release-linux-x86_64 2.1.1 9.57 230.12 239.69 OK --no-vignettes
r-release-osx-x86_64-mavericks 2.1.1 WARN
r-release-osx-x86_64-snowleopard 2.1.1 OK
r-release-windows-ix86+x86_64 2.1.1 30.00 1232.00 1262.00 OK
r-oldrel-windows-ix86+x86_64 2.1.1 24.00 1173.00 1197.00 OK

Check Details

Version: 2.1.1
Check: package dependencies
Result: ERROR
    Package required but not available: ‘ggplot2’
    
    See the information on DESCRIPTION files in the chapter ‘Creating R
    packages’ of the ‘Writing R Extensions’ manual.
Flavor: r-devel-osx-x86_64-gcc

Version: 2.1.1
Check: re-building of vignette outputs
Result: NOTE
    Error in re-building vignettes:
     ...
    (./PhyloSim.tex
    LaTeX2e <2011/06/27>
    Babel <3.9f> and hyphenation patterns for 21 languages loaded.
    (/usr/local/texlive/2013basic/texmf-dist/tex/latex/base/article.cls
    Document Class: article 2007/10/19 v1.4h Standard LaTeX document class
    (/usr/local/texlive/2013basic/texmf-dist/tex/latex/base/size10.clo))
    (/usr/local/texlive/2013basic/texmf-dist/tex/latex/psnfss/times.sty)
    
    ! LaTeX Error: File `fullpage.sty' not found.
    
    Type X to quit or <RETURN> to proceed,
    or enter new name. (Default extension: sty)
    
    Enter file name:
    ! Emergency stop.
    <read *>
    
    l.19 \usepackage
     {hyperref}^^M
    ! ==> Fatal error occurred, no output PDF file produced!
    Transcript written on PhyloSim.log.
    make: *** [all] Error 1
    Error in buildVignettes(dir = "/Builds/CRAN-QA-Simon/packages/mavericks-x86_64/results/3.1/phylosim.Rcheck/vign_test/phylosim") :
     running 'make' failed
    Execution halted
Flavor: r-release-osx-x86_64-mavericks

Version: 2.1.1
Check: PDF version of manual
Result: WARNING
    LaTeX errors when creating PDF version.
    This typically indicates Rd problems.
    LaTeX errors found:
    ! LaTeX Error: File `upquote.sty' not found.
    
    Type X to quit or <RETURN> to proceed,
    or enter new name. (Default extension: sty)
    
    f7d7002/Rd2.tex:8: ==> Fatal error occurred, no output PDF file produced!
Flavor: r-release-osx-x86_64-mavericks