CRAN Package Check Results for Package phylosim

Last updated on 2018-02-26 03:49:08 CET.

Flavor Version Tinstall Tcheck Ttotal Status Flags
r-devel-linux-x86_64-debian-clang 3.0.2 19.85 281.21 301.06 OK --no-vignettes
r-devel-linux-x86_64-debian-gcc 3.0.2 16.10 256.22 272.32 OK --no-vignettes
r-devel-linux-x86_64-fedora-clang 3.0.2 878.63 OK
r-devel-linux-x86_64-fedora-gcc 3.0.2 829.83 OK
r-devel-windows-ix86+x86_64 3.0.2 42.00 308.00 350.00 OK --no-vignettes
r-patched-linux-x86_64 3.0.2 12.20 352.22 364.42 OK --no-vignettes
r-patched-solaris-x86 3.0.2 447.30 OK --no-vignettes
r-release-linux-x86_64 3.0.2 11.93 367.84 379.77 OK --no-vignettes
r-release-windows-ix86+x86_64 3.0.2 41.00 411.00 452.00 OK --no-vignettes
r-release-osx-x86_64 3.0.2 FAIL
r-oldrel-windows-ix86+x86_64 3.0.2 23.00 294.00 317.00 OK --no-vignettes
r-oldrel-osx-x86_64 3.0.2 OK

Check Details

Version: 3.0.2
Check: re-building of vignette outputs
Result: NOTE
    Error in re-building vignettes:
     ...
    Attaching package: ‘R.oo’
    
    The following objects are masked from ‘package:methods’:
    
     getClasses, getMethods
    
    The following objects are masked from ‘package:base’:
    
     attach, detach, gc, load, save
    
    Loading required package: ape
    Loading required package: compoisson
    Loading required package: MASS
    Loading required package: ggplot2
    Warning in setEquDist.GeneralSubstitution(this, value, force = TRUE) :
     The provided probabilities have been rescaled in order to sum to one!
    
    Warning in insertSequence.Sequence(sequence, insert, insert.pos, process = process) :
     The length of the sequence to be inserted is zero! Nothing to do here!
    
    Warning in insertSequence.Sequence(sequence, insert, insert.pos, process = process) :
     The length of the sequence to be inserted is zero! Nothing to do here!
    
    
    Execution halted
Flavor: r-release-osx-x86_64

Version: 3.0.2
Check: PDF version of manual
Result: FAIL
    
Flavor: r-release-osx-x86_64