CRAN Package Check Results for Package phylotools

Last updated on 2014-07-23 17:49:02.

Flavor Version Tinstall Tcheck Ttotal Status Flags
r-devel-linux-x86_64-debian-clang 0.1.2 3.27 36.96 40.23 OK
r-devel-linux-x86_64-debian-gcc 0.1.2 2.76 36.78 39.54 OK
r-devel-linux-x86_64-fedora-clang 0.1.2 87.28 NOTE
r-devel-linux-x86_64-fedora-gcc 0.1.2 82.45 NOTE
r-devel-osx-x86_64-clang 0.1.2 75.03 OK
r-devel-windows-ix86+x86_64 0.1.2 10.00 54.00 64.00 OK
r-patched-linux-x86_64 0.1.2 2.97 37.11 40.08 OK
r-patched-solaris-sparc 0.1.2 486.10 OK
r-patched-solaris-x86 0.1.2 103.00 OK
r-release-linux-ix86 0.1.2 3.59 49.99 53.58 OK
r-release-linux-x86_64 0.1.2 2.83 38.24 41.07 OK
r-release-osx-x86_64-mavericks 0.1.2 OK
r-release-osx-x86_64-snowleopard 0.1.2 ERROR
r-release-windows-ix86+x86_64 0.1.2 10.00 58.00 68.00 OK
r-oldrel-windows-ix86+x86_64 0.1.2 9.00 56.00 65.00 OK

Check Details

Version: 0.1.2
Check: Rd line widths
Result: NOTE
    Rd file 'imagevect.Rd':
     \usage lines wider than 90 characters:
     imagevect(x, labels, contour = FALSE, gridsize = 20, axes = TRUE, nlabx = 5, nlaby = 5, ...)
    
    Rd file 'phylocom.comdist.Rd':
     \usage lines wider than 90 characters:
     phylocom.comdist(sample = "sample", phylo = "phylo", method = "comdist", aw = TRUE, file = "comdist.txt")
    
    These lines will be truncated in the PDF manual.
Flavors: r-devel-linux-x86_64-fedora-clang, r-devel-linux-x86_64-fedora-gcc

Version: 0.1.2
Check: whether package can be installed
Result: ERROR
    Installation failed.
    See ‘/Volumes/XT3/Builds/R-dev-web/QA/Simon/packages/snowleopard-x86_64/results/3.1/phylotools.Rcheck/00install.out’ for details.
Flavor: r-release-osx-x86_64-snowleopard