CRAN Package Check Results for Package phylotools

Last updated on 2015-04-01 08:50:12.

Flavor Version Tinstall Tcheck Ttotal Status Flags
r-devel-linux-x86_64-debian-clang 0.1.2 4.12 53.34 57.47 NOTE
r-devel-linux-x86_64-debian-gcc 0.1.2 4.04 49.33 53.37 NOTE
r-devel-linux-x86_64-fedora-clang 0.1.2 112.62 NOTE
r-devel-linux-x86_64-fedora-gcc 0.1.2 124.81 NOTE
r-devel-osx-x86_64-clang 0.1.2 103.13 OK
r-prerel-windows-ix86+x86_64 0.1.2 11.00 72.00 83.00 OK
r-prerel-linux-x86_64 0.1.2 4.14 49.65 53.79 NOTE
r-prerel-solaris-sparc 0.1.2 649.00 OK
r-prerel-solaris-x86 0.1.2 141.70 OK
r-release-linux-x86_64 0.1.2 7.50 68.82 76.32 NOTE
r-release-osx-x86_64-mavericks 0.1.2 OK
r-release-osx-x86_64-snowleopard 0.1.2 ERROR
r-release-windows-ix86+x86_64 0.1.2 17.00 103.00 120.00 OK
r-oldrel-windows-ix86+x86_64 0.1.2 17.00 99.00 116.00 OK

Check Details

Version: 0.1.2
Check: Rd line widths
Result: NOTE
    Rd file 'imagevect.Rd':
     \usage lines wider than 90 characters:
     imagevect(x, labels, contour = FALSE, gridsize = 20, axes = TRUE, nlabx = 5, nlaby = 5, ...)
    
    Rd file 'phylocom.comdist.Rd':
     \usage lines wider than 90 characters:
     phylocom.comdist(sample = "sample", phylo = "phylo", method = "comdist", aw = TRUE, file = "comdist.txt")
    
    These lines will be truncated in the PDF manual.
Flavors: r-devel-linux-x86_64-debian-clang, r-devel-linux-x86_64-debian-gcc, r-devel-linux-x86_64-fedora-clang, r-devel-linux-x86_64-fedora-gcc, r-prerel-linux-x86_64, r-release-linux-x86_64

Version: 0.1.2
Check: whether package can be installed
Result: ERROR
    Installation failed.
Flavor: r-release-osx-x86_64-snowleopard