CRAN Package Check Results for Package phylotools

Last updated on 2015-05-05 11:48:11.

Flavor Version Tinstall Tcheck Ttotal Status Flags
r-devel-linux-x86_64-debian-clang 0.1.2 4.18 50.48 54.67 NOTE
r-devel-linux-x86_64-debian-gcc 0.1.2 4.04 49.16 53.20 NOTE
r-devel-linux-x86_64-fedora-clang 0.1.2 119.41 NOTE
r-devel-linux-x86_64-fedora-gcc 0.1.2 105.71 NOTE
r-devel-osx-x86_64-clang 0.1.2 95.18 OK
r-devel-windows-ix86+x86_64 0.1.2 11.00 69.00 80.00 OK
r-patched-linux-x86_64 0.1.2 4.13 49.45 53.58 NOTE
r-patched-solaris-sparc 0.1.2 649.00 OK
r-patched-solaris-x86 0.1.2 144.90 OK
r-release-linux-x86_64 0.1.2 4.09 50.75 54.84 NOTE
r-release-osx-x86_64-mavericks 0.1.2 OK
r-release-osx-x86_64-snowleopard 0.1.2 ERROR
r-release-windows-ix86+x86_64 0.1.2 15.00 104.00 119.00 OK
r-oldrel-windows-ix86+x86_64 0.1.2 17.00 145.00 162.00 OK

Check Details

Version: 0.1.2
Check: Rd line widths
Result: NOTE
    Rd file 'imagevect.Rd':
     \usage lines wider than 90 characters:
     imagevect(x, labels, contour = FALSE, gridsize = 20, axes = TRUE, nlabx = 5, nlaby = 5, ...)
    
    Rd file 'phylocom.comdist.Rd':
     \usage lines wider than 90 characters:
     phylocom.comdist(sample = "sample", phylo = "phylo", method = "comdist", aw = TRUE, file = "comdist.txt")
    
    These lines will be truncated in the PDF manual.
Flavors: r-devel-linux-x86_64-debian-clang, r-devel-linux-x86_64-debian-gcc, r-devel-linux-x86_64-fedora-clang, r-devel-linux-x86_64-fedora-gcc, r-patched-linux-x86_64, r-release-linux-x86_64

Version: 0.1.2
Check: package dependencies
Result: ERROR
    Packages required but not available: ‘picante’ ‘spaa’ ‘fields’
    
    Package suggested but not available for checking: ‘vegan’
    
    See section ‘The DESCRIPTION file’ in the ‘Writing R Extensions’
    manual.
Flavor: r-release-osx-x86_64-snowleopard