CRAN Package Check Results for Package phylotools

Last updated on 2014-04-21 05:48:19.

Flavor Version Tinstall Tcheck Ttotal Status Flags
r-devel-linux-x86_64-debian-clang 0.1.2 2.96 40.74 43.70 OK
r-devel-linux-x86_64-debian-gcc 0.1.2 3.03 39.61 42.64 OK
r-devel-linux-x86_64-fedora-clang 0.1.2 88.39 NOTE
r-devel-linux-x86_64-fedora-gcc 0.1.2 82.66 NOTE
r-devel-macosx-x86_64-clang 0.1.2 79.88 OK
r-devel-macosx-x86_64-gcc 0.1.2 ERROR
r-devel-windows-ix86+x86_64 0.1.2 9.00 55.00 64.00 OK
r-patched-linux-x86_64 0.1.2 3.21 39.51 42.72 OK
r-patched-solaris-sparc 0.1.2 486.10 OK
r-patched-solaris-x86 0.1.2 106.50 OK
r-release-linux-ix86 OK
r-release-linux-x86_64 0.1.2 3.02 39.97 43.00 OK
r-release-macosx-x86_64 0.1.2 ERROR
r-release-windows-ix86+x86_64 0.1.2 12.00 58.00 70.00 OK
r-oldrel-windows-ix86+x86_64 0.1.2 8.00 62.00 70.00 OK

Check Details

Version: 0.1.2
Check: Rd line widths
Result: NOTE
    Rd file 'imagevect.Rd':
     \usage lines wider than 90 characters:
     imagevect(x, labels, contour = FALSE, gridsize = 20, axes = TRUE, nlabx = 5, nlaby = 5, ...)
    
    Rd file 'phylocom.comdist.Rd':
     \usage lines wider than 90 characters:
     phylocom.comdist(sample = "sample", phylo = "phylo", method = "comdist", aw = TRUE, file = "comdist.txt")
    
    These lines will be truncated in the PDF manual.
Flavors: r-devel-linux-x86_64-fedora-clang, r-devel-linux-x86_64-fedora-gcc

Version: 0.1.2
Check: package dependencies
Result: ERROR
    Packages required but not available: ‘picante’ ‘spaa’ ‘fields’
    
    Package suggested but not available for checking: ‘vegan’
    
    See the information on DESCRIPTION files in the chapter ‘Creating R
    packages’ of the ‘Writing R Extensions’ manual.
Flavor: r-devel-macosx-x86_64-gcc

Version: 0.1.2
Check: whether package can be installed
Result: ERROR
    Installation failed.
    See ‘/Volumes/XT3/Builds/R-dev-web/QA/Simon/packages/snowleopard-x86_64/results/3.1/phylotools.Rcheck/00install.out’ for details.
Flavor: r-release-macosx-x86_64