CRAN Package Check Results for Package phylotools

Last updated on 2014-09-22 03:48:23.

Flavor Version Tinstall Tcheck Ttotal Status Flags
r-devel-linux-x86_64-debian-clang 0.1.2 3.10 41.61 44.70 NOTE
r-devel-linux-x86_64-debian-gcc 0.1.2 3.17 40.06 43.23 NOTE
r-devel-linux-x86_64-fedora-clang 0.1.2 91.83 NOTE
r-devel-linux-x86_64-fedora-gcc 0.1.2 85.09 NOTE
r-devel-osx-x86_64-clang 0.1.2 79.98 OK
r-devel-windows-ix86+x86_64 0.1.2 11.00 60.00 71.00 OK
r-patched-linux-x86_64 0.1.2 3.42 42.08 45.50 NOTE
r-patched-solaris-sparc 0.1.2 481.80 OK
r-patched-solaris-x86 0.1.2 115.10 OK
r-release-linux-ix86 0.1.2 4.15 52.65 56.80 OK
r-release-linux-x86_64 0.1.2 3.31 43.73 47.04 NOTE
r-release-osx-x86_64-mavericks 0.1.2 OK
r-release-osx-x86_64-snowleopard 0.1.2 ERROR
r-release-windows-ix86+x86_64 0.1.2 10.00 65.00 75.00 OK
r-oldrel-windows-ix86+x86_64 0.1.2 11.00 60.00 71.00 OK

Check Details

Version: 0.1.2
Check: Rd line widths
Result: NOTE
    Rd file 'imagevect.Rd':
     \usage lines wider than 90 characters:
     imagevect(x, labels, contour = FALSE, gridsize = 20, axes = TRUE, nlabx = 5, nlaby = 5, ...)
    
    Rd file 'phylocom.comdist.Rd':
     \usage lines wider than 90 characters:
     phylocom.comdist(sample = "sample", phylo = "phylo", method = "comdist", aw = TRUE, file = "comdist.txt")
    
    These lines will be truncated in the PDF manual.
Flavors: r-devel-linux-x86_64-debian-clang, r-devel-linux-x86_64-debian-gcc, r-devel-linux-x86_64-fedora-clang, r-devel-linux-x86_64-fedora-gcc, r-patched-linux-x86_64, r-release-linux-x86_64

Version: 0.1.2
Check: whether package can be installed
Result: ERROR
    Installation failed.
Flavor: r-release-osx-x86_64-snowleopard