CRAN Package Check Results for Package phylotools

Last updated on 2014-08-02 08:48:40.

Flavor Version Tinstall Tcheck Ttotal Status Flags
r-devel-linux-x86_64-debian-clang 0.1.2 2.76 37.38 40.14 OK
r-devel-linux-x86_64-debian-gcc 0.1.2 2.72 37.12 39.84 OK
r-devel-linux-x86_64-fedora-clang 0.1.2 87.08 NOTE
r-devel-linux-x86_64-fedora-gcc 0.1.2 82.27 NOTE
r-devel-osx-x86_64-clang 0.1.2 73.22 OK
r-devel-windows-ix86+x86_64 0.1.2 11.00 55.00 66.00 OK
r-patched-linux-x86_64 0.1.2 2.94 37.89 40.83 OK
r-patched-solaris-sparc 0.1.2 481.80 OK
r-patched-solaris-x86 0.1.2 103.00 OK
r-release-linux-ix86 0.1.2 3.55 46.98 50.53 OK
r-release-linux-x86_64 0.1.2 3.22 39.70 42.93 OK
r-release-osx-x86_64-mavericks 0.1.2 OK
r-release-osx-x86_64-snowleopard 0.1.2 ERROR
r-release-windows-ix86+x86_64 0.1.2 9.00 59.00 68.00 OK
r-oldrel-windows-ix86+x86_64 0.1.2 15.00 84.00 99.00 OK

Check Details

Version: 0.1.2
Check: Rd line widths
Result: NOTE
    Rd file 'imagevect.Rd':
     \usage lines wider than 90 characters:
     imagevect(x, labels, contour = FALSE, gridsize = 20, axes = TRUE, nlabx = 5, nlaby = 5, ...)
    
    Rd file 'phylocom.comdist.Rd':
     \usage lines wider than 90 characters:
     phylocom.comdist(sample = "sample", phylo = "phylo", method = "comdist", aw = TRUE, file = "comdist.txt")
    
    These lines will be truncated in the PDF manual.
Flavors: r-devel-linux-x86_64-fedora-clang, r-devel-linux-x86_64-fedora-gcc

Version: 0.1.2
Check: whether package can be installed
Result: ERROR
    Installation failed.
Flavor: r-release-osx-x86_64-snowleopard