CRAN Package Check Results for Package phylotools

Last updated on 2014-10-21 12:49:14.

Flavor Version Tinstall Tcheck Ttotal Status Flags
r-devel-linux-x86_64-debian-clang 0.1.2 3.15 41.66 44.81 NOTE
r-devel-linux-x86_64-debian-gcc 0.1.2 3.10 41.08 44.17 NOTE
r-devel-linux-x86_64-fedora-clang 0.1.2 94.85 NOTE
r-devel-linux-x86_64-fedora-gcc 0.1.2 88.35 NOTE
r-devel-osx-x86_64-clang 0.1.2 86.74 OK
r-devel-windows-ix86+x86_64 0.1.2 10.00 61.00 71.00 OK
r-patched-linux-x86_64 0.1.2 3.42 43.82 47.24 NOTE
r-patched-solaris-sparc 0.1.2 481.80 OK
r-patched-solaris-x86 0.1.2 114.30 OK
r-release-linux-ix86 0.1.2 4.05 52.47 56.52 OK
r-release-linux-x86_64 0.1.2 3.32 44.16 47.48 NOTE
r-release-osx-x86_64-mavericks 0.1.2 OK
r-release-osx-x86_64-snowleopard 0.1.2 ERROR
r-release-windows-ix86+x86_64 0.1.2 11.00 69.00 80.00 OK
r-oldrel-windows-ix86+x86_64 0.1.2 13.00 64.00 77.00 OK

Check Details

Version: 0.1.2
Check: Rd line widths
Result: NOTE
    Rd file 'imagevect.Rd':
     \usage lines wider than 90 characters:
     imagevect(x, labels, contour = FALSE, gridsize = 20, axes = TRUE, nlabx = 5, nlaby = 5, ...)
    
    Rd file 'phylocom.comdist.Rd':
     \usage lines wider than 90 characters:
     phylocom.comdist(sample = "sample", phylo = "phylo", method = "comdist", aw = TRUE, file = "comdist.txt")
    
    These lines will be truncated in the PDF manual.
Flavors: r-devel-linux-x86_64-debian-clang, r-devel-linux-x86_64-debian-gcc, r-devel-linux-x86_64-fedora-clang, r-devel-linux-x86_64-fedora-gcc, r-patched-linux-x86_64, r-release-linux-x86_64

Version: 0.1.2
Check: whether package can be installed
Result: ERROR
    Installation failed.
Flavor: r-release-osx-x86_64-snowleopard