CRAN Package Check Results for Package phylotools

Last updated on 2014-11-26 23:48:48.

Flavor Version Tinstall Tcheck Ttotal Status Flags
r-devel-linux-x86_64-debian-clang 0.1.2 5.94 70.26 76.19 NOTE
r-devel-linux-x86_64-debian-gcc 0.1.2 5.79 71.08 76.87 NOTE
r-devel-linux-x86_64-fedora-clang 0.1.2 174.43 NOTE
r-devel-linux-x86_64-fedora-gcc 0.1.2 176.54 NOTE
r-devel-osx-x86_64-clang 0.1.2 156.80 OK
r-devel-windows-ix86+x86_64 0.1.2 17.00 93.00 110.00 OK
r-patched-linux-x86_64 0.1.2 6.40 73.64 80.03 NOTE
r-patched-solaris-sparc 0.1.2 481.80 OK
r-patched-solaris-x86 0.1.2 242.40 OK
r-release-linux-ix86 0.1.2 7.66 87.58 95.24 OK
r-release-linux-x86_64 0.1.2 6.68 73.92 80.60 NOTE
r-release-osx-x86_64-mavericks 0.1.2 OK
r-release-osx-x86_64-snowleopard 0.1.2 ERROR
r-release-windows-ix86+x86_64 0.1.2 15.00 107.00 122.00 OK
r-oldrel-windows-ix86+x86_64 0.1.2 17.00 101.00 118.00 OK

Check Details

Version: 0.1.2
Check: Rd line widths
Result: NOTE
    Rd file 'imagevect.Rd':
     \usage lines wider than 90 characters:
     imagevect(x, labels, contour = FALSE, gridsize = 20, axes = TRUE, nlabx = 5, nlaby = 5, ...)
    
    Rd file 'phylocom.comdist.Rd':
     \usage lines wider than 90 characters:
     phylocom.comdist(sample = "sample", phylo = "phylo", method = "comdist", aw = TRUE, file = "comdist.txt")
    
    These lines will be truncated in the PDF manual.
Flavors: r-devel-linux-x86_64-debian-clang, r-devel-linux-x86_64-debian-gcc, r-devel-linux-x86_64-fedora-clang, r-devel-linux-x86_64-fedora-gcc, r-patched-linux-x86_64, r-release-linux-x86_64

Version: 0.1.2
Check: whether package can be installed
Result: ERROR
    Installation failed.
Flavor: r-release-osx-x86_64-snowleopard