CRAN Package Check Results for Package phylotools

Last updated on 2014-12-20 03:49:37.

Flavor Version Tinstall Tcheck Ttotal Status Flags
r-devel-linux-x86_64-debian-clang 0.1.2 6.10 72.97 79.06 NOTE
r-devel-linux-x86_64-debian-gcc 0.1.2 6.22 69.65 75.87 NOTE
r-devel-linux-x86_64-fedora-clang 0.1.2 176.03 NOTE
r-devel-linux-x86_64-fedora-gcc 0.1.2 161.10 NOTE
r-devel-osx-x86_64-clang 0.1.2 159.66 OK
r-devel-windows-ix86+x86_64 0.1.2 21.00 100.00 121.00 OK
r-patched-linux-x86_64 0.1.2 6.53 72.74 79.28 NOTE
r-patched-solaris-sparc 0.1.2 481.80 OK
r-patched-solaris-x86 0.1.2 245.60 OK
r-release-linux-ix86 0.1.2 7.64 87.10 94.73 OK
r-release-linux-x86_64 0.1.2 6.24 74.44 80.68 NOTE
r-release-osx-x86_64-mavericks 0.1.2 OK
r-release-osx-x86_64-snowleopard 0.1.2 ERROR
r-release-windows-ix86+x86_64 0.1.2 21.00 99.00 120.00 OK
r-oldrel-windows-ix86+x86_64 0.1.2 19.00 99.00 118.00 OK

Check Details

Version: 0.1.2
Check: Rd line widths
Result: NOTE
    Rd file 'imagevect.Rd':
     \usage lines wider than 90 characters:
     imagevect(x, labels, contour = FALSE, gridsize = 20, axes = TRUE, nlabx = 5, nlaby = 5, ...)
    
    Rd file 'phylocom.comdist.Rd':
     \usage lines wider than 90 characters:
     phylocom.comdist(sample = "sample", phylo = "phylo", method = "comdist", aw = TRUE, file = "comdist.txt")
    
    These lines will be truncated in the PDF manual.
Flavors: r-devel-linux-x86_64-debian-clang, r-devel-linux-x86_64-debian-gcc, r-devel-linux-x86_64-fedora-clang, r-devel-linux-x86_64-fedora-gcc, r-patched-linux-x86_64, r-release-linux-x86_64

Version: 0.1.2
Check: whether package can be installed
Result: ERROR
    Installation failed.
Flavor: r-release-osx-x86_64-snowleopard