CRAN Package Check Results for Package phylotools

Last updated on 2015-03-02 05:47:47.

Flavor Version Tinstall Tcheck Ttotal Status Flags
r-devel-linux-x86_64-debian-clang 0.1.2 4.23 50.75 54.98 NOTE
r-devel-linux-x86_64-debian-gcc 0.1.2 4.11 49.89 54.00 NOTE
r-devel-linux-x86_64-fedora-clang 0.1.2 114.61 NOTE
r-devel-linux-x86_64-fedora-gcc 0.1.2 106.71 NOTE
r-devel-osx-x86_64-clang 0.1.2 98.95 OK
r-devel-windows-ix86+x86_64 0.1.2 20.00 76.00 96.00 OK
r-patched-linux-x86_64 0.1.2 6.39 70.01 76.40 NOTE
r-patched-solaris-sparc 0.1.2 1003.40 OK
r-patched-solaris-x86 0.1.2 212.20 OK
r-release-linux-ix86 0.1.2 7.65 79.63 87.28 NOTE
r-release-linux-x86_64 0.1.2 6.22 68.34 74.56 NOTE
r-release-osx-x86_64-mavericks 0.1.2 OK
r-release-osx-x86_64-snowleopard 0.1.2 ERROR
r-release-windows-ix86+x86_64 0.1.2 18.00 144.00 162.00 OK
r-oldrel-windows-ix86+x86_64 0.1.2 16.00 98.00 114.00 OK

Check Details

Version: 0.1.2
Check: Rd line widths
Result: NOTE
    Rd file 'imagevect.Rd':
     \usage lines wider than 90 characters:
     imagevect(x, labels, contour = FALSE, gridsize = 20, axes = TRUE, nlabx = 5, nlaby = 5, ...)
    
    Rd file 'phylocom.comdist.Rd':
     \usage lines wider than 90 characters:
     phylocom.comdist(sample = "sample", phylo = "phylo", method = "comdist", aw = TRUE, file = "comdist.txt")
    
    These lines will be truncated in the PDF manual.
Flavors: r-devel-linux-x86_64-debian-clang, r-devel-linux-x86_64-debian-gcc, r-devel-linux-x86_64-fedora-clang, r-devel-linux-x86_64-fedora-gcc, r-patched-linux-x86_64, r-release-linux-ix86, r-release-linux-x86_64

Version: 0.1.2
Check: whether package can be installed
Result: ERROR
    Installation failed.
Flavor: r-release-osx-x86_64-snowleopard