CRAN Package Check Results for Package phytools

Last updated on 2014-08-22 19:47:53.

Flavor Version Tinstall Tcheck Ttotal Status Flags
r-devel-linux-x86_64-debian-clang 0.4-21 6.01 98.32 104.33 NOTE
r-devel-linux-x86_64-debian-gcc 0.4-21 5.68 97.70 103.38 OK
r-devel-linux-x86_64-fedora-clang 0.4-21 223.27 NOTE
r-devel-linux-x86_64-fedora-gcc 0.4-21 212.17 NOTE
r-devel-osx-x86_64-clang 0.4-21 169.36 NOTE
r-devel-windows-ix86+x86_64 0.4-21 16.00 138.00 154.00 OK
r-patched-linux-x86_64 0.4-21 5.79 101.81 107.60 OK
r-patched-solaris-sparc 0.4-21 1287.90 OK
r-patched-solaris-x86 0.4-21 266.10 OK
r-release-linux-ix86 0.4-21 6.84 126.58 133.42 OK
r-release-linux-x86_64 0.4-21 5.83 101.69 107.52 OK
r-release-osx-x86_64-mavericks 0.4-21 OK
r-release-osx-x86_64-snowleopard 0.4-21 OK
r-release-windows-ix86+x86_64 0.4-21 17.00 154.00 171.00 OK
r-oldrel-windows-ix86+x86_64 0.4-21 17.00 134.00 151.00 OK

Check Details

Version: 0.4-21
Check: R code for possible problems
Result: NOTE
    add.species.to.genus: no visible global function definition for
     ‘is.monophyletic’
    plotPhylogram: no visible global function definition for ‘Ntip’
Flavors: r-devel-linux-x86_64-debian-clang, r-devel-linux-x86_64-fedora-clang, r-devel-linux-x86_64-fedora-gcc, r-devel-osx-x86_64-clang