CRAN Package Check Results for Package phytools

Last updated on 2016-12-04 23:48:09.

Flavor Version Tinstall Tcheck Ttotal Status Flags
r-devel-linux-x86_64-debian-clang 0.5-38 5.88 100.53 106.41 WARN
r-devel-linux-x86_64-debian-gcc 0.5-38 4.42 99.80 104.22 WARN
r-devel-linux-x86_64-fedora-clang 0.5-38 210.60 WARN --no-stop-on-test-error
r-devel-linux-x86_64-fedora-gcc 0.5-38 210.08 WARN --no-stop-on-test-error
r-devel-macos-x86_64-clang 0.5-38 161.47 WARN
r-devel-windows-ix86+x86_64 0.5-38 13.00 149.00 162.00 OK
r-patched-linux-x86_64 0.5-38 4.53 92.23 96.77 WARN
r-patched-solaris-sparc 0.5-38 1148.70 WARN
r-patched-solaris-x86 0.5-38 214.80 WARN
r-release-linux-x86_64 0.5-38 7.44 94.55 101.99 WARN
r-release-osx-x86_64-mavericks 0.5-38 OK
r-release-windows-ix86+x86_64 0.5-38 16.00 196.00 212.00 OK
r-oldrel-windows-ix86+x86_64 0.5-38 15.00 160.00 175.00 WARN

Check Details

Version: 0.5-38
Check: S3 generic/method consistency
Result: WARN
    di2multi:
     function(phy, ...)
    di2multi.simmap:
     function(tree, tol)
    
    See section ‘Generic functions and methods’ in the ‘Writing R
    Extensions’ manual.
    
    Found the following apparent S3 methods exported but not registered:
     di2multi.simmap
    See section ‘Registering S3 methods’ in the ‘Writing R Extensions’
    manual.
Flavors: r-devel-linux-x86_64-debian-clang, r-devel-linux-x86_64-debian-gcc, r-devel-macos-x86_64-clang, r-patched-linux-x86_64, r-patched-solaris-sparc, r-patched-solaris-x86, r-release-linux-x86_64

Version: 0.5-38
Check: Rd \usage sections
Result: NOTE
    S3 methods shown with full name in documentation object 'di2multi.simmap':
     ‘di2multi.simmap’
    
    The \usage entries for S3 methods should use the \method markup and not
    their full name.
    See chapter ‘Writing R documentation files’ in the ‘Writing R
    Extensions’ manual.
Flavors: r-devel-linux-x86_64-debian-clang, r-devel-linux-x86_64-debian-gcc, r-devel-macos-x86_64-clang, r-patched-linux-x86_64, r-patched-solaris-sparc, r-patched-solaris-x86, r-release-linux-x86_64, r-oldrel-windows-ix86+x86_64

Version: 0.5-38
Flags: --no-stop-on-test-error
Check: S3 generic/method consistency
Result: WARN
    di2multi:
     function(phy, ...)
    di2multi.simmap:
     function(tree, tol)
    
    See section ‘Generic functions and methods’ in the ‘Writing R
    Extensions’ manual.
    
    Found the following apparent S3 methods exported but not registered:
     di2multi.simmap
    See section ‘Registering S3 methods’ in the ‘Writing R Extensions’
    manual.
Flavors: r-devel-linux-x86_64-fedora-clang, r-devel-linux-x86_64-fedora-gcc

Version: 0.5-38
Flags: --no-stop-on-test-error
Check: Rd \usage sections
Result: NOTE
    S3 methods shown with full name in documentation object 'di2multi.simmap':
     ‘di2multi.simmap’
    
    The \usage entries for S3 methods should use the \method markup and not
    their full name.
    See chapter ‘Writing R documentation files’ in the ‘Writing R
    Extensions’ manual.
Flavors: r-devel-linux-x86_64-fedora-clang, r-devel-linux-x86_64-fedora-gcc

Version: 0.5-38
Check: S3 generic/method consistency
Result: WARN
    di2multi:
     function(phy, ...)
    di2multi.simmap:
     function(tree, tol)
    
    See section 'Generic functions and methods' in the 'Writing R
    Extensions' manual.
Flavor: r-oldrel-windows-ix86+x86_64