CRAN Package Check Results for Package phytools

Last updated on 2015-05-03 19:47:18.

Flavor Version Tinstall Tcheck Ttotal Status Flags
r-devel-linux-x86_64-debian-clang 0.4-56 4.76 91.45 96.20 OK
r-devel-linux-x86_64-debian-gcc 0.4-56 4.37 90.02 94.40 OK
r-devel-linux-x86_64-fedora-clang 0.4-56 100.46 OK
r-devel-linux-x86_64-fedora-gcc 0.4-56 92.85 OK
r-devel-osx-x86_64-clang 0.4-56 136.60 OK
r-devel-windows-ix86+x86_64 0.4-56 14.00 140.00 154.00 OK
r-patched-linux-x86_64 0.4-56 4.43 89.29 93.72 OK
r-patched-solaris-sparc 0.4-56 1040.50 OK
r-patched-solaris-x86 0.4-56 190.00 OK
r-release-linux-x86_64 0.4-56 4.44 90.50 94.95 OK
r-release-osx-x86_64-mavericks 0.4-56 OK
r-release-osx-x86_64-snowleopard 0.4-45 ERROR
r-release-windows-ix86+x86_64 0.4-56 15.00 133.00 148.00 OK
r-oldrel-windows-ix86+x86_64 0.4-56 20.00 152.00 172.00 OK

Check Details

Version: 0.4-45
Check: package dependencies
Result: ERROR
    Package required but not available: ‘phangorn’
    
    See section ‘The DESCRIPTION file’ in the ‘Writing R Extensions’
    manual.
Flavor: r-release-osx-x86_64-snowleopard