CRAN Package Check Results for Package phytools

Last updated on 2014-04-19 09:52:24.

Flavor Version Tinstall Tcheck Ttotal Status Flags
r-devel-linux-x86_64-debian-clang 0.3-93 6.40 106.90 113.30 OK
r-devel-linux-x86_64-debian-gcc 0.3-93 6.06 109.48 115.53 OK
r-devel-linux-x86_64-fedora-clang 0.3-93 234.32 OK
r-devel-linux-x86_64-fedora-gcc 0.3-93 222.41 OK
r-devel-macosx-x86_64-clang 0.3-93 184.32 OK
r-devel-macosx-x86_64-gcc 0.3-93 ERROR
r-devel-windows-ix86+x86_64 0.3-93 17.00 135.00 152.00 OK
r-patched-linux-x86_64 0.3-93 6.34 106.70 113.04 OK
r-patched-solaris-sparc 0.3-93 1238.60 OK
r-patched-solaris-x86 0.3-93 268.40 OK
r-release-linux-ix86 0.3-93 13.00 159.00 172.00 OK
r-release-linux-x86_64 0.3-93 6.30 104.41 110.71 OK
r-release-macosx-x86_64 0.3-93 OK
r-release-windows-ix86+x86_64 0.3-93 20.00 152.00 172.00 OK
r-oldrel-windows-ix86+x86_64 0.3-93 17.00 136.00 153.00 OK

Check Details

Version: 0.3-93
Check: package dependencies
Result: ERROR
    Package required but not available: ‘phangorn’
    
    See the information on DESCRIPTION files in the chapter ‘Creating R
    packages’ of the ‘Writing R Extensions’ manual.
Flavor: r-devel-macosx-x86_64-gcc