CRAN Package Check Results for Package phytools

Last updated on 2018-10-23 18:47:49 CEST.

Flavor Version Tinstall Tcheck Ttotal Status Flags
r-devel-linux-x86_64-debian-clang 0.6-60 35.92 186.83 222.75 OK
r-devel-linux-x86_64-debian-gcc 0.6-60 25.75 144.62 170.37 OK
r-devel-linux-x86_64-fedora-clang 0.6-60 262.44 OK
r-devel-linux-x86_64-fedora-gcc 0.6-60 258.91 OK
r-devel-windows-ix86+x86_64 0.6-60 57.00 238.00 295.00 OK
r-patched-linux-x86_64 0.6-60 28.49 170.90 199.39 OK
r-patched-solaris-x86 0.6-60 299.90 OK
r-release-linux-x86_64 0.6-60 29.52 174.85 204.37 NOTE
r-release-windows-ix86+x86_64 0.6-60 55.00 214.00 269.00 OK
r-release-osx-x86_64 0.6-60 OK
r-oldrel-windows-ix86+x86_64 0.6-60 14.00 246.00 260.00 OK
r-oldrel-osx-x86_64 0.6-60 OK

Check Details

Version: 0.6-60
Check: package dependencies
Result: NOTE
    Package suggested but not available for checking: ‘rgl’
Flavor: r-release-linux-x86_64