CRAN Package Check Results for Package pi0

Last updated on 2018-11-21 02:48:44 CET.

Flavor Version Tinstall Tcheck Ttotal Status Flags
r-oldrel-osx-x86_64 1.4-1 ERROR

Check Details

Version: 1.4-1
Check: package dependencies
Result: ERROR
    Package required but not available: ‘qvalue’
    
    Package suggested but not available for checking: ‘OCplus’
    
    See section ‘The DESCRIPTION file’ in the ‘Writing R Extensions’
    manual.
Flavor: r-oldrel-osx-x86_64