CRAN Package Check Results for Package pi0

Last updated on 2017-07-26 11:47:01.

Flavor Version Tinstall Tcheck Ttotal Status Flags
r-devel-linux-x86_64-debian-clang 1.4-1 5.16 74.81 79.97 OK
r-devel-linux-x86_64-debian-gcc 1.4-1 5.11 73.19 78.30 OK
r-devel-linux-x86_64-fedora-clang 1.4-1 148.57 OK
r-devel-linux-x86_64-fedora-gcc 1.4-1 146.47 OK
r-devel-windows-ix86+x86_64 1.4-1 27.00 145.00 172.00 OK
r-patched-linux-x86_64 1.4-1 4.96 75.25 80.20 OK
r-patched-solaris-x86 1.4-1 187.60 NOTE
r-release-linux-x86_64 1.4-1 5.37 74.81 80.18 OK
r-release-windows-ix86+x86_64 1.4-1 16.00 190.00 206.00 OK
r-release-osx-x86_64 1.4-1 ERROR
r-oldrel-windows-ix86+x86_64 1.4-1 18.00 136.00 154.00 OK
r-oldrel-osx-x86_64 1.4-1 OK

Check Details

Version: 1.4-1
Check: package dependencies
Result: NOTE
    Package suggested but not available for checking: ‘OCplus’
Flavor: r-patched-solaris-x86

Version: 1.4-1
Check: Rd cross-references
Result: NOTE
    Package unavailable to check Rd xrefs: ‘OCplus’
Flavor: r-patched-solaris-x86

Version: 1.4-1
Check: package dependencies
Result: ERROR
    Package required but not available: ‘qvalue’
    
    Package suggested but not available for checking: ‘OCplus’
    
    See section ‘The DESCRIPTION file’ in the ‘Writing R Extensions’
    manual.
Flavor: r-release-osx-x86_64