CRAN Package Check Results for Package pi0

Last updated on 2017-11-17 17:50:50.

Flavor Version Tinstall Tcheck Ttotal Status Flags
r-devel-linux-x86_64-debian-clang 1.4-1 4.90 63.83 68.73 OK
r-devel-linux-x86_64-debian-gcc 1.4-1 6.24 68.23 74.47 OK
r-devel-linux-x86_64-fedora-clang 1.4-1 144.43 OK
r-devel-linux-x86_64-fedora-gcc 1.4-1 147.14 OK
r-devel-windows-ix86+x86_64 1.4-1 28.00 179.00 207.00 OK
r-patched-linux-x86_64 1.4-1 5.06 64.80 69.86 OK
r-patched-solaris-x86 1.4-1 185.10 OK
r-release-linux-x86_64 1.4-1 5.16 64.57 69.74 OK
r-release-windows-ix86+x86_64 1.4-1 19.00 184.00 203.00 OK
r-release-osx-x86_64 1.4-1 ERROR
r-oldrel-windows-ix86+x86_64 1.4-1 18.00 173.00 191.00 OK
r-oldrel-osx-x86_64 1.4-1 OK

Check Details

Version: 1.4-1
Check: package dependencies
Result: ERROR
    Package required but not available: ‘qvalue’
    
    Package suggested but not available for checking: ‘OCplus’
    
    See section ‘The DESCRIPTION file’ in the ‘Writing R Extensions’
    manual.
Flavor: r-release-osx-x86_64