CRAN Package Check Results for Package pi0

Last updated on 2015-08-03 17:47:49.

Flavor Version Tinstall Tcheck Ttotal Status Flags
r-devel-linux-x86_64-debian-clang 1.4-0 5.20 67.98 73.18 OK
r-devel-linux-x86_64-debian-gcc 1.4-0 5.28 67.38 72.66 OK
r-devel-linux-x86_64-fedora-clang 1.4-0 143.26 OK
r-devel-linux-x86_64-fedora-gcc 1.4-0 138.60 OK
r-devel-osx-x86_64-clang 1.4-0 121.16 OK
r-devel-windows-ix86+x86_64 1.4-0 21.00 198.00 219.00 OK
r-patched-linux-x86_64 1.4-0 5.37 66.46 71.83 OK
r-patched-solaris-sparc 1.4-0 938.60 NOTE
r-patched-solaris-x86 1.4-0 209.70 NOTE
r-release-linux-x86_64 1.4-0 5.09 68.55 73.64 OK
r-release-osx-x86_64-mavericks 1.4-0 NOTE
r-release-windows-ix86+x86_64 1.4-0 28.00 192.00 220.00 OK
r-oldrel-windows-ix86+x86_64 1.4-0 25.00 160.00 185.00 OK

Check Details

Version: 1.4-0
Check: package dependencies
Result: NOTE
    Package suggested but not available for checking: ‘OCplus’
Flavors: r-patched-solaris-sparc, r-patched-solaris-x86, r-release-osx-x86_64-mavericks

Version: 1.4-0
Check: Rd cross-references
Result: NOTE
    Package unavailable to check Rd xrefs: ‘OCplus’
Flavors: r-patched-solaris-sparc, r-patched-solaris-x86, r-release-osx-x86_64-mavericks