CRAN Package Check Results for Package pi0

Last updated on 2016-05-01 06:50:32.

Flavor Version Tinstall Tcheck Ttotal Status Flags
r-devel-linux-x86_64-debian-gcc 1.4-0 5.47 65.94 71.41 OK
r-devel-linux-x86_64-fedora-clang 1.4-0 136.43 OK
r-devel-linux-x86_64-fedora-gcc 1.4-0 130.30 OK
r-devel-osx-x86_64-clang 1.4-0 144.66 OK
r-devel-windows-ix86+x86_64 1.4-0 17.00 140.00 157.00 OK
r-patched-linux-x86_64 1.4-0 5.29 66.18 71.47 OK
r-patched-solaris-sparc 1.4-0 848.70 NOTE
r-patched-solaris-x86 1.4-0 173.40 NOTE
r-release-linux-x86_64 1.4-0 5.80 70.27 76.08 OK
r-release-osx-x86_64-mavericks 1.4-0 NOTE
r-release-windows-ix86+x86_64 1.4-0 33.00 176.00 209.00 OK
r-oldrel-windows-ix86+x86_64 1.4-0 38.00 211.00 249.00 OK

Check Details

Version: 1.4-0
Check: package dependencies
Result: NOTE
    Package suggested but not available for checking: ‘OCplus’
Flavors: r-patched-solaris-sparc, r-patched-solaris-x86, r-release-osx-x86_64-mavericks

Version: 1.4-0
Check: Rd cross-references
Result: NOTE
    Package unavailable to check Rd xrefs: ‘OCplus’
Flavors: r-patched-solaris-sparc, r-patched-solaris-x86, r-release-osx-x86_64-mavericks