CRAN Package Check Results for Package pi0

Last updated on 2016-06-30 23:47:56.

Flavor Version Tinstall Tcheck Ttotal Status Flags
r-devel-linux-x86_64-debian-gcc 1.4-0 6.07 69.85 75.92 OK
r-devel-linux-x86_64-fedora-clang 1.4-0 135.86 OK
r-devel-linux-x86_64-fedora-gcc 1.4-0 127.61 OK
r-devel-osx-x86_64-clang 1.4-0 109.51 OK
r-devel-windows-ix86+x86_64 1.4-0 16.00 202.00 218.00 OK
r-patched-linux-x86_64 1.4-0 6.06 77.84 83.90 OK
r-patched-solaris-sparc 1.4-0 850.30 NOTE
r-patched-solaris-x86 1.4-0 176.70 NOTE
r-release-linux-x86_64 1.4-0 5.90 68.89 74.78 OK
r-release-osx-x86_64-mavericks 1.4-0 WARN
r-release-windows-ix86+x86_64 1.4-0 24.00 148.00 172.00 OK
r-oldrel-windows-ix86+x86_64 1.4-0 24.00 194.00 218.00 OK

Check Details

Version: 1.4-0
Check: package dependencies
Result: NOTE
    Package suggested but not available for checking: ‘OCplus’
Flavors: r-patched-solaris-sparc, r-patched-solaris-x86

Version: 1.4-0
Check: Rd cross-references
Result: NOTE
    Package unavailable to check Rd xrefs: ‘OCplus’
Flavors: r-patched-solaris-sparc, r-patched-solaris-x86

Version: 1.4-0
Check: whether package can be installed
Result: WARN
    Found the following significant warnings:
     Warning: 'rgl_init' failed, running with rgl.useNULL = TRUE
Flavor: r-release-osx-x86_64-mavericks

Version: 1.4-0
Check: dependencies in R code
Result: NOTE
    Invalid MIT-MAGIC-COOKIE-1 key
Flavor: r-release-osx-x86_64-mavericks

Version: 1.4-0
Check: S3 generic/method consistency
Result: WARN
    Invalid MIT-MAGIC-COOKIE-1 key
    See section ‘Generic functions and methods’ in the ‘Writing R
    Extensions’ manual.
Flavor: r-release-osx-x86_64-mavericks

Version: 1.4-0
Check: replacement functions
Result: WARN
    Invalid MIT-MAGIC-COOKIE-1 key
    The argument of a replacement function which corresponds to the right
    hand side must be named ‘value’.
Flavor: r-release-osx-x86_64-mavericks

Version: 1.4-0
Check: foreign function calls
Result: NOTE
    Invalid MIT-MAGIC-COOKIE-1 key
    See chapter ‘System and foreign language interfaces’ in the ‘Writing R
    Extensions’ manual.
Flavor: r-release-osx-x86_64-mavericks

Version: 1.4-0
Check: R code for possible problems
Result: NOTE
    Invalid MIT-MAGIC-COOKIE-1 key
Flavor: r-release-osx-x86_64-mavericks

Version: 1.4-0
Check: for missing documentation entries
Result: WARN
    Invalid MIT-MAGIC-COOKIE-1 key
    All user-level objects in a package should have documentation entries.
    See chapter ‘Writing R documentation files’ in the ‘Writing R
    Extensions’ manual.
Flavor: r-release-osx-x86_64-mavericks

Version: 1.4-0
Check: for code/documentation mismatches
Result: WARN
    Invalid MIT-MAGIC-COOKIE-1 key
    Invalid MIT-MAGIC-COOKIE-1 key
    Invalid MIT-MAGIC-COOKIE-1 key
Flavor: r-release-osx-x86_64-mavericks

Version: 1.4-0
Check: Rd \usage sections
Result: NOTE
    Invalid MIT-MAGIC-COOKIE-1 key
    The \usage entries for S3 methods should use the \method markup and not
    their full name.
    See chapter ‘Writing R documentation files’ in the ‘Writing R
    Extensions’ manual.
Flavor: r-release-osx-x86_64-mavericks