CRAN Package Check Results for Package pi0

Last updated on 2016-02-06 18:50:38.

Flavor Version Tinstall Tcheck Ttotal Status Flags
r-devel-linux-x86_64-debian-gcc 1.4-0 4.98 64.17 69.15 OK
r-devel-linux-x86_64-fedora-clang 1.4-0 136.09 OK
r-devel-linux-x86_64-fedora-gcc 1.4-0 131.74 OK
r-devel-osx-x86_64-clang 1.4-0 144.30 OK
r-devel-windows-ix86+x86_64 1.4-0 25.00 148.00 173.00 OK
r-patched-linux-x86_64 1.4-0 5.98 69.27 75.25 OK
r-patched-solaris-sparc 1.4-0 889.70 NOTE
r-patched-solaris-x86 1.4-0 196.70 NOTE
r-release-linux-x86_64 1.4-0 5.48 68.94 74.42 OK
r-release-osx-x86_64-mavericks 1.4-0 NOTE
r-release-windows-ix86+x86_64 1.4-0 19.00 149.00 168.00 OK
r-oldrel-windows-ix86+x86_64 1.4-0 33.00 178.00 211.00 OK

Check Details

Version: 1.4-0
Check: package dependencies
Result: NOTE
    Package suggested but not available for checking: ‘OCplus’
Flavors: r-patched-solaris-sparc, r-patched-solaris-x86, r-release-osx-x86_64-mavericks

Version: 1.4-0
Check: Rd cross-references
Result: NOTE
    Package unavailable to check Rd xrefs: ‘OCplus’
Flavors: r-patched-solaris-sparc, r-patched-solaris-x86, r-release-osx-x86_64-mavericks