CRAN Package Check Results for Package pi0

Last updated on 2017-09-23 05:48:19.

Flavor Version Tinstall Tcheck Ttotal Status Flags
r-devel-linux-x86_64-debian-clang 1.4-1 4.78 65.58 70.36 OK
r-devel-linux-x86_64-debian-gcc 1.4-1 5.40 63.84 69.24 OK
r-devel-linux-x86_64-fedora-clang 1.4-1 147.68 OK
r-devel-linux-x86_64-fedora-gcc 1.4-1 143.65 OK
r-devel-windows-ix86+x86_64 1.4-1 18.00 129.00 147.00 OK
r-patched-linux-x86_64 1.4-1 5.13 64.80 69.92 OK
r-patched-solaris-x86 1.4-1 188.10 NOTE
r-release-linux-x86_64 1.4-1 5.03 65.56 70.58 OK
r-release-windows-ix86+x86_64 1.4-1 19.00 148.00 167.00 OK
r-release-osx-x86_64 1.4-1 ERROR
r-oldrel-windows-ix86+x86_64 1.4-1 17.00 122.00 139.00 OK
r-oldrel-osx-x86_64 1.4-1 OK

Check Details

Version: 1.4-1
Check: package dependencies
Result: NOTE
    Package suggested but not available for checking: ‘OCplus’
Flavor: r-patched-solaris-x86

Version: 1.4-1
Check: Rd cross-references
Result: NOTE
    Package unavailable to check Rd xrefs: ‘OCplus’
Flavor: r-patched-solaris-x86

Version: 1.4-1
Check: package dependencies
Result: ERROR
    Package required but not available: ‘qvalue’
    
    Package suggested but not available for checking: ‘OCplus’
    
    See section ‘The DESCRIPTION file’ in the ‘Writing R Extensions’
    manual.
Flavor: r-release-osx-x86_64