CRAN Package Check Results for Package picante

Last updated on 2014-12-18 08:49:26.

Flavor Version Tinstall Tcheck Ttotal Status Flags
r-devel-linux-x86_64-debian-clang 1.6-2 4.76 67.99 72.75 NOTE
r-devel-linux-x86_64-debian-gcc 1.6-2 4.66 68.22 72.88 NOTE
r-devel-linux-x86_64-fedora-clang 1.6-2 163.58 NOTE
r-devel-linux-x86_64-fedora-gcc 1.6-2 147.09 NOTE
r-devel-osx-x86_64-clang 1.6-2 150.62 NOTE
r-devel-windows-ix86+x86_64 1.6-2 16.00 114.00 130.00 NOTE
r-patched-linux-x86_64 1.6-2 5.22 70.59 75.81 NOTE
r-patched-solaris-sparc 1.6-2 409.60 NOTE
r-patched-solaris-x86 1.6-2 229.80 NOTE
r-release-linux-ix86 1.6-2 5.78 85.11 90.89 NOTE
r-release-linux-x86_64 1.6-2 4.90 70.21 75.11 NOTE
r-release-osx-x86_64-mavericks 1.6-2 OK
r-release-osx-x86_64-snowleopard 1.6-2 OK
r-release-windows-ix86+x86_64 1.6-2 16.00 124.00 140.00 NOTE
r-oldrel-windows-ix86+x86_64 1.6-2 16.00 118.00 134.00 OK

Check Details

Version: 1.6-2
Check: R code for possible problems
Result: NOTE
    comm.phylo.qr: no visible global function definition for ‘rq’
    sppregs: no visible global function definition for ‘brglm’
Flavors: r-devel-linux-x86_64-debian-clang, r-devel-linux-x86_64-debian-gcc, r-devel-linux-x86_64-fedora-clang, r-devel-linux-x86_64-fedora-gcc, r-devel-osx-x86_64-clang, r-devel-windows-ix86+x86_64, r-patched-linux-x86_64, r-patched-solaris-sparc, r-patched-solaris-x86, r-release-linux-ix86, r-release-linux-x86_64, r-release-windows-ix86+x86_64