CRAN Package Check Results for Package picante

Last updated on 2014-10-25 19:47:43.

Flavor Version Tinstall Tcheck Ttotal Status Flags
r-devel-linux-x86_64-debian-clang 1.6-2 1.80 34.08 35.88 NOTE
r-devel-linux-x86_64-debian-gcc 1.6-2 1.89 33.50 35.39 NOTE
r-devel-linux-x86_64-fedora-clang 1.6-2 72.79 NOTE
r-devel-linux-x86_64-fedora-gcc 1.6-2 68.56 NOTE
r-devel-osx-x86_64-clang 1.6-2 69.18 NOTE
r-devel-windows-ix86+x86_64 1.6-2 8.00 60.00 68.00 NOTE
r-patched-linux-x86_64 1.6-2 1.78 35.64 37.42 NOTE
r-patched-solaris-sparc 1.6-2 409.60 NOTE
r-patched-solaris-x86 1.6-2 91.00 NOTE
r-release-linux-ix86 1.6-2 2.38 45.39 47.77 OK
r-release-linux-x86_64 1.6-2 1.87 35.81 37.68 OK
r-release-osx-x86_64-mavericks 1.6-2 OK
r-release-osx-x86_64-snowleopard 1.6-2 OK
r-release-windows-ix86+x86_64 1.6-2 7.00 70.00 77.00 OK
r-oldrel-windows-ix86+x86_64 1.6-2 9.00 69.00 78.00 OK

Check Details

Version: 1.6-2
Check: R code for possible problems
Result: NOTE
    comm.phylo.qr: no visible global function definition for ‘rq’
    sppregs: no visible global function definition for ‘brglm’
Flavors: r-devel-linux-x86_64-debian-clang, r-devel-linux-x86_64-debian-gcc, r-devel-linux-x86_64-fedora-clang, r-devel-linux-x86_64-fedora-gcc, r-devel-osx-x86_64-clang, r-devel-windows-ix86+x86_64, r-patched-linux-x86_64, r-patched-solaris-sparc, r-patched-solaris-x86