CRAN Package Check Results for Package picante

Last updated on 2022-09-29 15:53:56 CEST.

Flavor Version Tinstall Tcheck Ttotal Status Flags
r-devel-linux-x86_64-debian-clang 1.8.2 13.96 114.49 128.45 NOTE
r-devel-linux-x86_64-debian-gcc 1.8.2 11.69 86.62 98.31 NOTE
r-devel-linux-x86_64-fedora-clang 1.8.2 168.96 NOTE
r-devel-linux-x86_64-fedora-gcc 1.8.2 162.25 NOTE
r-devel-windows-x86_64 1.8.2 30.00 172.00 202.00 NOTE
r-patched-linux-x86_64 1.8.2 13.47 108.30 121.77 OK
r-release-linux-x86_64 1.8.2 13.37 110.30 123.67 OK
r-release-macos-arm64 1.8.2 53.00 OK
r-release-macos-x86_64 1.8.2 67.00 OK
r-release-windows-x86_64 1.8.2 29.00 163.00 192.00 OK
r-oldrel-macos-arm64 1.8.2 52.00 OK
r-oldrel-macos-x86_64 1.8.2 95.00 OK
r-oldrel-windows-ix86+x86_64 1.8.2 29.00 176.00 205.00 OK

Check Details

Version: 1.8.2
Check: Rd files
Result: NOTE
    checkRd: (-1) Kcalc.Rd:13: Escaped LaTeX specials: \$
    checkRd: (-1) phylosignal.Rd:13: Escaped LaTeX specials: \$
    checkRd: (-1) traitgram.Rd:14: Escaped LaTeX specials: \$
    checkRd: (-1) utility.Rd:37: Escaped LaTeX specials: \$ \$
Flavors: r-devel-linux-x86_64-debian-clang, r-devel-linux-x86_64-debian-gcc, r-devel-linux-x86_64-fedora-clang, r-devel-linux-x86_64-fedora-gcc, r-devel-windows-x86_64