CRAN Package Check Results for Package picante

Last updated on 2015-01-27 01:48:10.

Flavor Version Tinstall Tcheck Ttotal Status Flags
r-devel-linux-x86_64-debian-clang 1.6-2 4.22 59.40 63.62 NOTE
r-devel-linux-x86_64-debian-gcc 1.6-2 4.04 57.38 61.42 NOTE
r-devel-linux-x86_64-fedora-clang 1.6-2 161.48 NOTE
r-devel-linux-x86_64-fedora-gcc 1.6-2 150.48 NOTE
r-devel-osx-x86_64-clang 1.6-2 133.08 NOTE
r-devel-windows-ix86+x86_64 1.6-2 12.00 102.00 114.00 NOTE
r-patched-linux-x86_64 1.6-2 4.59 66.84 71.43 NOTE
r-patched-solaris-sparc 1.6-2 927.00 NOTE
r-patched-solaris-x86 1.6-2 196.30 NOTE
r-release-linux-ix86 1.6-2 5.32 76.99 82.31 NOTE
r-release-linux-x86_64 1.6-2 4.53 67.25 71.78 NOTE
r-release-osx-x86_64-mavericks 1.6-2 NOTE
r-release-osx-x86_64-snowleopard 1.6-2 OK
r-release-windows-ix86+x86_64 1.6-2 21.00 128.00 149.00 NOTE
r-oldrel-windows-ix86+x86_64 1.6-2 22.00 124.00 146.00 OK

Check Details

Version: 1.6-2
Check: dependencies in R code
Result: NOTE
    'library' or 'require' calls in package code:
     ‘brglm’ ‘quantreg’
     Please use :: or requireNamespace() instead.
     See section 'Suggested packages' in the 'Writing R Extensions' manual.
Flavors: r-devel-linux-x86_64-debian-clang, r-devel-linux-x86_64-debian-gcc, r-devel-linux-x86_64-fedora-clang, r-devel-linux-x86_64-fedora-gcc, r-devel-osx-x86_64-clang, r-devel-windows-ix86+x86_64

Version: 1.6-2
Check: R code for possible problems
Result: NOTE
    comm.phylo.qr: no visible global function definition for ‘rq’
    sppregs: no visible global function definition for ‘brglm’
Flavors: r-devel-linux-x86_64-debian-clang, r-devel-linux-x86_64-debian-gcc, r-devel-linux-x86_64-fedora-clang, r-devel-linux-x86_64-fedora-gcc, r-devel-osx-x86_64-clang, r-devel-windows-ix86+x86_64, r-patched-linux-x86_64, r-patched-solaris-sparc, r-patched-solaris-x86, r-release-linux-ix86, r-release-linux-x86_64, r-release-osx-x86_64-mavericks, r-release-windows-ix86+x86_64