CRAN Package Check Results for Package picante

Last updated on 2015-05-25 03:47:46.

Flavor Version Tinstall Tcheck Ttotal Status Flags
r-devel-linux-x86_64-debian-clang 1.6-2 3.72 54.17 57.89 NOTE
r-devel-linux-x86_64-debian-gcc 1.6-2 3.48 53.00 56.48 NOTE
r-devel-linux-x86_64-fedora-clang 1.6-2 118.01 NOTE
r-devel-linux-x86_64-fedora-gcc 1.6-2 112.30 NOTE
r-devel-osx-x86_64-clang 1.6-2 104.71 NOTE
r-devel-windows-ix86+x86_64 1.6-2 12.00 98.00 110.00 NOTE
r-patched-linux-x86_64 1.6-2 3.55 53.08 56.62 NOTE
r-patched-solaris-sparc 1.6-2 687.10 NOTE
r-patched-solaris-x86 1.6-2 158.80 NOTE
r-release-linux-x86_64 1.6-2 3.51 54.02 57.52 NOTE
r-release-osx-x86_64-mavericks 1.6-2 NOTE
r-release-osx-x86_64-snowleopard 1.6-2 ERROR
r-release-windows-ix86+x86_64 1.6-2 14.00 98.00 112.00 NOTE
r-oldrel-windows-ix86+x86_64 1.6-2 13.00 114.00 127.00 NOTE

Check Details

Version: 1.6-2
Check: DESCRIPTION meta-information
Result: NOTE
    Malformed Description field: should contain one or more complete sentences.
Flavors: r-devel-linux-x86_64-debian-clang, r-devel-linux-x86_64-debian-gcc, r-devel-linux-x86_64-fedora-clang, r-devel-linux-x86_64-fedora-gcc, r-devel-osx-x86_64-clang, r-devel-windows-ix86+x86_64, r-patched-linux-x86_64, r-patched-solaris-sparc, r-patched-solaris-x86, r-release-linux-x86_64, r-release-osx-x86_64-mavericks, r-release-windows-ix86+x86_64

Version: 1.6-2
Check: dependencies in R code
Result: NOTE
    'library' or 'require' calls in package code:
     ‘brglm’ ‘quantreg’
     Please use :: or requireNamespace() instead.
     See section 'Suggested packages' in the 'Writing R Extensions' manual.
Flavors: r-devel-linux-x86_64-debian-clang, r-devel-linux-x86_64-debian-gcc, r-devel-linux-x86_64-fedora-clang, r-devel-linux-x86_64-fedora-gcc, r-devel-osx-x86_64-clang, r-devel-windows-ix86+x86_64, r-patched-linux-x86_64, r-patched-solaris-sparc, r-patched-solaris-x86, r-release-linux-x86_64, r-release-osx-x86_64-mavericks, r-release-windows-ix86+x86_64, r-oldrel-windows-ix86+x86_64

Version: 1.6-2
Check: R code for possible problems
Result: NOTE
    comm.phylo.qr: no visible global function definition for ‘rq’
    sppregs: no visible global function definition for ‘brglm’
Flavors: r-devel-linux-x86_64-debian-clang, r-devel-linux-x86_64-debian-gcc, r-devel-linux-x86_64-fedora-clang, r-devel-linux-x86_64-fedora-gcc, r-devel-osx-x86_64-clang, r-devel-windows-ix86+x86_64, r-patched-linux-x86_64, r-patched-solaris-sparc, r-patched-solaris-x86, r-release-linux-x86_64, r-release-osx-x86_64-mavericks, r-release-windows-ix86+x86_64, r-oldrel-windows-ix86+x86_64

Version: 1.6-2
Check: package dependencies
Result: ERROR
    Package required but not available: ‘vegan’
    
    Package suggested but not available for checking: ‘quantreg’
    
    See section ‘The DESCRIPTION file’ in the ‘Writing R Extensions’
    manual.
Flavor: r-release-osx-x86_64-snowleopard