CRAN Package Check Results for Package picante

Last updated on 2014-11-28 12:46:54.

Flavor Version Tinstall Tcheck Ttotal Status Flags
r-devel-linux-x86_64-debian-clang 1.6-2 4.85 69.46 74.31 NOTE
r-devel-linux-x86_64-debian-gcc 1.6-2 4.81 69.34 74.16 NOTE
r-devel-linux-x86_64-fedora-clang 1.6-2 160.55 NOTE
r-devel-linux-x86_64-fedora-gcc 1.6-2 164.61 NOTE
r-devel-osx-x86_64-clang 1.6-2 148.25 NOTE
r-devel-windows-ix86+x86_64 1.6-2 14.00 115.00 129.00 NOTE
r-patched-linux-x86_64 1.6-2 5.01 72.22 77.24 NOTE
r-patched-solaris-sparc 1.6-2 409.60 NOTE
r-patched-solaris-x86 1.6-2 230.90 NOTE
r-release-linux-ix86 1.6-2 5.86 85.42 91.28 NOTE
r-release-linux-x86_64 1.6-2 4.94 70.04 74.98 NOTE
r-release-osx-x86_64-mavericks 1.6-2 OK
r-release-osx-x86_64-snowleopard 1.6-2 OK
r-release-windows-ix86+x86_64 1.6-2 5.00 1.00 6.00 ERROR
r-oldrel-windows-ix86+x86_64 1.6-2 13.00 121.00 134.00 OK

Check Details

Version: 1.6-2
Check: R code for possible problems
Result: NOTE
    comm.phylo.qr: no visible global function definition for ‘rq’
    sppregs: no visible global function definition for ‘brglm’
Flavors: r-devel-linux-x86_64-debian-clang, r-devel-linux-x86_64-debian-gcc, r-devel-linux-x86_64-fedora-clang, r-devel-linux-x86_64-fedora-gcc, r-devel-osx-x86_64-clang, r-devel-windows-ix86+x86_64, r-patched-linux-x86_64, r-patched-solaris-sparc, r-patched-solaris-x86, r-release-linux-ix86, r-release-linux-x86_64

Version: 1.6-2
Check: whether package can be installed
Result: ERROR
    Installation failed.
Flavor: r-release-windows-ix86+x86_64