CRAN Package Check Results for Package picante

Last updated on 2015-02-26 23:47:51.

Flavor Version Tinstall Tcheck Ttotal Status Flags
r-devel-linux-x86_64-debian-clang 1.6-2 3.66 53.91 57.56 NOTE
r-devel-linux-x86_64-debian-gcc 1.6-2 3.62 52.94 56.56 NOTE
r-devel-linux-x86_64-fedora-clang 1.6-2 116.60 NOTE
r-devel-linux-x86_64-fedora-gcc 1.6-2 111.87 NOTE
r-devel-osx-x86_64-clang 1.6-2 106.90 NOTE
r-devel-windows-ix86+x86_64 1.6-2 17.00 102.00 119.00 NOTE
r-patched-linux-x86_64 1.6-2 4.91 67.17 72.08 NOTE
r-patched-solaris-sparc 1.6-2 892.50 NOTE
r-patched-solaris-x86 1.6-2 199.00 NOTE
r-release-linux-ix86 1.6-2 5.78 81.54 87.32 NOTE
r-release-linux-x86_64 1.6-2 5.60 0.26 5.86 OK
r-release-osx-x86_64-mavericks 1.6-2 NOTE
r-release-osx-x86_64-snowleopard 1.6-2 OK
r-release-windows-ix86+x86_64 1.6-2 18.00 123.00 141.00 NOTE
r-oldrel-windows-ix86+x86_64 1.6-2 16.00 131.00 147.00 OK

Check Details

Version: 1.6-2
Check: DESCRIPTION meta-information
Result: NOTE
    Malformed Description field: should contain one or more complete sentences.
Flavors: r-devel-linux-x86_64-debian-clang, r-devel-linux-x86_64-debian-gcc, r-devel-linux-x86_64-fedora-clang, r-devel-linux-x86_64-fedora-gcc, r-devel-osx-x86_64-clang, r-devel-windows-ix86+x86_64

Version: 1.6-2
Check: dependencies in R code
Result: NOTE
    'library' or 'require' calls in package code:
     ‘brglm’ ‘quantreg’
     Please use :: or requireNamespace() instead.
     See section 'Suggested packages' in the 'Writing R Extensions' manual.
Flavors: r-devel-linux-x86_64-debian-clang, r-devel-linux-x86_64-debian-gcc, r-devel-linux-x86_64-fedora-clang, r-devel-linux-x86_64-fedora-gcc, r-devel-osx-x86_64-clang, r-devel-windows-ix86+x86_64, r-patched-linux-x86_64, r-patched-solaris-sparc, r-patched-solaris-x86

Version: 1.6-2
Check: R code for possible problems
Result: NOTE
    comm.phylo.qr: no visible global function definition for ‘rq’
    sppregs: no visible global function definition for ‘brglm’
Flavors: r-devel-linux-x86_64-debian-clang, r-devel-linux-x86_64-debian-gcc, r-devel-linux-x86_64-fedora-clang, r-devel-linux-x86_64-fedora-gcc, r-devel-osx-x86_64-clang, r-devel-windows-ix86+x86_64, r-patched-linux-x86_64, r-patched-solaris-sparc, r-patched-solaris-x86, r-release-linux-ix86, r-release-osx-x86_64-mavericks, r-release-windows-ix86+x86_64