CRAN Package Check Results for Package picante

Last updated on 2015-04-02 08:49:37.

Flavor Version Tinstall Tcheck Ttotal Status Flags
r-devel-linux-x86_64-debian-clang 1.6-2 3.68 53.68 57.36 NOTE
r-devel-linux-x86_64-debian-gcc 1.6-2 3.44 52.14 55.58 NOTE
r-devel-linux-x86_64-fedora-clang 1.6-2 116.54 NOTE
r-devel-linux-x86_64-fedora-gcc 1.6-2 128.84 NOTE
r-devel-osx-x86_64-clang 1.6-2 113.59 NOTE
r-prerel-windows-ix86+x86_64 1.6-2 13.00 100.00 113.00 NOTE
r-prerel-linux-x86_64 1.6-2 3.48 53.32 56.80 NOTE
r-prerel-solaris-sparc 1.6-2 692.60 NOTE
r-prerel-solaris-x86 1.6-2 147.30 NOTE
r-release-linux-x86_64 1.6-2 4.79 65.39 70.18 NOTE
r-release-osx-x86_64-mavericks 1.6-2 NOTE
r-release-osx-x86_64-snowleopard 1.6-2 OK
r-release-windows-ix86+x86_64 1.6-2 74.00 132.00 206.00 NOTE
r-oldrel-windows-ix86+x86_64 1.6-2 13.00 120.00 133.00 OK

Check Details

Version: 1.6-2
Check: DESCRIPTION meta-information
Result: NOTE
    Malformed Description field: should contain one or more complete sentences.
Flavors: r-devel-linux-x86_64-debian-clang, r-devel-linux-x86_64-debian-gcc, r-devel-linux-x86_64-fedora-clang, r-devel-linux-x86_64-fedora-gcc, r-devel-osx-x86_64-clang, r-prerel-windows-ix86+x86_64, r-prerel-linux-x86_64, r-prerel-solaris-sparc, r-prerel-solaris-x86

Version: 1.6-2
Check: dependencies in R code
Result: NOTE
    'library' or 'require' calls in package code:
     ‘brglm’ ‘quantreg’
     Please use :: or requireNamespace() instead.
     See section 'Suggested packages' in the 'Writing R Extensions' manual.
Flavors: r-devel-linux-x86_64-debian-clang, r-devel-linux-x86_64-debian-gcc, r-devel-linux-x86_64-fedora-clang, r-devel-linux-x86_64-fedora-gcc, r-devel-osx-x86_64-clang, r-prerel-windows-ix86+x86_64, r-prerel-linux-x86_64, r-prerel-solaris-sparc, r-prerel-solaris-x86, r-release-linux-x86_64, r-release-windows-ix86+x86_64

Version: 1.6-2
Check: R code for possible problems
Result: NOTE
    comm.phylo.qr: no visible global function definition for ‘rq’
    sppregs: no visible global function definition for ‘brglm’
Flavors: r-devel-linux-x86_64-debian-clang, r-devel-linux-x86_64-debian-gcc, r-devel-linux-x86_64-fedora-clang, r-devel-linux-x86_64-fedora-gcc, r-devel-osx-x86_64-clang, r-prerel-windows-ix86+x86_64, r-prerel-linux-x86_64, r-prerel-solaris-sparc, r-prerel-solaris-x86, r-release-linux-x86_64, r-release-osx-x86_64-mavericks, r-release-windows-ix86+x86_64