CRAN Package Check Results for Package picante

Last updated on 2014-09-02 11:48:44.

Flavor Version Tinstall Tcheck Ttotal Status Flags
r-devel-linux-x86_64-debian-clang 1.6-2 1.64 31.48 33.12 NOTE
r-devel-linux-x86_64-debian-gcc 1.6-2 1.78 31.17 32.94 NOTE
r-devel-linux-x86_64-fedora-clang 1.6-2 70.76 NOTE
r-devel-linux-x86_64-fedora-gcc 1.6-2 67.08 NOTE
r-devel-osx-x86_64-clang 1.6-2 63.07 NOTE
r-devel-windows-ix86+x86_64 1.6-2 8.00 64.00 72.00 NOTE
r-patched-linux-x86_64 1.6-2 1.76 34.02 35.78 OK
r-patched-solaris-sparc 1.6-2 419.70 OK
r-patched-solaris-x86 1.6-2 90.70 OK
r-release-linux-ix86 1.6-2 2.36 45.18 47.54 OK
r-release-linux-x86_64 1.6-2 1.74 34.43 36.18 OK
r-release-osx-x86_64-mavericks 1.6-2 OK
r-release-osx-x86_64-snowleopard 1.6-2 OK
r-release-windows-ix86+x86_64 1.6-2 8.00 67.00 75.00 OK
r-oldrel-windows-ix86+x86_64 1.6-2 11.00 67.00 78.00 OK

Check Details

Version: 1.6-2
Check: R code for possible problems
Result: NOTE
    comm.phylo.qr: no visible global function definition for ‘rq’
    sppregs: no visible global function definition for ‘brglm’
Flavors: r-devel-linux-x86_64-debian-clang, r-devel-linux-x86_64-debian-gcc, r-devel-linux-x86_64-fedora-clang, r-devel-linux-x86_64-fedora-gcc, r-devel-osx-x86_64-clang, r-devel-windows-ix86+x86_64