CRAN Package Check Results for Package picante

Last updated on 2014-04-17 10:47:53.

Flavor Version Tinstall Tcheck Ttotal Status Flags
r-devel-linux-x86_64-debian-clang 1.6-2 1.86 35.50 37.36 OK
r-devel-linux-x86_64-debian-gcc 1.6-2 1.91 35.40 37.30 OK
r-devel-linux-x86_64-fedora-clang 1.6-2 75.40 OK
r-devel-linux-x86_64-fedora-gcc 1.6-2 73.00 OK
r-devel-macosx-x86_64-clang 1.6-2 70.47 OK
r-devel-macosx-x86_64-gcc 1.6-2 ERROR
r-devel-windows-ix86+x86_64 1.6-2 7.00 60.00 67.00 OK
r-patched-linux-x86_64 1.6-2 2.09 35.94 38.04 OK
r-patched-solaris-sparc 1.6-2 400.50 OK
r-patched-solaris-x86 1.6-2 89.70 OK
r-release-linux-ix86 1.6-2 5.00 62.00 67.00 OK
r-release-linux-x86_64 1.6-2 1.81 35.22 37.02 OK
r-release-macosx-x86_64 1.6-2 OK
r-release-windows-ix86+x86_64 1.6-2 8.00 65.00 73.00 OK
r-oldrel-windows-ix86+x86_64 1.6-2 8.00 66.00 74.00 OK

Check Details

Version: 1.6-2
Check: package dependencies
Result: ERROR
    Package required but not available: ‘vegan’
    
    Package suggested but not available for checking: ‘quantreg’
    
    See the information on DESCRIPTION files in the chapter ‘Creating R
    packages’ of the ‘Writing R Extensions’ manual.
Flavor: r-devel-macosx-x86_64-gcc