CRAN Package Check Results for Package picante

Last updated on 2014-08-22 13:46:58.

Flavor Version Tinstall Tcheck Ttotal Status Flags
r-devel-linux-x86_64-debian-clang 1.6-2 1.63 32.96 34.59 OK
r-devel-linux-x86_64-debian-gcc 1.6-2 1.62 31.78 33.40 OK
r-devel-linux-x86_64-fedora-clang 1.6-2 69.80 NOTE
r-devel-linux-x86_64-fedora-gcc 1.6-2 66.28 NOTE
r-devel-osx-x86_64-clang 1.6-2 62.41 NOTE
r-devel-windows-ix86+x86_64 1.6-2 8.00 60.00 68.00 OK
r-patched-linux-x86_64 1.6-2 1.65 35.08 36.74 OK
r-patched-solaris-sparc 1.6-2 419.70 OK
r-patched-solaris-x86 1.6-2 90.60 OK
r-release-linux-ix86 1.6-2 2.36 45.24 47.60 OK
r-release-linux-x86_64 1.6-2 1.86 34.35 36.21 OK
r-release-osx-x86_64-mavericks 1.6-2 OK
r-release-osx-x86_64-snowleopard 1.6-2 OK
r-release-windows-ix86+x86_64 1.6-2 8.00 65.00 73.00 OK
r-oldrel-windows-ix86+x86_64 1.6-2 8.00 64.00 72.00 OK

Check Details

Version: 1.6-2
Check: R code for possible problems
Result: NOTE
    comm.phylo.qr: no visible global function definition for ‘rq’
    sppregs: no visible global function definition for ‘brglm’
Flavors: r-devel-linux-x86_64-fedora-clang, r-devel-linux-x86_64-fedora-gcc, r-devel-osx-x86_64-clang