CRAN Package Check Results for Package pid

Last updated on 2022-01-25 04:49:46 CET.

Flavor Version Tinstall Tcheck Ttotal Status Flags
r-devel-linux-x86_64-debian-clang 0.50 6.25 76.79 83.04 OK
r-devel-linux-x86_64-debian-gcc 0.50 4.96 59.79 64.75 OK
r-devel-linux-x86_64-fedora-clang 0.50 98.96 NOTE
r-devel-linux-x86_64-fedora-gcc 0.50 90.39 NOTE
r-devel-windows-x86_64-new-UL 0.50 24.00 103.00 127.00 OK
r-devel-windows-x86_64-new-TK 0.50 NOTE
r-patched-linux-x86_64 0.50 5.57 70.12 75.69 OK
r-release-linux-x86_64 0.50 5.87 70.92 76.79 OK
r-release-macos-arm64 0.50 NOTE
r-release-macos-x86_64 0.50 NOTE
r-release-windows-ix86+x86_64 0.50 16.00 88.00 104.00 OK
r-oldrel-macos-x86_64 0.50 NOTE
r-oldrel-windows-ix86+x86_64 0.50 16.00 91.00 107.00 OK

Check Details

Version: 0.50
Check: dependencies in R code
Result: NOTE
    Namespace in Imports field not imported from: ‘FrF2.catlg128’
     All declared Imports should be used.
Flavors: r-devel-linux-x86_64-fedora-clang, r-devel-linux-x86_64-fedora-gcc, r-devel-windows-x86_64-new-TK, r-release-macos-arm64, r-release-macos-x86_64, r-oldrel-macos-x86_64

Version: 0.50
Check: Rd cross-references
Result: NOTE
    Undeclared package ‘BsMD’ in Rd xrefs
Flavor: r-devel-linux-x86_64-fedora-clang