Last updated on 2025-01-19 17:49:13 CET.
Flavor | Version | Tinstall | Tcheck | Ttotal | Status | Flags |
---|---|---|---|---|---|---|
r-devel-linux-x86_64-debian-clang | 2.3.0.1 | 12.33 | 100.21 | 112.54 | NOTE | |
r-devel-linux-x86_64-debian-gcc | 2.3.0.1 | 9.22 | 71.64 | 80.86 | NOTE | |
r-devel-linux-x86_64-fedora-clang | 2.3.0.1 | 196.20 | OK | |||
r-devel-linux-x86_64-fedora-gcc | 2.3.0.1 | 190.02 | OK | |||
r-devel-windows-x86_64 | 2.3.0.1 | 15.00 | 135.00 | 150.00 | NOTE | |
r-patched-linux-x86_64 | 2.3.0.1 | 19.86 | 94.50 | 114.36 | OK | |
r-release-linux-x86_64 | 2.3.0.1 | 11.63 | 94.87 | 106.50 | OK | |
r-release-macos-arm64 | 2.3.0.1 | 56.00 | OK | |||
r-release-macos-x86_64 | 2.3.0.1 | 124.00 | OK | |||
r-release-windows-x86_64 | 2.3.0.1 | 14.00 | 130.00 | 144.00 | OK | |
r-oldrel-macos-arm64 | 2.3.0 | 59.00 | OK | |||
r-oldrel-macos-x86_64 | 2.3.0 | 85.00 | OK |
Version: 2.3.0.1
Check: Rd cross-references
Result: NOTE
Found the following Rd file(s) with Rd \link{} targets missing package
anchors:
anova.psem.Rd: Anova
coefs.Rd: Anova
summary.psem.Rd: Anova
Please provide package anchors for all Rd \link{} targets not in the
package itself and the base packages.
Flavors: r-devel-linux-x86_64-debian-clang, r-devel-linux-x86_64-debian-gcc, r-devel-windows-x86_64