CRAN Package Check Results for Package pitchRx

Last updated on 2016-05-29 11:48:05.

Flavor Version Tinstall Tcheck Ttotal Status Flags
r-devel-linux-x86_64-debian-gcc 1.8.2 4.18 43.63 47.81 NOTE
r-devel-linux-x86_64-fedora-clang 1.8.2 97.40 NOTE
r-devel-linux-x86_64-fedora-gcc 1.8.2 92.02 NOTE
r-devel-osx-x86_64-clang 1.8.2 103.33 NOTE
r-devel-windows-ix86+x86_64 1.8.2 10.00 77.00 87.00 OK
r-patched-linux-x86_64 1.8.2 4.22 43.13 47.35 NOTE
r-patched-solaris-sparc 1.8.2 573.60 NOTE
r-patched-solaris-x86 1.8.2 129.60 NOTE
r-release-linux-x86_64 1.8.2 4.25 43.19 47.43 NOTE
r-release-osx-x86_64-mavericks 1.8.2 NOTE
r-release-windows-ix86+x86_64 1.8.2 18.00 84.00 102.00 OK
r-oldrel-windows-ix86+x86_64 1.8.2 13.00 83.00 96.00 OK

Check Details

Version: 1.8.2
Check: package dependencies
Result: NOTE
    Package suggested but not available for checking: ‘ggsubplot’
Flavors: r-devel-linux-x86_64-debian-gcc, r-devel-linux-x86_64-fedora-clang, r-devel-linux-x86_64-fedora-gcc, r-devel-osx-x86_64-clang, r-patched-linux-x86_64, r-patched-solaris-sparc, r-patched-solaris-x86, r-release-linux-x86_64, r-release-osx-x86_64-mavericks

Version: 1.8.2
Check: dependencies in R code
Result: NOTE
    Invalid MIT-MAGIC-COOKIE-1 key
Flavor: r-release-osx-x86_64-mavericks