CRAN Package Check Results for Package pitchRx

Last updated on 2019-06-25 20:47:08 CEST.

Flavor Version Tinstall Tcheck Ttotal Status Flags
r-devel-linux-x86_64-debian-clang 1.8.2 11.39 80.69 92.08 NOTE
r-devel-linux-x86_64-debian-gcc 1.8.2 7.72 64.08 71.80 NOTE
r-devel-linux-x86_64-fedora-clang 1.8.2 111.10 NOTE
r-devel-linux-x86_64-fedora-gcc 1.8.2 105.39 NOTE
r-devel-windows-ix86+x86_64 1.8.2 34.00 98.00 132.00 NOTE
r-patched-linux-x86_64 1.8.2 11.63 79.39 91.02 NOTE
r-patched-solaris-x86 1.8.2 171.70 NOTE
r-release-linux-x86_64 1.8.2 11.46 79.91 91.37 NOTE
r-release-windows-ix86+x86_64 1.8.2 19.00 142.00 161.00 NOTE
r-release-osx-x86_64 1.8.2 FAIL
r-oldrel-windows-ix86+x86_64 1.8.2 14.00 94.00 108.00 NOTE
r-oldrel-osx-x86_64 1.8.2 NOTE

Check Details

Version: 1.8.2
Check: package dependencies
Result: NOTE
    Package suggested but not available for checking: 'ggsubplot'
Flavors: r-devel-linux-x86_64-debian-clang, r-devel-linux-x86_64-debian-gcc, r-devel-linux-x86_64-fedora-clang, r-devel-linux-x86_64-fedora-gcc, r-devel-windows-ix86+x86_64, r-patched-linux-x86_64, r-patched-solaris-x86, r-release-linux-x86_64, r-release-windows-ix86+x86_64, r-release-osx-x86_64, r-oldrel-windows-ix86+x86_64, r-oldrel-osx-x86_64

Version: 1.8.2
Check: dependencies in R code
Result: FAIL
    
Flavor: r-release-osx-x86_64