CRAN Package Check Results for Package pitchRx

Last updated on 2014-04-24 03:47:50.

Flavor Version Tinstall Tcheck Ttotal Status Flags
r-devel-linux-x86_64-debian-clang 1.3 6.43 72.75 79.18 OK
r-devel-linux-x86_64-debian-gcc 1.3 6.37 71.74 78.11 OK
r-devel-linux-x86_64-fedora-clang 1.3 181.58 OK
r-devel-linux-x86_64-fedora-gcc 1.3 173.12 OK
r-devel-osx-x86_64-clang 1.3 151.35 OK
r-devel-osx-x86_64-gcc 1.3 ERROR
r-devel-windows-ix86+x86_64 1.3 17.00 94.00 111.00 OK
r-patched-linux-x86_64 1.3 6.60 72.31 78.91 OK
r-patched-solaris-sparc 1.3 871.00 OK
r-patched-solaris-x86 1.3 220.60 OK
r-release-linux-ix86 1.3 10.00 116.00 126.00 OK
r-release-linux-x86_64 1.3 6.64 70.97 77.61 OK
r-release-osx-x86_64-mavericks 1.3 WARN
r-release-osx-x86_64-snowleopard 1.3 OK
r-release-windows-ix86+x86_64 1.3 19.00 98.00 117.00 OK
r-oldrel-windows-ix86+x86_64 1.3 19.00 99.00 118.00 OK

Check Details

Version: 1.3
Check: package dependencies
Result: ERROR
    Packages required but not available: ‘ggplot2’ ‘XML2R’
    
    Packages suggested but not available for checking:
     ‘dplyr’ ‘knitr’ ‘ggsubplot’
    
    See the information on DESCRIPTION files in the chapter ‘Creating R
    packages’ of the ‘Writing R Extensions’ manual.
Flavor: r-devel-osx-x86_64-gcc

Version: 1.3
Check: PDF version of manual
Result: WARNING
    LaTeX errors when creating PDF version.
    This typically indicates Rd problems.
    LaTeX errors found:
    ! LaTeX Error: File `upquote.sty' not found.
    
    Type X to quit or <RETURN> to proceed,
    or enter new name. (Default extension: sty)
    
    /private/tmp/RtmpQa3UxZ/Rd2pdf70447868837e/Rd2.tex:8: ==> Fatal error occurred
    , no output PDF file produced!
Flavor: r-release-osx-x86_64-mavericks