CRAN Package Check Results for Package pitchRx

Last updated on 2016-02-08 19:48:33.

Flavor Version Tinstall Tcheck Ttotal Status Flags
r-devel-linux-x86_64-debian-gcc 1.8.2 4.22 41.83 46.05 NOTE
r-devel-linux-x86_64-fedora-clang 1.8.2 95.81 NOTE
r-devel-linux-x86_64-fedora-gcc 1.8.2 93.00 NOTE
r-devel-osx-x86_64-clang 1.8.2 102.71 NOTE
r-devel-windows-ix86+x86_64 1.8.2 15.00 78.00 93.00 OK
r-patched-linux-x86_64 1.8.2 5.02 45.95 50.96 NOTE
r-patched-solaris-sparc 1.8.2 609.70 NOTE
r-patched-solaris-x86 1.8.2 149.50 NOTE
r-release-linux-x86_64 1.8.2 4.56 46.16 50.72 NOTE
r-release-osx-x86_64-mavericks 1.8.2 OK
r-release-windows-ix86+x86_64 1.8.2 18.00 73.00 91.00 OK
r-oldrel-windows-ix86+x86_64 1.8.2 26.00 94.00 120.00 OK

Check Details

Version: 1.8.2
Check: package dependencies
Result: NOTE
    Package suggested but not available for checking: ‘ggsubplot’
Flavors: r-devel-linux-x86_64-debian-gcc, r-devel-linux-x86_64-fedora-clang, r-devel-linux-x86_64-fedora-gcc, r-devel-osx-x86_64-clang, r-patched-linux-x86_64, r-patched-solaris-sparc, r-patched-solaris-x86, r-release-linux-x86_64