CRAN Package Check Results for Package pitchRx

Last updated on 2019-03-23 16:48:10 CET.

Flavor Version Tinstall Tcheck Ttotal Status Flags
r-devel-linux-x86_64-debian-clang 1.8.2 8.96 79.34 88.30 NOTE
r-devel-linux-x86_64-debian-gcc 1.8.2 8.89 63.16 72.05 NOTE
r-devel-linux-x86_64-fedora-clang 1.8.2 110.21 NOTE
r-devel-linux-x86_64-fedora-gcc 1.8.2 107.91 NOTE
r-devel-windows-ix86+x86_64 1.8.2 27.00 128.00 155.00 NOTE
r-patched-linux-x86_64 1.8.2 7.02 78.95 85.97 NOTE
r-patched-solaris-x86 1.8.2 157.50 NOTE
r-release-linux-x86_64 1.8.2 0.40 2.20 2.60 ERROR
r-release-windows-ix86+x86_64 1.8.2 13.00 90.00 103.00 NOTE
r-release-osx-x86_64 1.8.2 NOTE
r-oldrel-windows-ix86+x86_64 1.8.2 23.00 130.00 153.00 OK
r-oldrel-osx-x86_64 1.8.2 NOTE

Check Details

Version: 1.8.2
Check: package dependencies
Result: NOTE
    Package suggested but not available for checking: 'ggsubplot'
Flavors: r-devel-linux-x86_64-debian-clang, r-devel-linux-x86_64-debian-gcc, r-devel-linux-x86_64-fedora-clang, r-devel-linux-x86_64-fedora-gcc, r-devel-windows-ix86+x86_64, r-patched-linux-x86_64, r-patched-solaris-x86, r-release-linux-x86_64, r-release-windows-ix86+x86_64, r-release-osx-x86_64, r-oldrel-osx-x86_64

Version: 1.8.2
Check: whether package can be installed
Result: ERROR
    Installation failed.
Flavor: r-release-linux-x86_64