CRAN Package Check Results for Package pitchRx

Last updated on 2017-10-24 10:48:01.

Flavor Version Tinstall Tcheck Ttotal Status Flags
r-devel-linux-x86_64-debian-clang 1.8.2 4.08 45.03 49.11 NOTE
r-devel-linux-x86_64-debian-gcc 1.8.2 4.19 50.29 54.48 NOTE
r-devel-linux-x86_64-fedora-clang 1.8.2 107.66 NOTE
r-devel-linux-x86_64-fedora-gcc 1.8.2 106.66 NOTE
r-devel-windows-ix86+x86_64 1.8.2 9.00 89.00 98.00 OK
r-patched-linux-x86_64 1.8.2 4.32 46.71 51.03 NOTE
r-release-linux-x86_64 1.8.2 4.12 46.90 51.02 NOTE
r-release-windows-ix86+x86_64 1.8.2 15.00 89.00 104.00 OK
r-release-osx-x86_64 1.8.2 NOTE
r-oldrel-windows-ix86+x86_64 1.8.2 9.00 76.00 85.00 OK
r-oldrel-osx-x86_64 1.8.2 NOTE

Check Details

Version: 1.8.2
Check: package dependencies
Result: NOTE
    Package suggested but not available for checking: ‘ggsubplot’
Flavors: r-devel-linux-x86_64-debian-clang, r-devel-linux-x86_64-debian-gcc, r-devel-linux-x86_64-fedora-clang, r-devel-linux-x86_64-fedora-gcc, r-patched-linux-x86_64, r-release-linux-x86_64, r-release-osx-x86_64, r-oldrel-osx-x86_64

Version: 1.8.2
Check: dependencies in R code
Result: NOTE
    Invalid MIT-MAGIC-COOKIE-1 key
Flavor: r-oldrel-osx-x86_64