CRAN Package Check Results for Package pitchRx

Last updated on 2017-08-21 06:46:53.

Flavor Version Tinstall Tcheck Ttotal Status Flags
r-devel-linux-x86_64-debian-clang 1.8.2 4.03 46.27 50.30 NOTE
r-devel-linux-x86_64-debian-gcc 1.8.2 3.95 46.84 50.79 NOTE
r-devel-linux-x86_64-fedora-clang 1.8.2 110.63 NOTE
r-devel-linux-x86_64-fedora-gcc 1.8.2 113.67 NOTE
r-devel-windows-ix86+x86_64 1.8.2 9.00 88.00 97.00 OK
r-patched-linux-x86_64 1.8.2 4.18 46.20 50.38 NOTE
r-patched-solaris-x86 1.8.2 152.00 NOTE
r-release-linux-x86_64 1.8.2 4.16 46.83 50.99 NOTE
r-release-windows-ix86+x86_64 1.8.2 16.00 84.00 100.00 OK
r-release-osx-x86_64 1.8.2 NOTE
r-oldrel-windows-ix86+x86_64 1.8.2 10.00 74.00 84.00 OK
r-oldrel-osx-x86_64 1.8.2 NOTE

Check Details

Version: 1.8.2
Check: package dependencies
Result: NOTE
    Package suggested but not available for checking: ‘ggsubplot’
Flavors: r-devel-linux-x86_64-debian-clang, r-devel-linux-x86_64-debian-gcc, r-devel-linux-x86_64-fedora-clang, r-devel-linux-x86_64-fedora-gcc, r-patched-linux-x86_64, r-patched-solaris-x86, r-release-linux-x86_64, r-release-osx-x86_64, r-oldrel-osx-x86_64

Version: 1.8.2
Check: dependencies in R code
Result: NOTE
    Invalid MIT-MAGIC-COOKIE-1 key
Flavor: r-oldrel-osx-x86_64