CRAN Package Check Results for Package pitchRx

Last updated on 2017-03-27 17:47:41.

Flavor Version Tinstall Tcheck Ttotal Status Flags
r-devel-linux-x86_64-debian-clang 1.8.2 4.14 46.80 50.94 NOTE
r-devel-linux-x86_64-debian-gcc 1.8.2 4.84 45.81 50.65 NOTE
r-devel-linux-x86_64-fedora-clang 1.8.2 111.87 NOTE --no-stop-on-test-error
r-devel-linux-x86_64-fedora-gcc 1.8.2 107.31 NOTE --no-stop-on-test-error
r-devel-macos-x86_64-clang 1.8.2 84.58 NOTE --no-stop-on-test-error
r-devel-windows-ix86+x86_64 1.8.2 12.00 130.00 142.00 OK
r-patched-linux-x86_64 1.8.2 4.88 46.20 51.07 NOTE
r-patched-solaris-sparc 1.8.2 641.00 NOTE
r-patched-solaris-x86 1.8.2 152.40 NOTE
r-release-linux-x86_64 1.8.2 4.20 42.90 47.10 NOTE
r-release-osx-x86_64-mavericks 1.8.2 NOTE
r-release-windows-ix86+x86_64 1.8.2 15.00 81.00 96.00 OK
r-oldrel-windows-ix86+x86_64 1.8.2 11.00 73.00 84.00 OK

Check Details

Version: 1.8.2
Check: package dependencies
Result: NOTE
    Package suggested but not available for checking: ‘ggsubplot’
Flavors: r-devel-linux-x86_64-debian-clang, r-devel-linux-x86_64-debian-gcc, r-patched-linux-x86_64, r-patched-solaris-sparc, r-patched-solaris-x86, r-release-linux-x86_64, r-release-osx-x86_64-mavericks

Version: 1.8.2
Flags: --no-stop-on-test-error
Check: package dependencies
Result: NOTE
    Package suggested but not available for checking: ‘ggsubplot’
Flavors: r-devel-linux-x86_64-fedora-clang, r-devel-linux-x86_64-fedora-gcc, r-devel-macos-x86_64-clang

Version: 1.8.2
Check: dependencies in R code
Result: NOTE
    Invalid MIT-MAGIC-COOKIE-1 key
Flavor: r-release-osx-x86_64-mavericks