CRAN Package Check Results for Package pitchRx

Last updated on 2015-08-01 03:49:05.

Flavor Version Tinstall Tcheck Ttotal Status Flags
r-devel-linux-x86_64-debian-clang 1.7 4.56 47.38 51.94 NOTE
r-devel-linux-x86_64-debian-gcc 1.7 4.40 46.13 50.53 NOTE
r-devel-linux-x86_64-fedora-clang 1.7 108.92 NOTE
r-devel-linux-x86_64-fedora-gcc 1.7 103.54 NOTE
r-devel-osx-x86_64-clang 1.7 90.52 OK
r-devel-windows-ix86+x86_64 1.7 18.00 79.00 97.00 NOTE
r-patched-linux-x86_64 1.7 4.47 46.20 50.68 OK
r-patched-solaris-sparc 1.7 661.10 OK
r-patched-solaris-x86 1.7 162.50 OK
r-release-linux-x86_64 1.7 4.33 46.25 50.58 OK
r-release-osx-x86_64-mavericks 1.7 OK
r-release-windows-ix86+x86_64 1.7 17.00 84.00 101.00 OK
r-oldrel-windows-ix86+x86_64 1.7 18.00 122.00 140.00 OK

Check Details

Version: 1.7
Check: R code for possible problems
Result: NOTE
    animateFX: no visible global function definition for ‘complete.cases’
    animateFX : <anonymous>: no visible global function definition for
     ‘reorder’
    export: no visible global function definition for ‘write.csv’
    interactiveFX: no visible global function definition for
     ‘complete.cases’
    interactiveFX: no visible global function definition for ‘rgb’
    interactiveFX: no visible global function definition for
     ‘terrain.colors’
    makeUrls: no visible global function definition for ‘data’
    scrape: no visible global function definition for ‘packageVersion’
    scrape: no visible global function definition for ‘data’
    scrape: no visible global function definition for ‘setNames’
    strikeFX: no visible global function definition for ‘complete.cases’
    strikeFX: no visible global function definition for ‘predict’
    update_db: no visible global function definition for ‘data’
    Undefined global functions or variables:
     complete.cases data packageVersion predict reorder rgb setNames
     terrain.colors write.csv
    Consider adding
     importFrom("grDevices", "rgb", "terrain.colors")
     importFrom("stats", "complete.cases", "predict", "reorder", "setNames")
     importFrom("utils", "data", "packageVersion", "write.csv")
    to your NAMESPACE.
Flavors: r-devel-linux-x86_64-debian-clang, r-devel-linux-x86_64-debian-gcc, r-devel-linux-x86_64-fedora-clang, r-devel-linux-x86_64-fedora-gcc, r-devel-windows-ix86+x86_64