CRAN Package Check Results for Package pitchRx

Last updated on 2014-10-25 01:49:47.

Flavor Version Tinstall Tcheck Ttotal Status Flags
r-devel-linux-x86_64-debian-clang 1.5 6.72 60.90 67.62 NOTE
r-devel-linux-x86_64-debian-gcc 1.5 5.70 60.60 66.30 NOTE
r-devel-linux-x86_64-fedora-clang 1.5 158.99 NOTE
r-devel-linux-x86_64-fedora-gcc 1.5 149.78 NOTE
r-devel-osx-x86_64-clang 1.5 129.51 NOTE
r-devel-windows-ix86+x86_64 1.5 15.00 91.00 106.00 NOTE
r-patched-linux-x86_64 1.5 6.12 61.56 67.68 NOTE
r-patched-solaris-sparc 1.5 842.40 NOTE
r-patched-solaris-x86 1.5 207.40 NOTE
r-release-linux-ix86 1.5 7.61 77.62 85.23 OK
r-release-linux-x86_64 1.5 6.04 64.47 70.51 OK
r-release-osx-x86_64-mavericks 1.5 OK
r-release-osx-x86_64-snowleopard 1.5 OK
r-release-windows-ix86+x86_64 1.5 15.00 97.00 112.00 OK
r-oldrel-windows-ix86+x86_64 1.5 19.00 97.00 116.00 OK

Check Details

Version: 1.5
Check: R code for possible problems
Result: NOTE
    interactiveFX: no visible global function definition for ‘open3d’
    interactiveFX: no visible global function definition for ‘spheres3d’
    interactiveFX: no visible global function definition for ‘axes3d’
    interactiveFX: no visible global function definition for ‘title3d’
    interactiveFX: no visible global function definition for ‘plot3d’
    scrape: no visible global function definition for ‘dbListFields’
    scrape: no visible global function definition for ‘dbSendQuery’
    scrape: no visible global function definition for ‘dbRemoveTable’
    scrape: no visible binding for global variable ‘fields’
    strikeFX: no visible global function definition for ‘geom_subplot2d’
    update_db: no visible global function definition for ‘dbExistsTable’
    update_db: no visible global function definition for ‘dbSendQuery’
    update_db: no visible global function definition for ‘dbGetQuery’
    update_db: no visible binding for global variable ‘gids’
    update_db: no visible global function definition for ‘dbListTables’
Flavors: r-devel-linux-x86_64-debian-clang, r-devel-linux-x86_64-debian-gcc, r-devel-linux-x86_64-fedora-clang, r-devel-linux-x86_64-fedora-gcc, r-devel-osx-x86_64-clang, r-devel-windows-ix86+x86_64, r-patched-linux-x86_64, r-patched-solaris-sparc, r-patched-solaris-x86