CRAN Package Check Results for Package pitchRx

Last updated on 2019-01-16 02:49:13 CET.

Flavor Version Tinstall Tcheck Ttotal Status Flags
r-devel-linux-x86_64-debian-clang 1.8.2 7.96 82.64 90.60 NOTE
r-devel-linux-x86_64-debian-gcc 1.8.2 6.65 63.52 70.17 NOTE
r-devel-linux-x86_64-fedora-clang 1.8.2 104.70 NOTE
r-devel-linux-x86_64-fedora-gcc 1.8.2 98.09 NOTE
r-devel-windows-ix86+x86_64 1.8.2 13.00 103.00 116.00 NOTE
r-patched-linux-x86_64 1.8.2 6.83 76.08 82.91 NOTE
r-patched-solaris-x86 1.8.2 163.60 NOTE
r-release-linux-x86_64 1.8.2 7.34 77.62 84.96 NOTE
r-release-windows-ix86+x86_64 1.8.2 29.00 83.00 112.00 NOTE
r-release-osx-x86_64 1.8.2 NOTE
r-oldrel-windows-ix86+x86_64 1.8.2 14.00 103.00 117.00 OK
r-oldrel-osx-x86_64 1.8.2 NOTE

Check Details

Version: 1.8.2
Check: package dependencies
Result: NOTE
    Package suggested but not available for checking: ‘ggsubplot’
Flavors: r-devel-linux-x86_64-debian-clang, r-devel-linux-x86_64-debian-gcc, r-devel-linux-x86_64-fedora-clang, r-devel-linux-x86_64-fedora-gcc, r-devel-windows-ix86+x86_64, r-patched-linux-x86_64, r-patched-solaris-x86, r-release-linux-x86_64, r-release-windows-ix86+x86_64, r-release-osx-x86_64, r-oldrel-osx-x86_64