CRAN Package Check Results for Package pitchRx

Last updated on 2016-08-31 21:47:13.

Flavor Version Tinstall Tcheck Ttotal Status Flags
r-devel-linux-x86_64-debian-clang 1.8.2 4.06 42.67 46.73 NOTE
r-devel-linux-x86_64-debian-gcc 1.8.2 3.96 41.85 45.81 NOTE
r-devel-linux-x86_64-fedora-clang 1.8.2 99.58 NOTE
r-devel-linux-x86_64-fedora-gcc 1.8.2 87.60 NOTE
r-devel-osx-x86_64-clang 1.8.2 77.64 NOTE
r-devel-windows-ix86+x86_64 1.8.2 16.00 113.00 129.00 OK
r-patched-linux-x86_64 1.8.2 4.44 43.65 48.09 NOTE
r-patched-solaris-sparc 1.8.2 573.20 NOTE
r-patched-solaris-x86 1.8.2 116.50 NOTE
r-release-linux-x86_64 1.8.2 4.05 41.09 45.14 NOTE
r-release-osx-x86_64-mavericks 1.8.2 NOTE
r-release-windows-ix86+x86_64 1.8.2 15.00 101.00 116.00 OK
r-oldrel-windows-ix86+x86_64 1.8.2 17.00 97.00 114.00 OK

Check Details

Version: 1.8.2
Check: package dependencies
Result: NOTE
    Package suggested but not available for checking: ‘ggsubplot’
Flavors: r-devel-linux-x86_64-debian-clang, r-devel-linux-x86_64-debian-gcc, r-devel-linux-x86_64-fedora-clang, r-devel-linux-x86_64-fedora-gcc, r-devel-osx-x86_64-clang, r-patched-linux-x86_64, r-patched-solaris-sparc, r-patched-solaris-x86, r-release-linux-x86_64, r-release-osx-x86_64-mavericks

Version: 1.8.2
Check: dependencies in R code
Result: NOTE
    Invalid MIT-MAGIC-COOKIE-1 key
Flavor: r-release-osx-x86_64-mavericks