CRAN Package Check Results for Package pitchRx

Last updated on 2016-10-01 08:47:41.

Flavor Version Tinstall Tcheck Ttotal Status Flags
r-devel-linux-x86_64-debian-clang 1.8.2 3.94 42.61 46.54 NOTE
r-devel-linux-x86_64-debian-gcc 1.8.2 3.86 42.01 45.87 NOTE
r-devel-linux-x86_64-fedora-clang 1.8.2 103.50 NOTE
r-devel-linux-x86_64-fedora-gcc 1.8.2 88.63 NOTE
r-devel-macos-x86_64-clang 1.8.2 71.07 NOTE
r-devel-windows-ix86+x86_64 1.8.2 17.00 104.00 121.00 OK
r-patched-linux-x86_64 1.8.2 4.19 41.34 45.53 NOTE
r-patched-solaris-sparc 1.8.2 573.20 NOTE
r-patched-solaris-x86 1.8.2 128.30 NOTE
r-release-linux-x86_64 1.8.2 4.64 42.13 46.77 NOTE
r-release-osx-x86_64-mavericks 1.8.2 NOTE
r-release-windows-ix86+x86_64 1.8.2 10.00 71.00 81.00 OK
r-oldrel-windows-ix86+x86_64 1.8.2 17.00 95.00 112.00 OK

Check Details

Version: 1.8.2
Check: package dependencies
Result: NOTE
    Package suggested but not available for checking: ‘ggsubplot’
Flavors: r-devel-linux-x86_64-debian-clang, r-devel-linux-x86_64-debian-gcc, r-devel-linux-x86_64-fedora-clang, r-devel-linux-x86_64-fedora-gcc, r-devel-macos-x86_64-clang, r-patched-linux-x86_64, r-patched-solaris-sparc, r-patched-solaris-x86, r-release-linux-x86_64, r-release-osx-x86_64-mavericks

Version: 1.8.2
Check: dependencies in R code
Result: NOTE
    Invalid MIT-MAGIC-COOKIE-1 key
Flavor: r-release-osx-x86_64-mavericks