CRAN Package Check Results for Package pitchRx

Last updated on 2016-12-05 19:47:06.

Flavor Version Tinstall Tcheck Ttotal Status Flags
r-devel-linux-x86_64-debian-clang 1.8.2 4.07 45.08 49.15 NOTE
r-devel-linux-x86_64-debian-gcc 1.8.2 4.32 45.54 49.86 NOTE
r-devel-linux-x86_64-fedora-clang 1.8.2 111.43 NOTE --no-stop-on-test-error
r-devel-linux-x86_64-fedora-gcc 1.8.2 109.53 NOTE --no-stop-on-test-error
r-devel-macos-x86_64-clang 1.8.2 86.06 NOTE
r-devel-windows-ix86+x86_64 1.8.2 12.00 83.00 95.00 OK
r-patched-linux-x86_64 1.8.2 4.12 42.13 46.24 NOTE
r-patched-solaris-sparc 1.8.2 598.50 NOTE
r-patched-solaris-x86 1.8.2 132.60 NOTE
r-release-linux-x86_64 1.8.2 4.56 41.31 45.87 NOTE
r-release-osx-x86_64-mavericks 1.8.2 NOTE
r-release-windows-ix86+x86_64 1.8.2 14.00 77.00 91.00 OK
r-oldrel-windows-ix86+x86_64 1.8.2 18.00 103.00 121.00 OK

Check Details

Version: 1.8.2
Check: package dependencies
Result: NOTE
    Package suggested but not available for checking: ‘ggsubplot’
Flavors: r-devel-linux-x86_64-debian-clang, r-devel-linux-x86_64-debian-gcc, r-devel-macos-x86_64-clang, r-patched-linux-x86_64, r-patched-solaris-sparc, r-patched-solaris-x86, r-release-linux-x86_64, r-release-osx-x86_64-mavericks

Version: 1.8.2
Flags: --no-stop-on-test-error
Check: package dependencies
Result: NOTE
    Package suggested but not available for checking: ‘ggsubplot’
Flavors: r-devel-linux-x86_64-fedora-clang, r-devel-linux-x86_64-fedora-gcc

Version: 1.8.2
Check: dependencies in R code
Result: NOTE
    Invalid MIT-MAGIC-COOKIE-1 key
Flavor: r-release-osx-x86_64-mavericks