CRAN Package Check Results for Package pitchRx

Last updated on 2021-10-22 05:59:55 CEST.

Flavor Version Tinstall Tcheck Ttotal Status Flags
r-devel-linux-x86_64-debian-clang 1.8.2 11.62 104.96 116.58 NOTE
r-devel-linux-x86_64-debian-gcc 1.8.2 11.17 79.97 91.14 NOTE
r-devel-linux-x86_64-fedora-clang 1.8.2 154.06 NOTE
r-devel-linux-x86_64-fedora-gcc 1.8.2 144.26 NOTE
r-devel-windows-x86_64 1.8.2 19.00 136.00 155.00 NOTE
r-devel-windows-x86_64-gcc10-UCRT 1.8.2 NOTE
r-patched-linux-x86_64 1.8.2 13.30 99.45 112.75 NOTE
r-patched-solaris-x86 1.8.2 208.70 NOTE
r-release-linux-x86_64 1.8.2 12.63 100.01 112.64 NOTE
r-release-macos-arm64 1.8.2 NOTE
r-release-macos-x86_64 1.8.2 NOTE
r-release-windows-ix86+x86_64 1.8.2 28.00 130.00 158.00 NOTE
r-oldrel-macos-x86_64 1.8.2 NOTE
r-oldrel-windows-ix86+x86_64 1.8.2 29.00 134.00 163.00 NOTE

Check Details

Version: 1.8.2
Check: package dependencies
Result: NOTE
    Package suggested but not available for checking: 'ggsubplot'
Flavors: r-devel-linux-x86_64-debian-clang, r-devel-linux-x86_64-debian-gcc, r-devel-linux-x86_64-fedora-clang, r-devel-linux-x86_64-fedora-gcc, r-devel-windows-x86_64, r-devel-windows-x86_64-gcc10-UCRT, r-patched-linux-x86_64, r-patched-solaris-x86, r-release-linux-x86_64, r-release-macos-arm64, r-release-macos-x86_64, r-release-windows-ix86+x86_64, r-oldrel-macos-x86_64, r-oldrel-windows-ix86+x86_64