CRAN Package Check Results for Package pitchRx

Last updated on 2017-04-29 23:50:39.

Flavor Version Tinstall Tcheck Ttotal Status Flags
r-devel-linux-x86_64-debian-clang 1.8.2 4.30 46.52 50.82 NOTE
r-devel-linux-x86_64-debian-gcc 1.8.2 4.32 45.65 49.97 NOTE
r-devel-linux-x86_64-fedora-clang 1.8.2 119.29 NOTE --no-stop-on-test-error
r-devel-linux-x86_64-fedora-gcc 1.8.2 107.62 NOTE --no-stop-on-test-error
r-devel-windows-ix86+x86_64 1.8.2 17.00 109.00 126.00 OK
r-patched-linux-x86_64 1.8.2 4.30 45.90 50.20 NOTE
r-patched-solaris-sparc 1.8.2 641.00 NOTE
r-patched-solaris-x86 1.8.2 148.00 NOTE
r-release-linux-x86_64 1.8.2 4.23 45.64 49.87 NOTE
r-release-windows-ix86+x86_64 1.8.2 15.00 109.00 124.00 OK
r-release-osx-x86_64 1.8.2 NOTE
r-oldrel-windows-ix86+x86_64 1.8.2 17.00 108.00 125.00 OK
r-oldrel-osx-x86_64 1.8.2 NOTE

Check Details

Version: 1.8.2
Check: package dependencies
Result: NOTE
    Package suggested but not available for checking: ‘ggsubplot’
Flavors: r-devel-linux-x86_64-debian-clang, r-devel-linux-x86_64-debian-gcc, r-patched-linux-x86_64, r-patched-solaris-sparc, r-patched-solaris-x86, r-release-linux-x86_64, r-release-osx-x86_64, r-oldrel-osx-x86_64

Version: 1.8.2
Flags: --no-stop-on-test-error
Check: package dependencies
Result: NOTE
    Package suggested but not available for checking: ‘ggsubplot’
Flavors: r-devel-linux-x86_64-fedora-clang, r-devel-linux-x86_64-fedora-gcc

Version: 1.8.2
Check: dependencies in R code
Result: NOTE
    Invalid MIT-MAGIC-COOKIE-1 key
Flavor: r-oldrel-osx-x86_64