CRAN Package Check Results for Package pitchRx

Last updated on 2016-07-30 08:48:24.

Flavor Version Tinstall Tcheck Ttotal Status Flags
r-devel-linux-x86_64-debian-clang 1.8.2 4.54 45.03 49.56 NOTE
r-devel-linux-x86_64-debian-gcc 1.8.2 4.17 44.06 48.23 NOTE
r-devel-linux-x86_64-fedora-clang 1.8.2 100.77 NOTE
r-devel-linux-x86_64-fedora-gcc 1.8.2 96.24 NOTE
r-devel-osx-x86_64-clang 1.8.2 77.42 NOTE
r-devel-windows-ix86+x86_64 1.8.2 13.00 86.00 99.00 OK
r-patched-linux-x86_64 1.8.2 5.24 47.77 53.01 NOTE
r-patched-solaris-sparc 1.8.2 573.20 NOTE
r-patched-solaris-x86 1.8.2 130.00 NOTE
r-release-linux-x86_64 1.8.2 4.90 49.27 54.16 NOTE
r-release-osx-x86_64-mavericks 1.8.2 NOTE
r-release-windows-ix86+x86_64 1.8.2 15.00 85.00 100.00 OK
r-oldrel-windows-ix86+x86_64 1.8.2 15.00 107.00 122.00 OK

Check Details

Version: 1.8.2
Check: package dependencies
Result: NOTE
    Package suggested but not available for checking: ‘ggsubplot’
Flavors: r-devel-linux-x86_64-debian-clang, r-devel-linux-x86_64-debian-gcc, r-devel-linux-x86_64-fedora-clang, r-devel-linux-x86_64-fedora-gcc, r-devel-osx-x86_64-clang, r-patched-linux-x86_64, r-patched-solaris-sparc, r-patched-solaris-x86, r-release-linux-x86_64, r-release-osx-x86_64-mavericks

Version: 1.8.2
Check: dependencies in R code
Result: NOTE
    Invalid MIT-MAGIC-COOKIE-1 key
Flavor: r-release-osx-x86_64-mavericks