CRAN Package Check Results for Package pitchRx

Last updated on 2017-06-26 21:49:40.

Flavor Version Tinstall Tcheck Ttotal Status Flags
r-devel-linux-x86_64-debian-clang 1.8.2 4.09 46.66 50.75 NOTE
r-devel-linux-x86_64-debian-gcc 1.8.2 4.09 45.73 49.82 NOTE
r-devel-linux-x86_64-fedora-clang 1.8.2 111.70 NOTE
r-devel-linux-x86_64-fedora-gcc 1.8.2 118.51 NOTE
r-devel-windows-ix86+x86_64 1.8.2 16.00 82.00 98.00 OK
r-patched-linux-x86_64 1.8.2 4.16 46.47 50.63 NOTE
r-patched-solaris-sparc 1.8.2 641.00 NOTE
r-patched-solaris-x86 1.8.2 149.00 NOTE
r-release-linux-x86_64 1.8.2 4.32 46.35 50.66 NOTE
r-release-windows-ix86+x86_64 1.8.2 12.00 113.00 125.00 OK
r-release-osx-x86_64 1.8.2 NOTE
r-oldrel-windows-ix86+x86_64 1.8.2 14.00 101.00 115.00 OK
r-oldrel-osx-x86_64 1.8.2 NOTE

Check Details

Version: 1.8.2
Check: package dependencies
Result: NOTE
    Package suggested but not available for checking: ‘ggsubplot’
Flavors: r-devel-linux-x86_64-debian-clang, r-devel-linux-x86_64-debian-gcc, r-devel-linux-x86_64-fedora-clang, r-devel-linux-x86_64-fedora-gcc, r-patched-linux-x86_64, r-patched-solaris-sparc, r-patched-solaris-x86, r-release-linux-x86_64, r-release-osx-x86_64, r-oldrel-osx-x86_64

Version: 1.8.2
Check: dependencies in R code
Result: NOTE
    Invalid MIT-MAGIC-COOKIE-1 key
Flavor: r-oldrel-osx-x86_64