CRAN Package Check Results for Package pitchRx

Last updated on 2018-05-21 14:52:01 CEST.

Flavor Version Tinstall Tcheck Ttotal Status Flags
r-devel-linux-x86_64-debian-clang 1.8.2 7.70 71.41 79.11 NOTE
r-devel-linux-x86_64-debian-gcc 1.8.2 7.11 65.74 72.85 NOTE
r-devel-linux-x86_64-fedora-clang 1.8.2 111.97 NOTE
r-devel-linux-x86_64-fedora-gcc 1.8.2 109.07 NOTE
r-devel-windows-ix86+x86_64 1.8.2 13.00 100.00 113.00 NOTE
r-patched-linux-x86_64 1.8.2 6.78 70.83 77.61 NOTE
r-patched-solaris-x86 1.8.2 150.70 NOTE
r-release-linux-x86_64 1.8.2 6.74 69.80 76.54 NOTE
r-release-windows-ix86+x86_64 1.8.2 11.00 110.00 121.00 NOTE
r-release-osx-x86_64 1.8.2 NOTE
r-oldrel-windows-ix86+x86_64 1.8.2 15.00 110.00 125.00 OK
r-oldrel-osx-x86_64 1.8.2 NOTE

Check Details

Version: 1.8.2
Check: package dependencies
Result: NOTE
    Package suggested but not available for checking: ‘ggsubplot’
Flavors: r-devel-linux-x86_64-debian-clang, r-devel-linux-x86_64-debian-gcc, r-devel-linux-x86_64-fedora-clang, r-devel-linux-x86_64-fedora-gcc, r-devel-windows-ix86+x86_64, r-patched-linux-x86_64, r-patched-solaris-x86, r-release-linux-x86_64, r-release-windows-ix86+x86_64, r-release-osx-x86_64, r-oldrel-osx-x86_64