CRAN Package Check Results for Package pitchRx

Last updated on 2017-02-20 22:59:12.

Flavor Version Tinstall Tcheck Ttotal Status Flags
r-devel-linux-x86_64-debian-clang 1.8.2 4.33 46.14 50.46 NOTE
r-devel-linux-x86_64-debian-gcc 1.8.2 4.40 45.88 50.28 NOTE
r-devel-linux-x86_64-fedora-clang 1.8.2 109.36 NOTE --no-stop-on-test-error
r-devel-linux-x86_64-fedora-gcc 1.8.2 109.45 NOTE --no-stop-on-test-error
r-devel-macos-x86_64-clang 1.8.2 85.17 NOTE --no-stop-on-test-error
r-devel-windows-ix86+x86_64 1.8.2 19.00 112.00 131.00 OK
r-patched-linux-x86_64 1.8.2 4.54 43.03 47.57 NOTE
r-patched-solaris-sparc 1.8.2 585.60 NOTE
r-patched-solaris-x86 1.8.2 136.20 NOTE
r-release-linux-x86_64 1.8.2 4.50 42.72 47.23 NOTE
r-release-osx-x86_64-mavericks 1.8.2 NOTE
r-release-windows-ix86+x86_64 1.8.2 15.00 77.00 92.00 OK
r-oldrel-windows-ix86+x86_64 1.8.2 12.00 86.00 98.00 OK

Check Details

Version: 1.8.2
Check: package dependencies
Result: NOTE
    Package suggested but not available for checking: ‘ggsubplot’
Flavors: r-devel-linux-x86_64-debian-clang, r-devel-linux-x86_64-debian-gcc, r-patched-linux-x86_64, r-patched-solaris-sparc, r-patched-solaris-x86, r-release-linux-x86_64, r-release-osx-x86_64-mavericks

Version: 1.8.2
Flags: --no-stop-on-test-error
Check: package dependencies
Result: NOTE
    Package suggested but not available for checking: ‘ggsubplot’
Flavors: r-devel-linux-x86_64-fedora-clang, r-devel-linux-x86_64-fedora-gcc, r-devel-macos-x86_64-clang

Version: 1.8.2
Check: dependencies in R code
Result: NOTE
    Invalid MIT-MAGIC-COOKIE-1 key
Flavor: r-release-osx-x86_64-mavericks