CRAN Package Check Results for Package pitchRx

Last updated on 2015-05-27 17:47:21.

Flavor Version Tinstall Tcheck Ttotal Status Flags
r-devel-linux-x86_64-debian-clang 1.7 4.62 46.84 51.46 OK
r-devel-linux-x86_64-debian-gcc 1.7 4.34 45.96 50.30 OK
r-devel-linux-x86_64-fedora-clang 1.7 108.50 OK
r-devel-linux-x86_64-fedora-gcc 1.7 106.71 OK
r-devel-osx-x86_64-clang 1.7 93.02 OK
r-devel-windows-ix86+x86_64 1.7 12.00 73.00 85.00 OK
r-patched-linux-x86_64 1.7 4.33 45.34 49.67 OK
r-patched-solaris-sparc 1.7 656.30 OK
r-patched-solaris-x86 1.7 161.00 OK
r-release-linux-x86_64 1.7 4.79 46.51 51.30 OK
r-release-osx-x86_64-mavericks 1.7 OK
r-release-osx-x86_64-snowleopard 1.7 ERROR
r-release-windows-ix86+x86_64 1.7 12.00 72.00 84.00 OK
r-oldrel-windows-ix86+x86_64 1.7 21.00 114.00 135.00 OK

Check Details

Version: 1.7
Check: package dependencies
Result: ERROR
    Packages required but not available: ‘ggplot2’ ‘XML2R’
    
    Packages suggested but not available for checking:
     ‘dplyr’ ‘knitr’ ‘ggsubplot’
    
    See section ‘The DESCRIPTION file’ in the ‘Writing R Extensions’
    manual.
Flavor: r-release-osx-x86_64-snowleopard