CRAN Package Check Results for Package pitchRx

Last updated on 2016-04-30 06:47:36.

Flavor Version Tinstall Tcheck Ttotal Status Flags
r-devel-linux-x86_64-debian-gcc 1.8.2 4.50 43.64 48.14 NOTE
r-devel-linux-x86_64-fedora-clang 1.8.2 95.44 NOTE
r-devel-linux-x86_64-fedora-gcc 1.8.2 93.59 NOTE
r-devel-osx-x86_64-clang 1.8.2 103.44 NOTE
r-devel-windows-ix86+x86_64 1.8.2 11.00 77.00 88.00 OK
r-patched-linux-x86_64 1.8.2 4.29 42.78 47.07 NOTE
r-patched-solaris-sparc 1.8.2 567.80 NOTE
r-patched-solaris-x86 1.8.2 129.60 NOTE
r-release-linux-x86_64 1.8.2 4.95 46.43 51.37 NOTE
r-release-osx-x86_64-mavericks 1.8.2 OK
r-release-windows-ix86+x86_64 1.8.2 11.00 78.00 89.00 OK
r-oldrel-windows-ix86+x86_64 1.8.2 26.00 145.00 171.00 OK

Check Details

Version: 1.8.2
Check: package dependencies
Result: NOTE
    Package suggested but not available for checking: ‘ggsubplot’
Flavors: r-devel-linux-x86_64-debian-gcc, r-devel-linux-x86_64-fedora-clang, r-devel-linux-x86_64-fedora-gcc, r-devel-osx-x86_64-clang, r-patched-linux-x86_64, r-patched-solaris-sparc, r-patched-solaris-x86, r-release-linux-x86_64