CRAN Package Check Results for Package pitchRx

Last updated on 2017-01-20 03:47:36.

Flavor Version Tinstall Tcheck Ttotal Status Flags
r-devel-linux-x86_64-debian-clang 1.8.2 4.28 44.77 49.05 NOTE
r-devel-linux-x86_64-debian-gcc 1.8.2 4.88 44.21 49.09 NOTE
r-devel-linux-x86_64-fedora-clang 1.8.2 108.75 NOTE --no-stop-on-test-error
r-devel-linux-x86_64-fedora-gcc 1.8.2 110.36 NOTE --no-stop-on-test-error
r-devel-macos-x86_64-clang 1.8.2 83.09 NOTE --no-stop-on-test-error
r-devel-windows-ix86+x86_64 1.8.2 14.00 81.00 95.00 OK
r-patched-linux-x86_64 1.8.2 4.13 40.93 45.05 NOTE
r-patched-solaris-sparc 1.8.2 585.60 NOTE
r-patched-solaris-x86 1.8.2 132.40 NOTE
r-release-linux-x86_64 1.8.2 4.27 41.72 45.99 NOTE
r-release-osx-x86_64-mavericks 1.8.2 NOTE
r-release-windows-ix86+x86_64 1.8.2 10.00 71.00 81.00 OK
r-oldrel-windows-ix86+x86_64 1.8.2 13.00 77.00 90.00 OK

Check Details

Version: 1.8.2
Check: package dependencies
Result: NOTE
    Package suggested but not available for checking: ‘ggsubplot’
Flavors: r-devel-linux-x86_64-debian-clang, r-devel-linux-x86_64-debian-gcc, r-patched-linux-x86_64, r-patched-solaris-sparc, r-patched-solaris-x86, r-release-linux-x86_64, r-release-osx-x86_64-mavericks

Version: 1.8.2
Flags: --no-stop-on-test-error
Check: package dependencies
Result: NOTE
    Package suggested but not available for checking: ‘ggsubplot’
Flavors: r-devel-linux-x86_64-fedora-clang, r-devel-linux-x86_64-fedora-gcc, r-devel-macos-x86_64-clang

Version: 1.8.2
Check: dependencies in R code
Result: NOTE
    Invalid MIT-MAGIC-COOKIE-1 key
Flavor: r-release-osx-x86_64-mavericks