CRAN Package Check Results for Package pitchRx

Last updated on 2014-09-23 12:47:03.

Flavor Version Tinstall Tcheck Ttotal Status Flags
r-devel-linux-x86_64-debian-clang 1.5 8.17 59.91 68.08 NOTE
r-devel-linux-x86_64-debian-gcc 1.5 5.61 58.90 64.51 NOTE
r-devel-linux-x86_64-fedora-clang 1.5 156.95 NOTE
r-devel-linux-x86_64-fedora-gcc 1.5 152.82 NOTE
r-devel-osx-x86_64-clang 1.5 126.28 NOTE
r-devel-windows-ix86+x86_64 1.5 16.00 90.00 106.00 NOTE
r-patched-linux-x86_64 1.5 6.00 64.25 70.24 OK
r-patched-solaris-sparc 1.5 879.90 OK
r-patched-solaris-x86 1.5 212.20 OK
r-release-linux-ix86 1.5 7.60 78.17 85.77 OK
r-release-linux-x86_64 1.5 5.99 63.99 69.98 OK
r-release-osx-x86_64-mavericks 1.5 OK
r-release-osx-x86_64-snowleopard 1.5 OK
r-release-windows-ix86+x86_64 1.5 16.00 95.00 111.00 OK
r-oldrel-windows-ix86+x86_64 1.5 19.00 98.00 117.00 OK

Check Details

Version: 1.5
Check: R code for possible problems
Result: NOTE
    interactiveFX: no visible global function definition for ‘open3d’
    interactiveFX: no visible global function definition for ‘spheres3d’
    interactiveFX: no visible global function definition for ‘axes3d’
    interactiveFX: no visible global function definition for ‘title3d’
    interactiveFX: no visible global function definition for ‘plot3d’
    scrape: no visible global function definition for ‘dbListFields’
    scrape: no visible global function definition for ‘dbSendQuery’
    scrape: no visible global function definition for ‘dbRemoveTable’
    scrape: no visible binding for global variable ‘fields’
    strikeFX: no visible global function definition for ‘geom_subplot2d’
    update_db: no visible global function definition for ‘dbExistsTable’
    update_db: no visible global function definition for ‘dbSendQuery’
    update_db: no visible global function definition for ‘dbGetQuery’
    update_db: no visible binding for global variable ‘gids’
    update_db: no visible global function definition for ‘dbListTables’
Flavors: r-devel-linux-x86_64-debian-clang, r-devel-linux-x86_64-debian-gcc, r-devel-linux-x86_64-fedora-clang, r-devel-linux-x86_64-fedora-gcc, r-devel-osx-x86_64-clang, r-devel-windows-ix86+x86_64