CRAN Package Check Results for Package pitchRx

Last updated on 2015-07-05 08:47:28.

Flavor Version Tinstall Tcheck Ttotal Status Flags
r-devel-linux-x86_64-debian-clang 1.7 4.63 45.73 50.36 NOTE
r-devel-linux-x86_64-debian-gcc 1.7 4.46 44.77 49.23 NOTE
r-devel-linux-x86_64-fedora-clang 1.7 106.71 NOTE
r-devel-linux-x86_64-fedora-gcc 1.7 101.73 NOTE
r-devel-osx-x86_64-clang 1.7 95.34 OK
r-devel-windows-ix86+x86_64 1.7 14.00 95.00 109.00 NOTE
r-patched-linux-x86_64 1.7 4.42 45.50 49.93 OK
r-patched-solaris-sparc 1.7 656.30 OK
r-patched-solaris-x86 1.7 165.70 OK
r-release-linux-x86_64 1.7 4.51 46.58 51.08 OK
r-release-osx-x86_64-mavericks 1.7 OK
r-release-windows-ix86+x86_64 1.7 17.00 72.00 89.00 OK
r-oldrel-windows-ix86+x86_64 1.7 28.00 101.00 129.00 OK

Check Details

Version: 1.7
Check: R code for possible problems
Result: NOTE
    animateFX: no visible global function definition for ‘complete.cases’
    animateFX : <anonymous>: no visible global function definition for
     ‘reorder’
    export: no visible global function definition for ‘write.csv’
    interactiveFX: no visible global function definition for
     ‘complete.cases’
    interactiveFX: no visible global function definition for ‘rgb’
    interactiveFX: no visible global function definition for
     ‘terrain.colors’
    makeUrls: Error while checking: invalid ‘envir’ argument
    scrape: no visible global function definition for ‘packageVersion’
    scrape: Error while checking: invalid ‘envir’ argument
    strikeFX: no visible global function definition for ‘complete.cases’
    strikeFX: no visible global function definition for ‘predict’
    update_db: Error while checking: invalid ‘envir’ argument
    Undefined global functions or variables:
     complete.cases packageVersion predict reorder rgb terrain.colors
     write.csv
Flavors: r-devel-linux-x86_64-debian-clang, r-devel-linux-x86_64-debian-gcc, r-devel-linux-x86_64-fedora-clang, r-devel-linux-x86_64-fedora-gcc

Version: 1.7
Check: R code for possible problems
Result: NOTE
    animateFX: no visible global function definition for 'complete.cases'
    animateFX : <anonymous>: no visible global function definition for
     'reorder'
    export: no visible global function definition for 'write.csv'
    interactiveFX: no visible global function definition for
     'complete.cases'
    interactiveFX: no visible global function definition for 'rgb'
    interactiveFX: no visible global function definition for
     'terrain.colors'
    makeUrls: no visible global function definition for 'data'
    scrape: no visible global function definition for 'packageVersion'
    scrape: no visible global function definition for 'data'
    scrape: no visible global function definition for 'setNames'
    strikeFX: no visible global function definition for 'complete.cases'
    strikeFX: no visible global function definition for 'predict'
    update_db: no visible global function definition for 'data'
    Undefined global functions or variables:
     complete.cases data packageVersion predict reorder rgb setNames
     terrain.colors write.csv
Flavor: r-devel-windows-ix86+x86_64