CRAN Package Check Results for Package pitchRx

Last updated on 2018-01-17 17:49:35 CET.

Flavor Version Tinstall Tcheck Ttotal Status Flags
r-devel-linux-x86_64-debian-clang 1.8.2 4.96 69.13 74.09 NOTE
r-devel-linux-x86_64-debian-gcc 1.8.2 4.95 53.34 58.29 NOTE
r-devel-linux-x86_64-fedora-clang 1.8.2 86.97 NOTE
r-devel-linux-x86_64-fedora-gcc 1.8.2 91.59 NOTE
r-devel-windows-ix86+x86_64 1.8.2 13.00 74.00 87.00 NOTE
r-patched-linux-x86_64 1.8.2 7.30 74.56 81.86 NOTE
r-patched-solaris-x86 1.8.2 163.30 NOTE
r-release-linux-x86_64 1.8.2 5.25 74.97 80.22 NOTE
r-release-windows-ix86+x86_64 1.8.2 10.00 82.00 92.00 OK
r-release-osx-x86_64 1.8.2 NOTE
r-oldrel-windows-ix86+x86_64 1.8.2 14.00 101.00 115.00 OK
r-oldrel-osx-x86_64 1.8.2 NOTE

Check Details

Version: 1.8.2
Check: package dependencies
Result: NOTE
    Package suggested but not available for checking: ‘ggsubplot’
Flavors: r-devel-linux-x86_64-debian-clang, r-devel-linux-x86_64-debian-gcc, r-devel-linux-x86_64-fedora-clang, r-devel-linux-x86_64-fedora-gcc, r-devel-windows-ix86+x86_64, r-patched-linux-x86_64, r-patched-solaris-x86, r-release-linux-x86_64, r-release-osx-x86_64, r-oldrel-osx-x86_64

Version: 1.8.2
Check: dependencies in R code
Result: NOTE
    Invalid MIT-MAGIC-COOKIE-1 key
Flavor: r-oldrel-osx-x86_64