CRAN Package Check Results for Package pivot

Last updated on 2019-03-21 19:47:12 CET.

Flavor Version Tinstall Tcheck Ttotal Status Flags
r-devel-linux-x86_64-debian-clang 18.4.17 4.31 38.32 42.63 OK
r-devel-linux-x86_64-debian-gcc 18.4.17 3.03 29.65 32.68 OK
r-devel-linux-x86_64-fedora-clang 18.4.17 50.46 NOTE
r-devel-linux-x86_64-fedora-gcc 18.4.17 47.55 NOTE
r-devel-windows-ix86+x86_64 18.4.17 18.00 63.00 81.00 OK
r-patched-linux-x86_64 18.4.17 2.11 35.17 37.28 OK
r-patched-solaris-x86 18.4.17 71.40 NOTE
r-release-linux-x86_64 18.4.17 2.98 34.83 37.81 OK
r-release-windows-ix86+x86_64 18.4.17 4.00 51.00 55.00 OK
r-release-osx-x86_64 18.4.17 NOTE
r-oldrel-windows-ix86+x86_64 18.4.17 10.00 73.00 83.00 OK
r-oldrel-osx-x86_64 18.4.17 NOTE

Check Details

Version: 18.4.17
Check: dependencies in R code
Result: NOTE
    Namespaces in Imports field not imported from:
     ‘colorspace’ ‘lubridate’
     All declared Imports should be used.
Flavors: r-devel-linux-x86_64-fedora-clang, r-devel-linux-x86_64-fedora-gcc, r-patched-solaris-x86, r-release-osx-x86_64, r-oldrel-osx-x86_64