CRAN Package Check Results for Package pixmap

Last updated on 2014-08-29 21:47:46.

Flavor Version Tinstall Tcheck Ttotal Status Flags
r-devel-linux-x86_64-debian-clang 0.4-11 0.72 12.96 13.68 NOTE
r-devel-linux-x86_64-debian-gcc 0.4-11 0.70 13.40 14.10 NOTE
r-devel-linux-x86_64-fedora-clang 0.4-11 28.93 NOTE
r-devel-linux-x86_64-fedora-gcc 0.4-11 26.76 NOTE
r-devel-osx-x86_64-clang 0.4-11 31.12 NOTE
r-devel-windows-ix86+x86_64 0.4-11 2.00 22.00 24.00 NOTE
r-patched-linux-x86_64 0.4-11 0.78 13.35 14.13 NOTE
r-patched-solaris-sparc 0.4-11 180.70 NOTE
r-patched-solaris-x86 0.4-11 42.00 NOTE
r-release-linux-ix86 0.4-11 1.13 20.77 21.90 NOTE
r-release-linux-x86_64 0.4-11 0.74 13.74 14.47 NOTE
r-release-osx-x86_64-mavericks 0.4-11 NOTE
r-release-windows-ix86+x86_64 0.4-11 3.00 23.00 26.00 NOTE
r-oldrel-windows-ix86+x86_64 0.4-11 2.00 35.00 37.00 NOTE

Check Details

Version: 0.4-11
Check: dependencies in R code
Result: NOTE
    Package in Depends field not imported from: ‘methods’
     These packages need to be imported from (in the NAMESPACE file)
     for when this namespace is loaded but not attached.
    See the information on DESCRIPTION files in the chapter ‘Creating R
    packages’ of the ‘Writing R Extensions’ manual.
Flavors: r-devel-linux-x86_64-debian-clang, r-devel-linux-x86_64-debian-gcc, r-devel-linux-x86_64-fedora-clang, r-devel-linux-x86_64-fedora-gcc, r-devel-osx-x86_64-clang, r-devel-windows-ix86+x86_64, r-patched-linux-x86_64, r-patched-solaris-sparc, r-patched-solaris-x86, r-release-linux-ix86, r-release-linux-x86_64, r-release-osx-x86_64-mavericks, r-release-windows-ix86+x86_64, r-oldrel-windows-ix86+x86_64