CRAN Package Check Results for Package pixmap

Last updated on 2015-03-01 12:47:44.

Flavor Version Tinstall Tcheck Ttotal Status Flags
r-devel-linux-x86_64-debian-clang 0.4-11 0.81 12.70 13.51 NOTE
r-devel-linux-x86_64-debian-gcc 0.4-11 0.67 12.56 13.24 NOTE
r-devel-linux-x86_64-fedora-clang 0.4-11 25.92 NOTE
r-devel-linux-x86_64-fedora-gcc 0.4-11 25.08 NOTE
r-devel-osx-x86_64-clang 0.4-11 28.76 NOTE
r-devel-windows-ix86+x86_64 0.4-11 4.00 22.00 26.00 NOTE
r-patched-linux-x86_64 0.4-11 0.71 13.51 14.22 NOTE
r-patched-solaris-sparc 0.4-11 194.70 NOTE
r-patched-solaris-x86 0.4-11 43.40 NOTE
r-release-linux-ix86 0.4-11 1.11 21.21 22.32 NOTE
r-release-linux-x86_64 0.4-11 0.76 13.70 14.46 NOTE
r-release-osx-x86_64-mavericks 0.4-11 NOTE
r-release-windows-ix86+x86_64 0.4-11 2.00 24.00 26.00 NOTE
r-oldrel-windows-ix86+x86_64 0.4-11 2.00 35.00 37.00 NOTE

Check Details

Version: 0.4-11
Check: dependencies in R code
Result: NOTE
    Package in Depends field not imported from: ‘methods’
     These packages need to be imported from (in the NAMESPACE file)
     for when this namespace is loaded but not attached.
Flavors: r-devel-linux-x86_64-debian-clang, r-devel-linux-x86_64-debian-gcc, r-devel-linux-x86_64-fedora-clang, r-devel-linux-x86_64-fedora-gcc, r-devel-osx-x86_64-clang, r-devel-windows-ix86+x86_64, r-patched-linux-x86_64, r-patched-solaris-x86

Version: 0.4-11
Check: dependencies in R code
Result: NOTE
    Package in Depends field not imported from: ‘methods’
     These packages need to be imported from (in the NAMESPACE file)
     for when this namespace is loaded but not attached.
    See the information on DESCRIPTION files in the chapter ‘Creating R
    packages’ of the ‘Writing R Extensions’ manual.
Flavors: r-patched-solaris-sparc, r-release-linux-ix86, r-release-linux-x86_64, r-release-osx-x86_64-mavericks, r-release-windows-ix86+x86_64, r-oldrel-windows-ix86+x86_64