CRAN Package Check Results for Package pixmap

Last updated on 2015-04-25 06:46:25.

Flavor Version Tinstall Tcheck Ttotal Status Flags
r-devel-linux-x86_64-debian-clang 0.4-11 0.66 14.50 15.16 NOTE
r-devel-linux-x86_64-debian-gcc 0.4-11 0.64 12.80 13.44 NOTE
r-devel-linux-x86_64-fedora-clang 0.4-11 26.48 NOTE
r-devel-linux-x86_64-fedora-gcc 0.4-11 24.12 NOTE
r-devel-osx-x86_64-clang 0.4-11 28.85 NOTE
r-devel-windows-ix86+x86_64 0.4-11 2.00 24.00 26.00 NOTE
r-patched-linux-x86_64 0.4-11 0.72 13.50 14.22 NOTE
r-patched-solaris-sparc 0.4-11 183.20 NOTE
r-patched-solaris-x86 0.4-11 36.90 NOTE
r-release-linux-x86_64 0.4-11 0.66 12.88 13.54 NOTE
r-release-osx-x86_64-mavericks 0.4-11 NOTE
r-release-osx-x86_64-snowleopard 0.4-11 NOTE
r-release-windows-ix86+x86_64 0.4-11 2.00 25.00 27.00 NOTE
r-oldrel-windows-ix86+x86_64 0.4-11 5.00 23.00 28.00 NOTE

Check Details

Version: 0.4-11
Check: dependencies in R code
Result: NOTE
    Package in Depends field not imported from: 'methods'
     These packages need to be imported from (in the NAMESPACE file)
     for when this namespace is loaded but not attached.
Flavors: r-devel-windows-ix86+x86_64, r-patched-linux-x86_64, r-release-windows-ix86+x86_64, r-oldrel-windows-ix86+x86_64