CRAN Package Check Results for Package pixmap

Last updated on 2014-04-24 15:50:44.

Flavor Version Tinstall Tcheck Ttotal Status Flags
r-devel-linux-x86_64-debian-clang 0.4-11 0.84 14.10 14.95 NOTE
r-devel-linux-x86_64-debian-gcc 0.4-11 0.74 14.07 14.81 NOTE
r-devel-linux-x86_64-fedora-clang 0.4-11 30.17 NOTE
r-devel-linux-x86_64-fedora-gcc 0.4-11 27.98 NOTE
r-devel-osx-x86_64-clang 0.4-11 32.94 NOTE
r-devel-osx-x86_64-gcc 0.4-11 NOTE
r-devel-windows-ix86+x86_64 0.4-11 3.00 22.00 25.00 NOTE
r-patched-linux-x86_64 0.4-11 0.76 13.91 14.66 NOTE
r-patched-solaris-sparc 0.4-11 167.70 NOTE
r-patched-solaris-x86 0.4-11 42.30 NOTE
r-release-linux-ix86 0.4-11 2.00 29.00 31.00 NOTE
r-release-linux-x86_64 0.4-11 0.96 13.84 14.80 NOTE
r-release-osx-x86_64-mavericks 0.4-11 NOTE
r-release-windows-ix86+x86_64 0.4-11 5.00 30.00 35.00 NOTE
r-oldrel-windows-ix86+x86_64 0.4-11 2.00 35.00 37.00 NOTE

Check Details

Version: 0.4-11
Check: dependencies in R code
Result: NOTE
    Package in Depends field not imported from: ‘methods’
     These packages need to be imported from (in the NAMESPACE file)
     for when this namespace is loaded but not attached.
    See the information on DESCRIPTION files in the chapter ‘Creating R
    packages’ of the ‘Writing R Extensions’ manual.
Flavors: r-devel-linux-x86_64-debian-clang, r-devel-linux-x86_64-debian-gcc, r-devel-linux-x86_64-fedora-clang, r-devel-linux-x86_64-fedora-gcc, r-devel-osx-x86_64-clang, r-devel-osx-x86_64-gcc, r-devel-windows-ix86+x86_64, r-patched-linux-x86_64, r-patched-solaris-sparc, r-patched-solaris-x86, r-release-linux-ix86, r-release-linux-x86_64, r-release-osx-x86_64-mavericks, r-release-windows-ix86+x86_64, r-oldrel-windows-ix86+x86_64