CRAN Package Check Results for Package pixmap

Last updated on 2016-02-14 08:47:39.

Flavor Version Tinstall Tcheck Ttotal Status Flags
r-devel-linux-x86_64-debian-gcc 0.4-11 0.67 12.14 12.81 NOTE
r-devel-linux-x86_64-fedora-clang 0.4-11 23.42 NOTE
r-devel-linux-x86_64-fedora-gcc 0.4-11 22.14 NOTE
r-devel-osx-x86_64-clang 0.4-11 27.05 NOTE
r-devel-windows-ix86+x86_64 0.4-11 5.00 32.00 37.00 NOTE
r-patched-linux-x86_64 0.4-11 0.74 13.13 13.87 NOTE
r-patched-solaris-sparc 0.4-11 149.40 NOTE
r-patched-solaris-x86 0.4-11 33.40 NOTE
r-release-linux-x86_64 0.4-11 0.77 12.75 13.52 NOTE
r-release-osx-x86_64-mavericks 0.4-11 NOTE
r-release-windows-ix86+x86_64 0.4-11 3.00 22.00 25.00 NOTE
r-oldrel-windows-ix86+x86_64 0.4-11 5.00 23.00 28.00 NOTE

Check Details

Version: 0.4-11
Check: dependencies in R code
Result: NOTE
    Package in Depends field not imported from: ‘methods’
     These packages need to be imported from (in the NAMESPACE file)
     for when this namespace is loaded but not attached.
Flavors: r-devel-linux-x86_64-debian-gcc, r-devel-linux-x86_64-fedora-clang, r-devel-linux-x86_64-fedora-gcc, r-devel-osx-x86_64-clang, r-devel-windows-ix86+x86_64, r-patched-linux-x86_64, r-patched-solaris-sparc, r-patched-solaris-x86, r-release-linux-x86_64, r-release-osx-x86_64-mavericks, r-release-windows-ix86+x86_64, r-oldrel-windows-ix86+x86_64

Version: 0.4-11
Check: R code for possible problems
Result: NOTE
    pixmap: no visible global function definition for ‘new’
    pixmap: no visible global function definition for ‘as’
    pixmapGrey: no visible global function definition for ‘new’
    pixmapIndexed: no visible global function definition for ‘new’
    pixmapIndexed: no visible global function definition for ‘as’
    pixmapIndexed: no visible global function definition for ‘heat.colors’
    pixmapIndexed: no visible global function definition for ‘is’
    pixmapRGB: no visible global function definition for ‘new’
    write.pnm: no visible global function definition for ‘is’
    write.pnm: no visible global function definition for ‘as’
    [,pixmap: no visible global function definition for ‘is’
    [,pixmap: no visible global function definition for ‘slot<-’
    [,pixmap: no visible global function definition for ‘slot’
    addChannels,pixmapRGB: no visible global function definition for ‘new’
    coerce,ANY-pixmapGrey: no visible global function definition for ‘as’
    coerce,ANY-pixmapIndexed: no visible global function definition for
     ‘as’
    coerce,pixmapGrey-pixmapIndexed: no visible global function definition
     for ‘new’
    coerce,pixmapGrey-pixmapIndexed: no visible global function definition
     for ‘as’
    coerce,pixmapGrey-pixmapIndexed: no visible global function definition
     for ‘grey’
    coerce,pixmapGrey-pixmapRGB: no visible global function definition for
     ‘new’
    coerce,pixmapGrey-pixmapRGB: no visible global function definition for
     ‘as’
    coerce,pixmapIndexed-pixmapRGB: no visible global function definition
     for ‘new’
    coerce,pixmapIndexed-pixmapRGB: no visible global function definition
     for ‘as’
    coerce,pixmapIndexed-pixmapRGB: no visible global function definition
     for ‘col2rgb’
    coerce,pixmapRGB-pixmapIndexed: no visible global function definition
     for ‘new’
    coerce,pixmapRGB-pixmapIndexed: no visible global function definition
     for ‘as’
    coerce,pixmapRGB-pixmapIndexed: no visible global function definition
     for ‘rgb’
    getChannels,pixmapChannels: no visible global function definition for
     ‘slot’
    plot,pixmap: no visible global function definition for ‘as’
    plot,pixmap: no visible global function definition for ‘image’
    show,pixmap: no visible global function definition for ‘is’
    show,pixmap: no visible global function definition for ‘as’
    Undefined global functions or variables:
     as col2rgb grey heat.colors image is new rgb slot slot<-
    Consider adding
     importFrom("grDevices", "col2rgb", "grey", "heat.colors", "rgb")
     importFrom("graphics", "image")
     importFrom("methods", "as", "is", "new", "slot", "slot<-")
    to your NAMESPACE file (and ensure that your DESCRIPTION Imports field
    contains 'methods').
Flavors: r-devel-linux-x86_64-debian-gcc, r-devel-linux-x86_64-fedora-clang, r-devel-linux-x86_64-fedora-gcc, r-devel-osx-x86_64-clang, r-devel-windows-ix86+x86_64