CRAN Package Check Results for Package pkgconfig

Last updated on 2023-10-04 02:58:23 CEST.

Flavor Version Tinstall Tcheck Ttotal Status Flags
r-devel-linux-x86_64-debian-clang 2.0.3 1.35 22.68 24.03 NOTE
r-devel-linux-x86_64-debian-gcc 2.0.3 1.17 17.99 19.16 NOTE
r-devel-linux-x86_64-fedora-clang 2.0.3 31.66 NOTE
r-devel-linux-x86_64-fedora-gcc 2.0.3 30.37 NOTE
r-devel-windows-x86_64 2.0.3 6.00 45.00 51.00 NOTE
r-patched-linux-x86_64 2.0.3 1.89 22.48 24.37 NOTE
r-release-linux-x86_64 2.0.3 1.34 22.43 23.77 NOTE
r-release-macos-arm64 2.0.3 17.00 NOTE
r-release-macos-x86_64 2.0.3 19.00 NOTE
r-release-windows-x86_64 2.0.3 7.00 42.00 49.00 NOTE
r-oldrel-macos-arm64 2.0.3 16.00 NOTE
r-oldrel-macos-x86_64 2.0.3 22.00 NOTE
r-oldrel-windows-x86_64 2.0.3 7.00 51.00 58.00 NOTE

Check Details

Version: 2.0.3
Check: LazyData
Result: NOTE
     'LazyData' is specified without a 'data' directory
Flavors: r-devel-linux-x86_64-debian-clang, r-devel-linux-x86_64-debian-gcc, r-devel-linux-x86_64-fedora-clang, r-devel-linux-x86_64-fedora-gcc, r-devel-windows-x86_64, r-patched-linux-x86_64, r-release-linux-x86_64, r-release-macos-arm64, r-release-macos-x86_64, r-release-windows-x86_64, r-oldrel-macos-arm64, r-oldrel-macos-x86_64, r-oldrel-windows-x86_64